NOAA-Style Climate Reports


Report for 2020 August
                   Monthly Climatological Summary for Aug 2020

Name: Old Pump Road Wx   City: Jericho   State: Vermont
Elevation: 646 ft  Lat: N 44° 30' 34"   Lon: W 072° 59' 42"

                  Temperature (°F), Rain (in), Wind Speed (mph)

                                      Heat  Cool        Avg
    Mean                              Deg   Deg         Wind                 Dom
Day Temp  High   Time   Low    Time   Days  Days  Rain  Speed High   Time    Dir
----------------------------------------------------------------------------------
 1  70.7  88.3   6:12p  56.2   5:45a   2.3   7.9  0.00   0.5   8.0  12:56p   WNW
 2  71.4  80.5   2:28p  61.2   5:40a   0.8   7.2  0.00   0.7  15.0  11:41p   SSE
 3  70.6  78.4   7:02p  60.5  11:58p   0.3   5.9  0.00   1.3  14.0  10:15a   WNW
 4  64.6  69.4   2:37p  59.0   1:46a   1.7   1.3  0.00   1.0  19.0  10:17p   NNW
 5  67.7  77.4   3:33p  53.4  11:59p   1.1   3.8 11.39   0.9  18.0   5:17p   WNW
 6  62.5  77.4   6:38p  49.7   5:30a   5.6   3.1  0.00   0.8  12.0   1:19p   WNW
 7  65.8  83.7   6:46p  50.4   5:51a   4.6   5.4  0.00   0.3   9.0   3:06p     W
 8  69.1  83.6   4:46p  54.7   6:20a   2.9   7.0  0.00   0.4   8.0  12:32p   WNW
 9  70.2  83.6   4:24p  60.0   5:03a   1.0   6.2  0.00   0.5  11.0   6:09p   WNW
10  72.8  88.4   5:10p  64.7   4:02a   0.0   7.8  0.00   0.3  12.0   7:56p     W
11  75.6  89.1   3:09p  63.5   5:38a   0.2  10.7  0.00   0.9  16.0   8:19p   SSE
12  72.4  83.5   5:09p  60.3  11:58p   0.3   7.7  0.00   0.6   9.0   2:45p   WNW
13  69.0  83.1   4:11p  56.7   5:52a   2.4   6.5  0.00   0.5   8.0   4:13p    NW
14  67.4  80.2   1:12p  56.4  11:56p   3.0   5.4  0.00   1.0  13.0   3:56p    NW
15  67.5  83.1   3:54p  51.1   5:58a   4.0   6.5  0.00   0.5   9.0   7:02p   WNW
16  67.9  80.6   2:31p  55.0   6:27a   2.4   5.3  0.00   0.5  11.0  11:15a   SSE
17  65.4  75.7  12:55p  54.7   4:46a   3.1   3.5  0.00   0.5  11.0  12:24p    SW
18  64.5  74.3  12:57p  53.9  11:59p   2.9   2.4  0.00   0.8  13.0   5:48p    NW
19  59.3  70.0   3:06p  50.5  11:58p   6.6   0.9  0.00   0.9  15.0   3:14p   WNW
20  59.6  73.6   3:47p  44.8   6:10a   7.1   1.7  0.00   0.4   9.0  11:32a     W
21  65.6  73.7   2:02p  58.7   5:49a   1.9   2.5  0.00   0.3   7.0   3:46p   WNW
22  65.7  76.8   3:19p  56.2  11:59p   2.9   3.6  0.00   0.7  11.0   2:36p    NW
23  66.6  83.4   4:16p  53.5   4:20a   3.8   5.4  0.00   0.2   5.0   3:29p     W
24  70.2  81.5   1:06p  62.9   6:47a   0.1   5.4  0.00   0.3  13.0   2:30a    SW
25  67.9  76.8   1:58p  59.8  11:56p   0.9   3.8  0.00   2.5  19.0   5:03p    NW
26  56.3  64.7   4:13p  45.3  11:57p   8.7   0.0  0.00   2.8  14.0  12:41a   WNW
27  53.8  64.1   1:25p  41.8   4:27a  11.2   0.0  0.00   0.2   5.0   3:11p     W
28  61.4  72.7   3:05p  53.3  11:27p   5.3   1.6  0.00   0.8  11.0   1:18p    NW
29  63.7  75.3   5:08p  53.3  12:00a   3.6   2.3  0.00   0.9  17.0  10:46p     S
30  59.7  65.4   4:06p  54.2  11:17p   5.3   0.0  0.00   2.9  20.0   2:47a   WNW
31  58.6  74.4   6:07p  46.4   6:35a   7.8   1.4  0.00   0.4   8.0   1:02p     W
----------------------------------------------------------------------------------
    65.9  89.1    11    41.8    27   103.8 132.2 11.39   0.8  20.0    30     WNW

Max >=  80.0: 14
Max <=  32.0:  0
Min <=  32.0:  0
Min <=   0.0:  0
Max Rain: 11.39 on day 5
Days of Rain: 1 (>= 0.01 in)  1 (>= 0.10 in)  1 (>= 1.00 in)
Heat Base: 65.0  Cool Base: 65.0  Method: Integration