NOAA-Style Climate Reports


Report for 2020 July
                   Monthly Climatological Summary for Jul 2020

Name: Old Pump Road Wx   City: Jericho   State: Vermont
Elevation: 646 ft  Lat: N 44° 30' 34"   Lon: W 072° 59' 42"

                  Temperature (°F), Rain (in), Wind Speed (mph)

                                      Heat  Cool        Avg
    Mean                              Deg   Deg         Wind                 Dom
Day Temp  High   Time   Low    Time   Days  Days  Rain  Speed High   Time    Dir
----------------------------------------------------------------------------------
 1  68.0  81.0   6:18p  60.7   1:18a   1.0   4.1  0.00   0.5   9.0  11:46a   WNW
 2  73.5  87.7   2:32p  60.3   5:06a   0.8   9.3  1.39   0.5  10.0   4:00p     W
 3  73.0  82.4   6:02p  60.8  11:59p   0.3   8.2  0.00   1.2  15.0   3:10p    NW
 4  70.0  83.2   5:55p  57.2   5:36a   2.2   7.2  0.00   0.9  12.0  12:50p    NW
 5  69.2  82.8   2:59p  54.7   6:07a   2.2   6.4  0.00   0.6   9.0   7:58p    NW
 6  68.0  82.9   3:46p  52.3   5:57a   3.5   6.5  0.00   0.6  10.0   2:22p   WNW
 7  71.9  86.9   4:21p  52.8   3:39a   3.2  10.1  0.00   0.9  10.0   4:51p     S
 8  74.1  88.3   2:52p  64.6  11:55p   0.0   9.1  0.00   0.9  26.0   5:04p   SSE
 9  76.5  93.6   5:20p  62.3   5:13a   0.5  12.0 21.81   0.4   7.0   1:37p     S
10  79.2  91.7   3:07p  65.6   5:31a   0.0  14.2  0.00   0.8  13.0   9:37p   SSE
11  76.4  86.7   5:50p  71.9   4:26a   0.0  11.4  0.00   0.8  16.0   5:20a   SSE
12  72.2  79.5   5:20p  64.2  11:48p   0.0   7.3  0.00   0.8  13.0   3:36p   WNW
13  69.2  78.1   4:28p  60.4   5:47a   0.9   5.1 12.43   0.9  12.0  12:53p    NW
14  66.9  77.0   5:56p  61.3  11:39p   0.8   2.7  0.00   0.7  10.0   1:37p   NNW
15  67.6  84.0   5:57p  58.4   4:27a   2.3   4.8  0.00   0.4   7.0   1:43p     W
16  71.1  79.0   1:11p  63.3   2:25a   0.2   6.3  0.00   0.8  12.0  11:44a   SSE
17  69.1  84.3   6:56p  61.7   6:21a   0.6   4.7  0.00   0.9  15.0   9:32a    SE
18  73.9  89.0   3:43p  60.4   5:55a   0.8   9.7  0.41   0.6  10.0   5:15p    SW
19  76.4  91.4   3:10p  62.8   5:11a   0.3  11.7  6.96   0.8  17.0   2:11p   SSE
20  77.1  86.5   3:44p  69.8   4:42a   0.0  12.1  1.97   1.6  15.0  12:57p   WNW
21  69.2  77.4   4:00p  57.6  11:59p   1.0   5.1  0.00   1.1  11.0   3:11p    NW
22  68.6  79.6   6:53p  56.5   1:29a   2.4   6.0  0.00   0.2   8.0  11:10a   SSW
23  70.7  79.8   1:03p  62.9  11:54p   0.2   5.9  0.00   0.9  13.0   4:34p    NW
24  69.4  83.0   3:27p  57.8   5:36a   1.9   6.3  0.00   0.8  11.0  11:55a    NW
25  70.3  86.1   6:32p  54.5   5:40a   2.7   8.1  0.00   0.4   9.0   3:53p     W
26  73.4  87.3   4:13p  60.0   3:59a   1.4   9.7  0.00   0.5  12.0   1:54p   WNW
27  77.4  88.8   1:23p  71.0   5:14a   0.0  12.4  5.01   0.3  10.0   1:18p    SW
28  75.6  85.1   3:27p  62.1  11:57p   0.1  10.7  0.00   1.2  12.0  11:37a   WNW
29  70.2  83.0  11:50a  58.8   4:11a   1.6   6.7  0.00   0.5  12.0  10:17a     S
30  69.2  80.7   3:43p  60.7   5:54a   1.0   5.2  0.00   0.9  14.0   4:21p   WNW
31  68.3  80.5   3:21p  55.7   5:39a   2.5   5.8  0.00   0.8  12.0  12:29p    NW
----------------------------------------------------------------------------------
    71.8  93.6     9    52.3     6    34.4 244.8 49.98   0.8  26.0     8       W

Max >=  80.0: 24
Max <=  32.0:  0
Min <=  32.0:  0
Min <=   0.0:  0
Max Rain: 21.81 on day 9
Days of Rain: 7 (>= 0.01 in)  7 (>= 0.10 in)  6 (>= 1.00 in)
Heat Base: 65.0  Cool Base: 65.0  Method: Integration