NOAA-Style Climate Reports


Report for 2020 June
                   Monthly Climatological Summary for Jun 2020

Name: Old Pump Road Wx   City: Jericho   State: Vermont
Elevation: 646 ft  Lat: N 44° 30' 34"   Lon: W 072° 59' 42"

                  Temperature (°F), Rain (in), Wind Speed (mph)

                                      Heat  Cool        Avg
    Mean                              Deg   Deg         Wind                 Dom
Day Temp  High   Time   Low    Time   Days  Days  Rain  Speed High   Time    Dir
----------------------------------------------------------------------------------
 1  45.0  57.6   1:25p  31.4   5:21a  20.0   0.0 14.78   0.9  15.0   2:57p   WNW
 2  50.3  66.7   4:54p  33.9   4:01a  14.7   0.1 23.78   0.3   7.0   5:27p   SSW
 3  55.8  59.2   6:23p  52.6   4:08a   9.2   0.0  0.00   0.1   4.0   4:09p   WNW
 4  63.7  81.1   4:55p  48.6   4:26a   5.2   4.0  1.58   0.5   8.0  11:52a   WNW
 5  71.3  85.3   3:41p  55.7   5:36a   2.3   8.6 43.48   0.8  13.0   2:26p   WNW
 6  65.5  78.0   3:49p  53.4  11:58p   2.8   3.3 19.49   1.8  32.0   5:23p    NW
 7  56.8  67.1   4:56p  46.4   5:24a   8.3   0.1  0.00   1.7  16.0  10:13a    NW
 8  56.2  69.7   5:55p  41.2   5:13a   9.4   0.7  0.00   1.6  17.0   1:19p    NW
 9  58.1  71.3   6:17p  52.4   4:43a   7.4   0.5  0.00   0.1   5.0   3:19p   WNW
10  65.1  76.8   5:18p  49.4   3:29a   4.1   4.3  0.00   1.6  17.0   5:31p   SSE
11  71.0  80.9  12:07p  54.4  11:58p   0.5   6.4  4.16   2.5  21.0   1:25p     W
12  61.9  74.9   1:30p  48.0   5:33a   5.8   2.7  2.24   2.5  22.0   4:15p   WNW
13  49.1  53.8  12:00a  43.3   7:09a  15.9   0.0  0.00   1.3  12.0   2:27a    NW
14  54.7  68.3   7:07p  46.0   3:31a  10.4   0.1  0.00   0.2   4.0   8:38a    SW
15  58.2  72.6   5:46p  41.1   5:30a   8.6   1.8  0.00   0.9  10.0   4:16p   WNW
16  62.9  84.4   7:10p  41.6   5:36a   7.4   5.4  0.00   0.5  10.0   1:16p   WSW
17  68.1  89.5   6:47p  48.0   5:10a   4.9   8.0 91.45   0.4   6.0   1:53p   WSW
18  71.6  90.4   4:48p  52.0   4:56a   3.3   9.9 14.25   0.5   9.0  12:22p   WSW
19  74.6  91.0   5:50p  59.3   4:25a   1.3  10.9 52.72   0.5   8.0   1:52p    SW
20  75.7  91.8   5:39p  60.2   4:47a   0.9  11.5 56.38   0.5  10.0   5:58p     W
21  76.9  93.2   5:38p  61.2   5:31a   0.5  12.5 11.73   0.5  10.0   2:28p    SW
22  76.8  94.1   4:21p  61.6   5:32a   0.5  12.3  6.39   0.6  12.0   8:56p    SW
23  79.3  92.7   4:17p  65.9   5:28a   0.0  14.3 16.97   1.0  16.0   2:55p   SSE
24  72.6  79.3   2:13p  61.5  11:57p   0.1   7.7 58.70   1.4  15.0   6:44a     W
25  65.9  80.2   5:52p  48.2   5:31a   4.3   5.1 83.00   1.3  13.0   8:59a   WSW
26  67.3  81.1   3:36p  53.4   4:58a   3.1   5.5  6.36   1.0  14.0  10:52a   WNW
27  66.4  79.6   4:21p  54.6   3:18a   3.2   4.6  0.26   0.5  16.0   2:23p   SSE
28  68.6  80.6   1:13p  59.5   1:05a   1.5   5.1  4.58   0.4   9.0  12:58p   WSW
29  64.9  69.4  12:47p  60.1   4:08a   1.1   1.0  0.00   0.8   9.0   2:24p   NNW
30  67.2  75.7  12:26p  62.2  11:59p   0.8   3.0  0.00   0.9  14.0   1:17p    NW
----------------------------------------------------------------------------------
    64.7  94.1    22    31.4     1   157.5 149.4512.30   0.9  32.0     6       W

Max >=  80.0: 14
Max <=  32.0:  0
Min <=  32.0:  1
Min <=   0.0:  0
Max Rain: 91.45 on day 17
Days of Rain: 19 (>= 0.01 in)  19 (>= 0.10 in)  18 (>= 1.00 in)
Heat Base: 65.0  Cool Base: 65.0  Method: Integration