NOAA-Style Climate Reports


Report for 2020 May
                   Monthly Climatological Summary for May 2020

Name: Old Pump Road Wx   City: Jericho   State: Vermont
Elevation: 646 ft  Lat: N 44° 30' 34"   Lon: W 072° 59' 42"

                  Temperature (°F), Rain (in), Wind Speed (mph)

                                      Heat  Cool        Avg
    Mean                              Deg   Deg         Wind                 Dom
Day Temp  High   Time   Low    Time   Days  Days  Rain  Speed High   Time    Dir
----------------------------------------------------------------------------------
 1  54.2  64.6   2:52p  44.2  11:39p  10.8   0.0  3.56   3.1  28.0   1:44a   WSW
 2  50.0  65.5   5:56p  32.1   5:51a  15.0   0.0 20.60   1.4  16.0   1:19p    NW
 3  60.1  72.0   1:01p  45.5   1:44a   6.8   1.9  5.79   1.8  18.0   1:27p     W
 4  45.8  57.3  12:00a  41.3   3:29p  19.2   0.0  0.25   2.0  16.0  12:21p   WNW
 5  40.2  49.8   4:21p  33.4   4:55a  24.6   0.0  6.93   2.6  17.0   2:30p    NW
 6  43.7  55.0   2:06p  28.6   6:23a  21.3   0.0  1.72   0.8  12.0   2:27p    NW
 7  45.4  61.9   5:32p  27.3   6:21a  19.5   0.0  2.53   1.6  23.0   6:21p   WNW
 8  38.8  49.4   1:47p  30.3   4:33a  25.9   0.0  0.01   2.3  21.0  10:50a   WNW
 9  31.8  36.9   4:08p  28.5   8:19a  33.2   0.0  0.08   2.6  22.0   4:47p   WNW
10  39.4  51.0   6:06p  30.4   1:06a  25.6   0.0  4.41   1.8  16.0   5:44p   WNW
11  38.4  52.8  11:10a  30.5   1:00a  26.6   0.0  0.00   0.5  13.0   1:56p    NW
12  36.7  46.5   3:33p  30.9   4:24a  28.3   0.0  0.85   1.8  18.0   3:42p   WNW
13  41.0  54.8   5:58p  25.5   5:36a  24.0   0.0 39.20   2.4  19.0   2:27p   WNW
14  49.1  68.1   5:12p  27.5   5:47a  16.0   0.1 74.44   0.6  10.0   2:08p    SW
15  56.9  68.7   1:22p  49.8   3:06a   8.5   0.4 26.64   1.0  26.0   6:20p   WNW
16  52.7  58.9   4:40p  47.1  11:59p  12.2   0.0 17.41   1.7  15.0   5:43a    NW
17  55.6  66.7   3:12p  43.2   6:05a   9.5   0.1 54.09   0.7  10.0   3:40p   WNW
18  56.7  68.1   4:07p  47.7  11:59p   8.7   0.4102.82   1.5  15.0   2:10p    NW
19  56.2  70.5   1:07p  38.4   6:03a   9.9   1.1 26.98   1.0  12.0   2:21p   WNW
20  58.1  75.4   7:17p  37.9   5:04a   9.6   2.7  7.51   0.8   9.0  12:31p   WNW
21  61.6  80.4   5:32p  41.3   5:49a   7.9   4.5 33.39   0.7   9.0   1:56p   SSW
22  64.4  84.3   3:29p  42.2   5:52a   7.1   6.5 48.56   0.7   9.0  12:12p   WNW
23  65.0  79.2   3:14p  48.3   5:50a   4.9   4.9 37.97   1.5  14.0   3:28p    NW
24  64.7  79.2   6:13p  47.6   6:23a   4.4   4.2137.43   0.7  10.0   6:25p   SSE
25  65.4  78.9   5:41p  53.2   1:49a   3.0   3.5 61.37   0.9  13.0  12:01p   SSE
26  73.7  92.2   5:54p  56.7   5:59a   1.6  10.3 14.68   0.5   7.0  10:39a   SSW
27  78.0  93.4   4:18p  60.4   5:47a   0.7  13.7 14.47   0.7  10.0   2:19p   SSW
28  75.6  83.7   4:10p  66.2   6:06a   0.0  10.6  0.06   1.4  15.0   3:40p   SSE
29  74.3  86.3   3:09p  65.4  11:59p   0.0   9.3 60.10   1.8  20.0   4:17p   SSE
30  62.3  71.8   4:58p  52.6  11:59p   3.6   0.8  1.03   1.4  14.0   4:20a   WNW
31  45.9  52.6  12:00a  37.3  10:25p  19.2   0.0 10.97   3.1  15.0   1:02a   WNW
----------------------------------------------------------------------------------
    54.2  93.4    27    25.5    13   407.6  75.0815.85   1.5  28.0     1     WNW

Max >=  80.0:  6
Max <=  32.0:  0
Min <=  32.0:  9
Min <=   0.0:  0
Max Rain: 137.43 on day 24
Days of Rain: 30 (>= 0.01 in)  27 (>= 0.10 in)  25 (>= 1.00 in)
Heat Base: 65.0  Cool Base: 65.0  Method: Integration