NOAA-Style Climate Reports


Report for 2020 April
                   Monthly Climatological Summary for Apr 2020

Name: Old Pump Road Wx   City: Jericho   State: Vermont
Elevation: 646 ft  Lat: N 44° 30' 34"   Lon: W 072° 59' 42"

                  Temperature (°F), Rain (in), Wind Speed (mph)

                                      Heat  Cool        Avg
    Mean                              Deg   Deg         Wind                 Dom
Day Temp  High   Time   Low    Time   Days  Days  Rain  Speed High   Time    Dir
----------------------------------------------------------------------------------
 1  33.6  44.7   2:09p  20.0   5:51a  31.4   0.0  0.00   1.7  16.0   3:11p    NW
 2  34.9  37.3  12:31p  31.2   5:43a  30.1   0.0  0.59   2.2  14.0  11:55a    NW
 3  30.8  52.5   3:30p -90.0   5:18a  34.2   0.0  0.13   1.3  13.0   8:10a   NNW
 4  43.0  53.6   4:07p  34.3   7:27a  22.0   0.0  0.04   0.5  11.0   5:39p    NW
 5  43.7  54.3  11:17a  31.8   1:35a  21.3   0.0  0.04   0.7   9.0   5:48p   WNW
 6  42.3  53.8   3:44p  28.4   5:11a  22.7   0.0  0.00   1.5  17.0   5:00p   WNW
 7  42.1  55.5   3:01p  25.9   6:03a  22.9   0.0  0.00   1.2  15.0   1:23p    SE
 8  48.2 164.0   5:53a  27.0   5:53a  22.5   5.7  0.00   0.8  10.0   1:16p   WNW
 9  38.7  48.0  10:03a  32.8   6:12a  26.3   0.0  0.52   0.8  20.0   5:46p    SW
10  34.3  36.1   6:19p  31.0   8:16p  30.7   0.0  0.21   2.3  18.0  11:19a   WNW
11  35.4  43.1   6:10p  28.5  11:56p  29.6   0.0  0.00   2.9  17.0  12:39p   WNW
12  42.1  55.4   2:28p  22.9   6:06a  22.9   0.0  0.00   1.1  13.0  11:12a   SSE
13  54.1  61.5   5:19p  45.7  11:58p  10.9   0.0  0.38   2.2  25.0  11:02p   SSE
14  41.4  46.3   3:57p  35.5  11:58p  23.6   0.0  0.00   3.1  22.0   4:17a   WNW
15  29.9  42.4   3:15p -90.0   6:26a  34.8   0.0  0.00   1.9  18.0   4:29a   WNW
16  31.9  40.5   2:03p  21.3   6:25a  33.1   0.0  0.00   1.8  20.0   2:39p   WNW
17  27.3  41.9   4:52p -90.0   6:25a  37.7   0.0  0.00   1.4  14.0   9:56a   WNW
18  29.8  48.7   5:06p -90.0   6:18a  35.2   0.0  0.00   0.6  10.0   3:54p    NW
19  41.8  58.1   1:23p  23.2   6:24a  23.2   0.0  0.00   1.7  18.0  12:20p    SW
20  35.9  45.2   5:48p  25.3  11:51p  29.2   0.0  0.01   2.5  16.0   3:34a    NW
21  35.9  51.7  10:11a  22.2   4:12a  29.1   0.0  0.07   1.7  22.0   6:16p   WSW
22  29.3  35.7   7:14p  21.5   6:29a  35.7   0.0  0.00   3.9  27.0   3:56p   WNW
23  34.6  48.5   5:33p  24.0   6:36a  30.4   0.0  0.00   1.7  15.0   2:40p   WNW
24  40.6  55.5   3:06p  23.2   5:39a  24.3   0.0  0.00   1.4  18.0   4:18p   WNW
25  47.5  60.1   5:16p  32.8   6:42a  17.5   0.0  0.00   1.1  13.0  12:34p    NW
26  44.0  57.1   2:00p  32.2   6:04a  21.0   0.0  0.27   0.7  12.0  11:27p   NNE
27  38.8  42.6   5:07p  36.4  11:59p  26.2   0.0  0.46   1.5  13.0   1:05a     N
28  42.1  55.0   4:50p  30.0   6:19a  22.9   0.0  0.00   1.2  12.0  12:27p    NW
29  48.4  65.5   2:11p  27.3   5:13a  16.6   0.0 10.53   1.9  21.0   6:42p    SE
30  47.9  50.8  12:16a  43.9   9:53a  17.1   0.0  0.06   4.4  29.0   8:26p    SE
----------------------------------------------------------------------------------
    39.0 164.0     8   -90.0     3   785.1   5.7 13.31   1.7  29.0    30     WNW

Max >=  80.0:  1
Max <=  32.0:  0
Min <=  32.0: 22
Min <=   0.0:  4
Max Rain: 10.53 on day 29
Days of Rain: 13 (>= 0.01 in)  8 (>= 0.10 in)  1 (>= 1.00 in)
Heat Base: 65.0  Cool Base: 65.0  Method: Integration