NOAA-Style Climate Reports


Report for 2019 June
                   Monthly Climatological Summary for Jun 2019

Name: Old Pump Road Wx   City: Jericho   State: Vermont
Elevation: 646 ft  Lat: N 44° 30' 34"   Lon: W 072° 59' 42"

                  Temperature (°F), Rain (in), Wind Speed (mph)

                                      Heat  Cool        Avg
    Mean                              Deg   Deg         Wind                 Dom
Day Temp  High   Time   Low    Time   Days  Days  Rain  Speed High   Time    Dir
----------------------------------------------------------------------------------
 1  55.7  72.1   3:24p  39.8   3:00a  10.3   1.1  0.00   0.2   7.0   4:57p   NNW
 2  61.5  69.5  11:10a  52.2  11:58p   4.0   0.4  0.00   0.4  11.0   3:43p     S
 3  49.0  61.4  12:41p  41.7   6:15a  16.0   0.0  0.00   1.3  24.0   1:43p   WNW
 4  51.1  65.8   3:53p  37.3   5:46a  13.9   0.0  0.00   1.0  19.0   5:23p   WNW
 5  57.3  71.0   5:10p  48.4   2:06a   8.3   0.6  0.00   0.1   5.0   2:03p   SSE
 6  62.1  72.3   6:03p  48.5  11:57p   4.7   1.8  0.00   1.2  15.0   3:53p    NW
 7  62.1  78.8   1:31p  41.9   5:43a   7.8   4.9  3.74   0.9  12.0   4:15p   WNW
 8  59.3  74.5   4:52p  42.4   5:50a   8.2   2.5  1.68   0.9  13.0   1:41p    NW
 9  64.5  85.5   5:39p  41.1   5:17a   7.5   7.0 13.16   0.5  11.0   1:40p   SSW
10  69.8  85.3   2:38p  52.2   5:22a   3.3   8.1 55.79   0.7  16.0   8:32p   SSE
11  60.8  65.6   4:19p  46.4  11:58p   4.2   0.0  0.00   2.0  19.0   4:49p   WNW
12  60.5  79.2   6:23p  42.0   4:45a   8.1   3.6  6.64   0.4  12.0   1:44p     S
13  56.8  60.7   9:02a  51.0  10:35p   8.2   0.0  0.03   0.6  25.0   3:39p   SSE
14  57.6  67.3   9:57a  49.3   1:35a   7.5   0.1  6.06   0.8  16.0   9:00a   SSW
15  60.9  78.4   3:29p  47.8   3:39a   6.3   2.1  8.90   0.8  16.0   1:51p   SSE
16  62.2  71.9   2:40p  50.1  11:58p   4.3   1.5 66.83   0.4   8.0   3:29p   NNW
17  59.7  74.1   6:00p  44.8   5:18a   7.5   2.2 38.09   0.7  10.0  11:42a    NW
18  65.7  82.7   6:10p  49.5   2:28a   5.0   5.7 91.52   0.2   7.0  12:21p   SSW
19  68.6  83.6   1:40p  54.9   3:06a   2.8   6.3 23.93   0.3   9.0   3:38p   SSE
20  64.5  68.8   9:17a  59.8   4:24a   1.6   1.2 67.41   0.7   9.0   7:20p    NW
21  63.0  72.8   6:02p  55.9  11:59p   3.5   1.5 70.04   1.8  19.0   3:30p    NW
22  62.8  74.9   4:27p  48.7   5:38a   5.1   3.0 50.23   1.9  23.0   3:08p    NW
23  64.9  80.1   5:03p  47.4   5:22a   5.6   5.5 54.54   1.4  19.0   5:32p    NW
24  65.0  79.8   4:02p  48.8   5:58a   5.1   5.1 21.01   0.4  10.0   1:12p    NW
25  65.9  82.7   5:44p  52.1   3:06a   2.9   3.9 82.42   0.1   8.0   4:00p   SSE
26  69.3  86.3   4:02p  56.8   5:41a   2.2   6.5 15.44   0.3  18.0   5:32p   WNW
27  71.0  85.6   4:29p  57.0   5:12a   2.2   8.3 74.11   0.5  10.0   1:36p   WNW
28  73.4  87.4   4:49p  56.8   6:00a   1.3   9.7 22.83   0.4  10.0  12:56p    NW
29  69.2  82.8   5:00p  60.4  11:59p   1.0   5.2  2.60   0.2  11.0   7:34p   NNW
30  62.0  71.6   6:12p  56.2   4:39a   3.6   0.6 73.38   0.7  15.0   2:39p    NW
----------------------------------------------------------------------------------
    62.5  87.4    28    37.3     4   172.0  98.4850.38   0.7  25.0    13     WNW

Max >=  80.0: 10
Max <=  32.0:  0
Min <=  32.0:  0
Min <=   0.0:  0
Max Rain: 91.52 on day 18
Days of Rain: 23 (>= 0.01 in)  22 (>= 0.10 in)  22 (>= 1.00 in)
Heat Base: 65.0  Cool Base: 65.0  Method: Integration