NOAA-Style Climate Reports


Report for 2019 May
                   Monthly Climatological Summary for May 2019

Name: Old Pump Road Wx   City: Jericho   State: Vermont
Elevation: 646 ft  Lat: N 44° 30' 34"   Lon: W 072° 59' 42"

                  Temperature (°F), Rain (in), Wind Speed (mph)

                                      Heat  Cool        Avg
    Mean                              Deg   Deg         Wind                 Dom
Day Temp  High   Time   Low    Time   Days  Days  Rain  Speed High   Time    Dir
----------------------------------------------------------------------------------
 1  40.3  46.3   9:24p  33.3  12:19a  24.7   0.0  0.00   0.5  10.0   7:53p     S
 2  43.2  45.2   2:11p  41.4   8:49a  21.8   0.0  0.20   0.3   6.0  12:46p   WNW
 3  47.7  52.1   6:54p  43.4   4:59a  17.2   0.0  1.89   0.0   2.0  11:56a   WNW
 4  49.8  58.0   5:35p  43.6  11:54p  15.2   0.0  0.03   0.8   8.0   1:20p    NW
 5  53.0  69.4   3:48p  36.7   6:03a  12.5   0.6  0.25   0.5   6.0  10:54a    SW
 6  59.0  76.1   6:12p  40.1   6:00a   8.5   2.5  0.00   0.6   8.0   2:03p     S
 7  54.4  61.3  12:00a  46.1   9:43p  10.6   0.0  0.00   0.5  10.0  10:17a   WNW
 8  42.5  52.0   6:00p  33.1  11:58p  22.5   0.0  0.00   1.8  15.0   2:57p    NW
 9  49.1  66.0   2:32p  27.9   4:21a  15.9   0.0  0.00   1.0  15.0   6:59p   SSE
10  52.5  62.9   5:14p  46.0   5:41a  12.5   0.0  0.00   1.4  21.0   9:59p    SW
11  47.2  52.9   5:09p  36.5  11:56p  17.8   0.0  0.00   2.9  18.0  11:39a    NW
12  46.6  57.2   2:18p  35.1  12:54a  18.4   0.0  0.00   0.5   8.0   4:03p   WNW
13  49.8  59.7  12:32p  40.1  11:59p  15.2   0.0  0.00   0.9  13.0   2:35p    SE
14  41.9  46.4   4:47p  37.3   5:33a  23.1   0.0  0.00   0.4   8.0   2:49p    NW
15  47.3  57.3   5:34p  40.2   2:42a  17.7   0.0  0.00   1.2  13.0  12:16p    NW
16  49.9  63.1   6:06p  39.6   5:49a  15.1   0.0  0.00   0.9  13.0   2:56p    NW
17  54.7  73.4   3:40p  43.6   2:36a  11.0   0.8  0.00   1.8  22.0   5:11p   WNW
18  52.5  62.0   3:16p  46.8   6:07a  12.5   0.0  0.00   1.6  11.0   8:40a    NW
19  61.4  80.1   4:04p  49.2   3:37a   5.9   2.3  0.00   0.6  13.0   5:32p   WNW
20  66.2  75.9   1:10p  54.2  11:57p   1.3   2.5  0.00   2.0  27.0   7:19p     W
21  50.9  58.4   6:17p  44.8   8:13a  14.1   0.0  0.00   3.5  23.0   4:44p   WNW
22  53.0  65.0   5:55p  41.7   5:12a  12.0   0.0  0.00   1.5  14.0  12:12p    NW
23  60.2  72.6  12:21p  47.1   6:23a   6.3   1.5  0.00   0.7  12.0   8:36p     S
24  54.5  59.3   7:26p  45.5  11:57p  10.5   0.0  0.00   2.0  16.0   5:21a    NW
25  55.8  69.2  12:41p  39.1   5:25a   9.9   0.6  0.00   0.8  13.0   5:52p     S
26  65.2  74.9  11:44a  54.7  11:32p   3.2   3.4  0.00   1.7  21.0   4:10p   WNW
27  55.6  63.2  12:32p  41.7  11:57p   9.4   0.0  0.00   1.3  12.0   5:18p   NNW
28  45.4  50.2  11:19a  39.1   2:16a  19.6   0.0  0.00   0.2  11.0   8:43p   SSE
29  52.0  64.1   6:10p  43.8   4:19a  13.0   0.0  0.00   0.5   9.0  11:57a     W
30  60.2  73.9   3:51p  42.7   4:40a   7.0   2.2  0.00   0.9  11.0   1:27p   SSE
31  56.2  64.1   3:07p  44.4  11:58p   8.8   0.0  0.00   1.2  13.0   2:55a    NW
----------------------------------------------------------------------------------
    52.2  80.1    19    27.9     9   413.2  16.4  2.37   1.1  27.0    20     WNW

Max >=  80.0:  1
Max <=  32.0:  0
Min <=  32.0:  1
Min <=   0.0:  0
Max Rain: 1.89 on day 3
Days of Rain: 4 (>= 0.01 in)  3 (>= 0.10 in)  1 (>= 1.00 in)
Heat Base: 65.0  Cool Base: 65.0  Method: Integration