NOAA-Style Climate Reports


Report for 2019 March
                   Monthly Climatological Summary for Mar 2019

Name: Old Pump Road Wx   City: Jericho   State: Vermont
Elevation: 646 ft  Lat: N 44° 30' 34"   Lon: W 072° 59' 42"

                  Temperature (°F), Rain (in), Wind Speed (mph)

                                      Heat  Cool        Avg
    Mean                              Deg   Deg         Wind                 Dom
Day Temp  High   Time   Low    Time   Days  Days  Rain  Speed High   Time    Dir
----------------------------------------------------------------------------------
 1  16.2  33.7   4:11p  -1.4   4:36a  48.8   0.0  0.01   0.3   8.0  11:46a   SSW
 2  25.6  38.9  12:01p  15.0   2:45a  39.4   0.0  0.01   0.5  10.0   1:26p     W
 3  27.1  34.6   2:08p  17.4   7:15a  37.9   0.0  0.00   0.4   8.0   8:03p   WSW
 4  23.0  27.5  12:22p  14.2  10:22p  42.0   0.0  0.00   1.3  16.0   4:21p    NW
 5  14.1  23.6   3:17p   0.7   5:48a  50.8   0.0  0.00   0.7  11.0  12:08a   WSW
 6   9.7  17.9   2:56p   0.6  11:56p  55.3   0.0  0.00   1.3  15.0  10:43a   WNW
 7   7.1  17.1   1:21p  -1.9  11:43p  57.9   0.0  0.00   0.5   9.0   9:35a   WNW
 8  16.0  31.9   3:30p  -5.4   4:45a  49.0   0.0  0.00   0.7  10.0   1:48p     S
 9  20.8  33.5   2:02p   6.6   4:58a  44.2   0.0  0.01   0.7  12.0   1:17p    NW
10  31.2  35.4   7:26p  14.1  12:00a  32.4   0.0  0.00   4.0  34.0   1:41p    SE
11  35.3  38.0   4:21p  28.2  11:58p  29.7   0.0  0.07   2.5  22.0  11:10p     W
12  26.0  31.5   2:29p  16.5  11:49p  39.0   0.0  0.00   2.8  20.0   1:10a    NW
13  26.2  38.0   4:46p  12.0   4:07a  38.8   0.0  0.00   0.4   9.0   5:18p     S
14  41.6  55.5   4:18p  30.2   4:44a  23.4   0.0  0.32   0.9  15.0   8:51p   SSE
15  48.9  58.4   1:06p  37.9  11:18p  16.1   0.0  0.13   1.7  24.0  12:21p   SSW
16  33.7  40.9   2:11a  24.7  11:47p  31.2   0.0  0.00   2.8  24.0   8:58a   WNW
17  23.1  27.5   3:24p  18.7   7:17a  41.9   0.0  0.00   2.6  16.0  10:52a   WNW
18  22.9  33.2   3:41p   9.4   7:18a  42.1   0.0  0.00   1.1  12.0   2:21p   WNW
19  23.3  34.6   4:26p   9.7   7:26a  41.7   0.0  0.00   0.8  12.0  11:45a    NW
20  31.2  49.1   5:03p  12.6   6:37a  33.8   0.0  0.00   0.7  12.0  11:47a   SSE
21  40.6  46.9   3:06p  28.5  12:01a  24.4   0.0  0.03   1.2  18.0   2:32p   SSE
22  33.4  36.3   2:06a  31.5   6:37p  31.6   0.0  0.41   1.3  16.0   3:47p    NW
23  25.2  32.1   5:56p  14.9  11:48p  39.8   0.0  0.00   0.1   7.0  12:15a   SSE
24  28.6  47.0   3:29p  10.3   6:04a  36.3   0.0  0.04   0.7  10.0   5:04p    NW
25  25.7  33.9   5:19p  15.1  11:55p  39.3   0.0  0.00   2.0  13.0  10:40a    NW
26  21.6  33.2   4:38p   9.8   4:16a  43.4   0.0  0.00   1.2  13.0  10:28a    NW
27  29.3  47.1   5:14p   9.1   6:51a  35.7   0.0  0.00   0.6   9.0   2:38p     S
28  42.0  47.6   9:16p  33.6  12:04a  23.0   0.0  0.00   2.3  18.0  11:00a   SSE
29  41.7  48.7  12:46p  27.6  11:59p  23.3   0.0  0.01   1.1  10.0  12:25a    NW
30  41.3  55.7  10:43p  25.7   1:43a  23.7   0.0  0.00   1.2  14.0   5:18p    SE
31  43.1  55.6   1:46a  29.0  11:59p  21.9   0.0  0.56   2.0  16.0  11:04a   WNW
----------------------------------------------------------------------------------
    28.2  58.4    15    -5.4     8  1137.8   0.0  1.60   1.3  34.0    10       W

Max >=  80.0:  0
Max <=  32.0:  7
Min <=  32.0: 29
Min <=   0.0:  3
Max Rain: 0.56 on day 31
Days of Rain: 11 (>= 0.01 in)  4 (>= 0.10 in)  0 (>= 1.00 in)
Heat Base: 65.0  Cool Base: 65.0  Method: Integration