NOAA-Style Climate Reports


Report for 2019 February
                   Monthly Climatological Summary for Feb 2019

Name: Old Pump Road Wx   City: Jericho   State: Vermont
Elevation: 646 ft  Lat: N 44° 30' 34"   Lon: W 072° 59' 42"

                  Temperature (°F), Rain (in), Wind Speed (mph)

                                      Heat  Cool        Avg
    Mean                              Deg   Deg         Wind                 Dom
Day Temp  High   Time   Low    Time   Days  Days  Rain  Speed High   Time    Dir
----------------------------------------------------------------------------------
 1   4.7  15.5   2:59p  -7.9   7:27a  60.2   0.0  0.00   0.5  14.0  11:41a     W
 2   7.2  16.8   9:38p  -8.6   4:19a  57.8   0.0  0.00   0.2   9.0  10:33a     S
 3  22.7  36.5  11:59p  11.7  12:00a  42.3   0.0  0.03   0.0   3.0  11:30p     N
 4  39.4  48.9  11:52p  33.9   8:09p  25.6   0.0  0.45   0.2   7.0  11:31p    SE
 5  39.9  52.6  11:49a  17.4  11:59p  25.1   0.0  0.19   2.6  28.0   2:28p   WNW
 6  21.1  32.3  10:50p  10.3   5:48a  44.0   0.0  0.04   0.6   8.0  12:06a   WNW
 7  33.8  38.5   9:40p  31.5  10:30a  31.2   0.0  0.05   1.9  13.0  11:40p   SSE
 8  35.0  44.8  10:30a  19.4  11:49p  29.7   0.0  0.01   9.0  26.0  12:40p     W
 9  15.2  20.4   2:04p   6.2  11:37p  49.8   0.0  0.00   3.7  29.0   3:41a   WNW
10  12.7  23.9   2:36p   1.4   6:20a  52.3   0.0  0.00   0.9  15.0   3:49p   WNW
11  12.1  17.5  12:13p   0.8  11:55p  52.9   0.0  0.00   0.8  12.0  12:00p    NW
12   9.7  25.0  11:59p  -4.4   4:00a  55.3   0.0  0.00   1.3  22.0   9:32p   SSE
13  28.3  35.0  12:10p  23.5  11:34p  36.7   0.0  0.00   1.5  18.0   1:40a     S
14  22.5  30.9   2:47p  14.9  11:07p  42.5   0.0  0.00   1.3  16.0   4:11a   WNW
15  31.9  39.9   2:23p  17.1  12:00a  33.0   0.0  0.28   1.7  18.0   9:43a   SSE
16  25.1  30.3  12:13a  15.4  10:56p  40.0   0.0  0.00   2.0  18.0  12:42p   WNW
17  26.4 103.4   4:17a   5.1   4:16a  43.9   5.4  0.00   0.4   9.0  11:26a   WNW
18   9.2  15.6  12:35p  -2.3   9:54p  55.3   0.0  0.00   0.6  10.0  12:49p    NW
19   7.4  16.9   3:15p  -2.5   7:49a  57.6   0.0  0.00   0.8  11.0  12:08p    NW
20  13.5  26.7   2:55p  -4.3   4:19a  51.5   0.0  0.00   0.3  10.0  11:44p   SSE
21  31.7  38.1   2:07p  22.4   2:04a  33.3   0.0  0.01   1.9  22.0   3:11p     W
22  27.2  32.1   1:12p  16.0  11:59p  37.8   0.0  0.00   1.5  12.0   8:49a    NW
23  22.8  36.8   2:01p   8.2   5:52a  42.2   0.0  2.82   0.2   4.0  11:00a     S
24  34.5  40.7  12:17p  23.6  12:00a  30.5   0.0  5.20   3.1  34.0  12:25p   SSE
25  25.2  34.4  12:00a  14.3  11:55p  39.7   0.0  8.79   5.5  31.0   7:03p   WNW
26   7.7  14.3  12:00a  -0.2  10:50p  57.4   0.0  0.47   3.7  23.0  12:29p   WNW
27   2.4   8.4   2:19p  -9.1   4:34a  62.6   0.0  0.00   0.3  13.0   1:34a   WNW
28   8.8  19.3   3:58p   0.1  10:54p  56.2   0.0  0.00   0.5   9.0  10:40a    NW
----------------------------------------------------------------------------------
    20.6 103.4    17    -9.1    27  1246.4   5.4 18.34   1.7  34.0    24       W

Max >=  80.0:  1
Max <=  32.0: 14
Min <=  32.0: 27
Min <=   0.0:  8
Max Rain: 8.79 on day 25
Days of Rain: 12 (>= 0.01 in)  7 (>= 0.10 in)  3 (>= 1.00 in)
Heat Base: 65.0  Cool Base: 65.0  Method: Integration