NOAA-Style Climate Reports


Report for 2018 March
                   Monthly Climatological Summary for Mar 2018

Name: Old Pump Road Wx   City: Jericho   State: Vermont
Elevation: 646 ft  Lat: N 44° 30' 34"   Lon: W 072° 59' 42"

                  Temperature (°F), Rain (in), Wind Speed (mph)

                                      Heat  Cool        Avg
    Mean                              Deg   Deg         Wind                 Dom
Day Temp  High   Time   Low    Time   Days  Days  Rain  Speed High   Time    Dir
----------------------------------------------------------------------------------
 1  34.9  48.4  12:00a  30.0   8:53p  30.1   0.0  0.00   1.1  10.0   2:32a   NNW
 2  30.6  32.7   5:45a  28.8   2:06p  34.4   0.0  0.00   2.6  21.0  10:07p    NW
 3  32.4  35.5   5:49p  29.3   4:19a  32.6   0.0  0.00   2.1  13.0  10:51a    NW
 4  30.7  35.1  11:13a  28.4   9:01p  34.3   0.0  0.00   2.3  15.0  12:54p    NW
 5  31.7  37.7  12:22p  28.4   2:47a  33.3   0.0  0.00   2.1  16.0   2:30p   NNW
 6  29.7  39.6   3:59p  19.2   5:06a  35.3   0.0  0.00   0.6  10.0   1:48p   WNW
 7  32.2  35.7   2:05p  29.5  10:07p  32.8   0.0  0.00   0.7  11.0  12:09a    SE
 8  28.3  31.4  10:00a  26.3  11:28p  36.7   0.0  0.00   1.0  11.0  11:33a    NW
 9  28.7  39.2   1:43p  24.9   6:03a  36.3   0.0  0.00   0.3   6.0   6:04p   WNW
10  28.9  32.7  12:07p  24.7   7:24a  36.1   0.0  0.00   1.4  18.0  12:14p   WNW
11  28.8  33.3   2:55p  26.5   7:34a  34.3   0.0  0.00   0.7   8.0   3:36p    NW
12  32.2  40.8  12:12p  24.6   6:58a  32.8   0.0  0.00   0.3   9.0  12:12p    SE
13  29.6  33.2  12:21a  27.8   7:06p  35.4   0.0  0.00   1.0  11.0   3:52p   NNW
14  29.6  32.8  11:55a  28.3  12:00a  35.4   0.0  0.00   0.1   6.0  12:06a    NW
15  29.1  32.4   3:35p  26.1   7:21a  35.9   0.0  0.00   0.0   0.0  12:00a   ---
16  22.3  27.6  12:00a  18.5  10:17a  42.7   0.0  0.00   0.0   0.0  12:00a   ---
17  14.6  21.9  12:00a  -3.4  11:58p  50.4   0.0  0.00   2.7  28.0  11:45a    NW
18   6.5  22.0   4:11p -10.3   6:49a  58.5   0.0  0.00   1.4  13.0  10:35a    NW
19   9.0  23.3   3:11p  -7.4   7:21a  56.0   0.0  0.00   1.3  14.0  10:38a    NW
20  15.9  33.8   4:03p  -2.3   6:46a  49.1   0.0  0.00   0.8   9.0   2:26p    NW
21  20.0  33.5   2:18p   3.2   6:11a  45.0   0.0  0.00   1.3  14.0   3:11p    NW
22  26.1  38.4   3:52p  12.1   7:14a  38.9   0.0  0.00   1.3  16.0   3:09p    NW
23  29.0  39.9   2:36p  15.1   6:36a  36.0   0.0  0.00   1.2  13.0   1:02p   NNW
24  28.6  32.7   2:33p  19.3  11:59p  36.4   0.0  0.00   2.1  13.0  10:46a   NNW
25  28.9  41.9   3:53p  17.1   6:56a  36.1   0.0  0.00   1.2  18.0   5:14p   NNW
26  30.1  44.7   5:08p  14.3   7:03a  34.9   0.0  0.00   0.8  11.0   1:23p   WNW
27  35.2  48.2   2:25p  16.8   6:55a  29.8   0.0  0.00   1.1  14.0  10:20a   SSE
28  38.9  46.8   3:24p  34.7  11:43p  26.1   0.0  0.00   0.6  12.0  12:53a     S
29  42.0  53.5   1:35p  33.5   6:21a  23.0   0.0  0.00   0.3   7.0  11:10a     S
30  40.4  47.6   6:01a  30.1  11:05p  24.6   0.0  0.00   1.2  13.0   4:57p    NW
31  38.4  50.4   4:26p  21.8   6:56a  26.6   0.0  0.00   1.2  16.0  11:13p     S
----------------------------------------------------------------------------------
    28.5  53.5    29   -10.3    18  1129.8   0.0  0.00   1.1  28.0    17      NW

Max >=  80.0:  0
Max <=  32.0:  5
Min <=  32.0: 29
Min <=   0.0:  4
Max Rain: 0.00 on day 0
Days of Rain: 0 (>= 0.01 in)  0 (>= 0.10 in)  0 (>= 1.00 in)
Heat Base: 65.0  Cool Base: 65.0  Method: Integration