NOAA-Style Climate Reports


Report for 2018 January
                   Monthly Climatological Summary for Jan 2018

Name: Old Pump Road Wx   City: Jericho   State: Vermont
Elevation: 646 ft  Lat: N 44° 30' 34"   Lon: W 072° 59' 42"

                  Temperature (°F), Rain (in), Wind Speed (mph)

                                      Heat  Cool        Avg
    Mean                              Deg   Deg         Wind                 Dom
Day Temp  High   Time   Low    Time   Days  Days  Rain  Speed High   Time    Dir
----------------------------------------------------------------------------------
 1 -10.3   1.1   1:32p -19.8   7:27a  75.1   0.0  0.00   0.3  10.0  12:16p    NW
 2  -0.8  15.9  11:57p -19.3   7:10a  65.8   0.0  0.00   0.3   9.0  10:57a     S
 3  16.9  23.5   1:18p  11.0   5:38a  48.1   0.0  0.00   0.7  13.0  12:04p     S
 4  12.4  16.8  11:33a   5.9   1:41a  52.6   0.0  0.00   1.6  24.0  11:12p    NW
 5  -2.6   9.9  12:00a  -6.9  11:56p  67.6   0.0  0.00   3.7  20.0   9:00p   WNW
 6 -10.0  -6.2   2:22p -20.5  11:19p  75.0   0.0  0.00   2.5  22.0  12:11a   WNW
 7  -4.6  11.7  11:58p -23.9   6:59a  69.6   0.0  0.00   0.4  14.0   8:36p     S
 8  23.7  30.9   1:33p  11.7  12:00a  41.3   0.0  0.00   1.2  16.0  12:15p     S
 9  28.2  32.7  12:47p  23.1  11:58p  36.8   0.0  0.00   1.7  18.0   1:01p   WNW
10  23.4  36.8  11:16p   5.8   7:28a  41.6   0.0  0.00   0.6  16.0   8:33p   SSE
11  45.6  53.0  10:51p  36.1  12:12a  19.4   0.0  0.00   2.9  22.0  12:28a   SSE
12  50.7  60.2   2:25p  26.3  11:59p  14.3   0.0  0.00   3.0  21.0   6:43p     S
13  10.9  26.4  12:00a   1.4  11:59p  54.1   0.0  0.00   3.2  19.0   8:08a    NW
14  -2.8   5.4   2:24p -10.8  11:48p  67.8   0.0  0.00   0.3   7.0   8:03a   NNW
15  -1.7  11.8   2:08p -12.3   3:13a  66.7   0.0  0.00   0.1   5.0  12:25p     W
16  16.6  25.4  12:27p  -3.1  12:00a  48.4   0.0  0.00   0.2   9.0  12:46p   SSW
17  20.4  27.2  12:13p  14.8  10:28p  44.6   0.0  0.00   0.1   5.0  12:35p   WNW
18  18.2  25.2  12:42p   8.7   4:02a  46.8   0.0  0.00   0.1   5.0  11:34a   SSW
19  23.8  28.1  11:52p  19.1   5:04a  41.1   0.0  0.00   0.3   7.0  10:38a   SSE
20  35.3  39.7   1:30p  27.7  12:21a  29.7   0.0  0.00   1.4  16.0   1:35p   WSW
21  34.8  39.4   1:11p  29.3  11:59p  30.2   0.0  0.00   0.2   7.0   1:49a    NW
22  26.8  33.9  11:56p  22.8   8:52a  38.2   0.0  0.00   0.5  12.0  11:18p     S
23  37.3  43.5   2:08p  33.9  12:00a  27.7   0.0  0.00   0.9  13.0   1:21a   SSE
24  19.9  35.1  12:06a   9.4   8:19p  45.1   0.0  0.00   2.5  20.0   5:49a   WNW
25   8.9  15.0   2:30p   2.8   7:02a  56.1   0.0  0.00   1.4  15.0   3:05p    NW
26  13.6  26.1  11:59p   0.0   4:15a  51.4   0.0  0.01   0.2   7.0   2:22p   SSW
27  36.3  44.3   6:50p  23.9   4:56a  28.6   0.0  0.00   1.5  17.0  10:13a   SSE
28  37.9  44.1  11:40a  30.6  11:47p  27.1   0.0  0.00   1.3  12.0  12:14a   WNW
29  23.0  30.6  12:00a  15.6  11:36p  42.0   0.0  0.00   1.0   8.0   3:51p    NW
30  13.8  16.2   2:41p  11.5   7:22a  51.2   0.0  0.00   1.3  11.0  12:42p    NW
31  15.9  27.5  11:49p   4.3   7:43a  49.0   0.0  0.00   1.2  16.0  12:49a   SSW
----------------------------------------------------------------------------------
    18.1  60.2    12   -23.9     7  1453.0   0.0  0.01   1.2  24.0     4       W

Max >=  80.0:  0
Max <=  32.0: 20
Min <=  32.0: 29
Min <=   0.0:  9
Max Rain: 0.01 on day 26
Days of Rain: 1 (>= 0.01 in)  0 (>= 0.10 in)  0 (>= 1.00 in)
Heat Base: 65.0  Cool Base: 65.0  Method: Integration