NOAA-Style Climate Reports


Report for 2018
                   Annual Climatological Summary for 2018

Name: Old Pump Road Wx   City: Jericho   State: Vermont
Elevation: 646 ft  Lat: N 44° 30' 34"   Lon: W 072° 59' 42"

                  Temperature (°F), Heat Base: 65.0  Cool Base: 65.0
                          Dep.  Heat  Cool                       Max  Max  Min  Min
        Mean  Mean        From  Deg   Deg                        >=   <=   <=   <=
 YR MO  Max   Min   Mean  Norm  Days  Days  Hi  Date  Low  Date 80.0 32.0 32.0   0.0
------------------------------------------------------------------------------------
 18  1  26.8   8.4  18.1  -0.9  1452     0  60.2  12 -23.9    7    0   20   29    9
 18  2  37.8  16.7  28.1   6.1  1032     0  67.1  21 -10.7    3    0    8   26    2
 18  3  37.0  19.9  28.5  -1.5  1129     0  53.5  29 -10.3   18    0    5   29    4
 18  4  46.3  28.0  37.3  -9.7   830     1  71.3  24  13.0    6    0    1   22    0
 18  5  72.1  44.2  58.8   2.8   257    65  86.8  30  28.5   12    5    0    2    0
 18  6  74.8  49.1  62.4  -4.6   176    98  91.7  30  35.9   11    9    0    0    0
 18  7  85.7  58.2  72.0   1.0    60   276  99.2   1  43.7    7   27    0    0    0
 18  8  81.9  58.9  69.7   0.7    57   202  92.3   6  43.2   31   21    0    0    0
 18  9  72.3  46.7  61.1  -0.9   211    94  90.8   5 -90.0    9    8    0    1    1
 18 10  65.9  36.0  50.8   1.8   253    13 164.0  14 -90.0   14    1    0    1    1
 18 11
 18 12
------------------------------------------------------------------------------------
        60.1  36.6  48.7  -0.5  5463   752 164.0 Oct -90.0  Sep   71   34  110   17

                                Precipitation (in)

              Dep.   Max        Days of Rain
              From   Obs.           >=
 YR MO Total  Norm   Day Date 0.01 0.10 1.00
---------------------------------------------
 18  1  0.01 -2.69  0.01  26     1    0    0
 18  2 79.67 77.67 44.75  11     8    5    4
 18  3  0.00 -2.88  0.00   0     0    0    0
 18  4  0.00 -3.07  0.00   0     0    0    0
 18  5 93.53 90.32 51.89   3     5    5    4
 18  6  2.42 -1.34  1.94   1     3    2    1
 18  7  5.19  1.26  3.33  10    11    6    1
 18  8  0.00 -4.69  0.00   0     0    0    0
 18  9  0.00 -4.44  0.00   0     0    0    0
 18 10 32.99 29.44 32.99  17     1    1    1
 18 11
 18 12
---------------------------------------------
      213.81179.58 51.89  May   29   19   11

                                Wind Speed (mph)
                          Dom
 YR MO   Avg.  Hi   Date  Dir
------------------------------
 18  1   1.2  24.0    4     W
 18  2   1.2  29.0   25   WSW
 18  3   1.1  28.0   17    NW
 18  4   1.7  28.0    4     W
 18  5   1.3  37.0    4     W
 18  6   0.9  23.0   18   WNW
 18  7   1.2  24.0    6     W
 18  8   0.7  19.0   22   WSW
 18  9   0.7  25.0   21   WSW
 18 10   0.9  32.0   15     W
 18 11
 18 12
------------------------------
         1.1  37.0  May     W