NOAA-Style Climate Reports


Report for 2017 December
                   Monthly Climatological Summary for Dec 2017

Name: Old Pump Road Wx   City: Jericho   State: Vermont
Elevation: 646 ft  Lat: N 44° 30' 34"   Lon: W 072° 59' 42"

                  Temperature (°F), Rain (in), Wind Speed (mph)

                                      Heat  Cool        Avg
    Mean                              Deg   Deg         Wind                 Dom
Day Temp  High   Time   Low    Time   Days  Days  Rain  Speed High   Time    Dir
----------------------------------------------------------------------------------
 1  36.1  40.1   1:09a  30.9  11:22p  28.9   0.0  0.00   0.5  10.0   3:39a   WNW
 2  32.5  37.7   2:06p  28.3  11:49p  32.5   0.0  0.00   0.0   2.0  12:00p     S
 3  30.7  40.2   1:17p  25.5   7:40a  34.3   0.0  0.00   0.0   2.0   2:59p   NNE
 4  33.1  41.3   2:27p  21.3   7:02a  31.9   0.0  0.00   0.5  18.0  11:12p   SSE
 5  44.3  50.9  11:58p  38.9   1:07a  20.7   0.0  0.00   2.1  18.0   8:36a    SE
 6  36.7  51.2  12:05a  32.2   7:27p  28.3   0.0  0.00   1.6  18.0   5:18a     W
 7  31.8  34.1   2:40p  29.3  10:20p  33.2   0.0  0.00   0.8  14.0   8:34a   WNW
 8  28.7  32.3   1:45p  24.4  11:44p  36.3   0.0  0.00   0.5   8.0   1:06a     S
 9  26.5  32.5   1:26p  20.3   3:18a  38.5   0.0  0.00   0.0   2.0  11:03a   WNW
10  27.8  30.9  12:16p  25.7   1:50a  37.2   0.0  0.00   0.9  17.0  12:38p     W
11  18.7  27.7   3:23a  10.2   8:57p  46.3   0.0  0.00   0.7  11.0   5:42a   NNW
12  26.0  33.0   1:02p  13.4  12:00a  39.0   0.0  0.00   1.3  18.0   1:11p    SE
13  13.4  19.8  12:00a   7.4  11:06p  51.6   0.0  0.00   2.0  17.0   3:07p   WNW
14   7.2  12.4   3:16p   1.7  11:59p  57.8   0.0  0.00   1.0  13.0   9:33p   WNW
15   9.7  23.4  12:51p  -6.7   6:18a  55.3   0.0  0.00   0.1   6.0  11:42a   SSW
16  17.1  26.4  12:37p   6.8  11:58p  47.9   0.0  0.00   0.6  12.0   4:34p    NW
17   4.0  15.5   1:50p  -5.5   7:12a  61.0   0.0  0.00   0.1   7.0  12:36p   NNW
18  18.5  28.2  11:47p   1.7  12:00a  46.4   0.0  0.00   0.0   2.0   6:07a   NNW
19  34.4  39.0  12:46p  28.1  12:00a  30.6   0.0  0.00   0.7  15.0   7:53p   WSW
20  27.2  33.1  12:22a  14.5  11:51p  37.9   0.0  0.00   2.6  17.0   9:48p   WNW
21  11.0  16.2   1:49p   4.7  10:54p  54.0   0.0  0.00   0.4  10.0   2:29a   NNW
22  13.7  21.0  11:56p   5.7   2:00a  51.3   0.0  0.00   0.0   3.0   1:02p   SSE
23  27.8  36.1  12:59p  20.9  12:00a  37.2   0.0  0.00   0.4  13.0   5:51p   NNW
24  22.2  26.1   2:24a  16.6  10:48p  42.8   0.0  0.00   0.5  11.0   9:49a    NW
25  23.1  29.5  11:30a  20.2  10:18p  41.9   0.0  0.00   1.7  23.0   1:34p   WSW
26  12.8  20.4  12:01a   5.4  11:59p  52.2   0.0  0.00   1.8  19.0   2:16a   WNW
27  -0.9   5.9   2:13p  -8.3  11:59p  65.9   0.0  0.00   0.4  12.0   9:13p    NW
28  -8.7  -1.3   2:11p -14.3  11:52p  73.7   0.0  0.00   0.8  13.0  10:27a    NW
29  -6.6   1.2   2:18p -16.2   3:12a  71.6   0.0  0.00   0.0   2.0  11:17a   WNW
30  -1.9   9.9   2:42p -15.2   3:24a  66.9   0.0  0.00   0.2  11.0  11:02p   WNW
31  -7.2  -1.0   1:39p -13.0   9:50p  72.2   0.0  0.00   0.5  11.0  10:22a    NW
----------------------------------------------------------------------------------
    19.0  51.2     6   -16.2    29  1425.3   0.0  0.00   0.7  23.0    25       W

Max >=  80.0:  0
Max <=  32.0: 18
Min <=  32.0: 29
Min <=   0.0:  7
Max Rain: 0.00 on day 0
Days of Rain: 0 (>= 0.01 in)  0 (>= 0.10 in)  0 (>= 1.00 in)
Heat Base: 65.0  Cool Base: 65.0  Method: Integration