NOAA-Style Climate Reports


Report for 2017 November
                   Monthly Climatological Summary for Nov 2017

Name: Old Pump Road Wx   City: Jericho   State: Vermont
Elevation: 646 ft  Lat: N 44° 30' 34"   Lon: W 072° 59' 42"

                  Temperature (°F), Rain (in), Wind Speed (mph)

                                      Heat  Cool        Avg
    Mean                              Deg   Deg         Wind                 Dom
Day Temp  High   Time   Low    Time   Days  Days  Rain  Speed High   Time    Dir
----------------------------------------------------------------------------------
 1  41.6  47.9   1:40p  35.4   8:00a  22.9   0.0  0.00   2.0   9.0   2:10p     S
 2  53.0  63.7  10:55p  41.0  12:26a  12.0   0.0  0.00   1.3  22.0  11:16p   SSE
 3  54.3  63.7  12:17a  40.4  11:23p  10.7   0.0  0.00   2.6  17.0   6:32a     W
 4  36.9  43.0   1:56p  29.1   6:30a  28.1   0.0  0.00   0.6   9.0  12:02a    NW
 5  48.6  57.2  11:55p  33.9  12:24a  17.1   0.0  0.00   2.2  22.0   6:19a    SE
 6  51.2  60.2   6:46a  34.5  10:40p  13.8   0.0  0.00   2.5  20.0   4:19p     W
 7  32.4  36.5  12:00a  23.6  11:57p  32.6   0.0  0.00   1.1  15.0   2:53a    NW
 8  28.5  43.0   1:13p  18.8   6:40a  36.5   0.0  0.00   0.2   6.0   1:45p   SSW
 9  34.8  45.0   9:50p  20.1   6:22a  30.2   0.0  0.00   1.3  20.0   8:36p   SSE
10  22.7  45.1  12:00a  16.6  10:54a  42.3   0.0  0.00   5.5  23.0   4:20a   WNW
11  19.5  26.5   2:27p  15.2   6:19a  45.5   0.0  0.00   1.0  16.0  12:11a    NW
12  27.6  37.6   1:02p  19.8  12:00a  37.4   0.0  0.00   0.2   8.0  11:27a     S
13  28.3  34.8   2:47p  18.9   2:55a  36.7   0.0  0.00   0.1   4.0  12:06p    NW
14  31.3  34.3   1:25p  29.6  11:04p  33.7   0.0  0.00   0.0   1.0  12:41a   WNW
15  34.6  42.9   1:54p  26.3   7:18a  30.4   0.0  0.00   0.7  13.0   7:50p   SSE
16  40.5  47.1   1:38p  32.7  11:55p  24.5   0.0  0.00   1.1  16.0  11:01p   SSE
17  25.1  32.7  12:00a  15.4  11:54p  39.9   0.0  0.00   2.4  18.0   5:59a    NW
18  27.1  38.4  11:57p  14.3   3:47a  37.8   0.0  0.00   0.1   7.0  10:33p     S
19  34.4  46.3   9:12a  27.5  11:36p  30.6   0.0  0.00   2.3  21.0   9:25a   WNW
20  23.6  27.6  12:00a  21.0   7:34p  41.4   0.0  0.00   1.0  20.0   7:19a   WNW
21  40.5  51.5   2:36p  23.2  12:00a  24.5   0.0  0.00   1.7  21.0  10:55a   SSE
----------------------------------------------------------------------------------
    35.1  63.7     2    14.3    18   628.6   0.0  0.00   1.4  23.0    10       W

Max >=  80.0:  0
Max <=  32.0:  2
Min <=  32.0: 15
Min <=   0.0:  0
Max Rain: 0.00 on day 0
Days of Rain: 0 (>= 0.01 in)  0 (>= 0.10 in)  0 (>= 1.00 in)
Heat Base: 65.0  Cool Base: 65.0  Method: Integration