NOAA-Style Climate Reports


Report for 2017 October
                   Monthly Climatological Summary for Oct 2017

Name: Old Pump Road Wx   City: Jericho   State: Vermont
Elevation: 646 ft  Lat: N 44° 30' 34"   Lon: W 072° 59' 42"

                  Temperature (°F), Rain (in), Wind Speed (mph)

                                      Heat  Cool        Avg
    Mean                              Deg   Deg         Wind                 Dom
Day Temp  High   Time   Low    Time   Days  Days  Rain  Speed High   Time    Dir
----------------------------------------------------------------------------------
 1  44.7  63.8   4:21p  31.4   6:48a  20.3   0.0  0.00   0.5  11.0  12:08p   WNW
 2  48.6  66.2   4:07p  34.9   7:09a  16.4   0.0  0.00   0.7  11.0  12:34p   WNW
 3  54.6  71.1   2:11p  37.9   6:27a  11.4   1.1  0.00   0.7  13.0   2:32p     S
 4  62.2  75.9   3:54p  46.1   5:24a   6.0   3.2  0.00   1.1  16.0   9:01p     S
 5  57.8  68.5   3:58p  47.1  11:53p   7.6   0.5  0.00   0.5  12.0  12:23p     W
 6  52.6  58.3   4:47p  45.2   2:48a  12.4   0.0  0.00   0.0   3.0   3:15p   SSW
 7  61.6  70.2   9:54p  50.9   3:04a   4.8   1.4  0.00   0.7  15.0  11:30p   SSE
 8  68.1  76.1   2:59p  55.0  11:58p   1.3   4.4  0.00   2.1  20.0  11:10a    SW
 9  60.6  66.0   4:11p  54.5   4:50a   4.5   0.1  0.00   0.5  13.0   7:54p   WNW
10  63.1  72.6   3:47p  56.8  11:58p   3.3   1.4  0.00   0.6   8.0   1:21a   WNW
11  50.1  56.8  12:00a  39.0  11:59p  15.0   0.0  0.00   1.0  10.0  12:09p    NW
12  43.5  59.8   2:56p  30.6   7:23a  21.5   0.0  0.03   0.4   6.0  12:07p   WNW
13  48.4  64.3   3:12p  32.1   6:54a  16.6   0.0  0.00   0.8  13.0  10:30p   SSE
14  60.4  66.0   2:10p  55.2  11:43p   4.7   0.0  0.00   0.7  15.0   4:17a   SSE
15  63.5  72.7   5:30p  53.7   1:46a   3.6   2.2  0.00   2.2  21.0  12:58p   SSE
16  44.3  64.6  12:33a  35.7  11:59p  20.7   0.0  0.00   3.1  24.0  12:45a    NW
17  41.4  53.9   3:55p  27.0   6:41a  23.6   0.0  0.00   0.9  12.0   3:05p   SSE
18  52.0  66.1   4:35p  38.3   7:29a  13.1   0.0  0.00   0.6  10.0  12:32a   SSW
19  58.0  68.6   3:18p  45.3   7:18a   7.5   0.5  0.00   1.4  17.0  11:24p     S
20  52.7  62.7   3:25p  39.9   7:44a  12.3   0.0  0.00   1.9  16.0   1:02p   WNW
21  52.8  72.0   2:52p  39.1   6:45a  13.2   1.1  0.00   0.2   6.0  12:57p   SSW
22  55.5  75.9   3:19p  41.2   7:39a  11.7   2.1  0.00   0.3  11.0   2:13p     S
23  59.5  70.5   2:17p  47.4   4:52a   6.3   0.9  0.00   1.1  18.0   2:01p   SSE
24  67.8  72.5   2:09p  63.2  12:51a   0.1   2.9  0.00   2.5  26.0   9:21a    SE
25  59.6  65.9  12:00a  51.5  10:56p   5.4   0.0  0.00   0.7  12.0  12:13a   WNW
26  45.2  51.5  12:00a  41.6   7:59p  19.8   0.0  0.00   0.7  11.0   5:18p    NW
27  45.4  54.2   3:44p  39.2   8:54p  19.6   0.0  0.00   1.0  15.0   9:32a     W
28  52.4  67.5   3:01p  37.4   6:46a  12.7   0.1  0.00   0.9  15.0   2:08p   SSE
29  57.2  61.2   1:54p  53.2  10:11a   7.8   0.0  0.00   1.5  22.0   1:56p    SE
30  53.2  66.0   4:10a  46.9   1:10p  11.9   0.0  0.00  11.1  34.0   2:24a     S
31  44.3  47.8  12:10a  40.2  11:50p  20.7   0.0  0.00   8.4  15.0   6:20p    SW
----------------------------------------------------------------------------------
    54.2  76.1     8    27.0    17   355.8  21.9  0.03   1.6  34.0    30     SSW

Max >=  80.0:  0
Max <=  32.0:  0
Min <=  32.0:  3
Min <=   0.0:  0
Max Rain: 0.03 on day 12
Days of Rain: 1 (>= 0.01 in)  0 (>= 0.10 in)  0 (>= 1.00 in)
Heat Base: 65.0  Cool Base: 65.0  Method: Integration