NOAA-Style Climate Reports


Report for 2017 September
                   Monthly Climatological Summary for Sep 2017

Name: Old Pump Road Wx   City: Jericho   State: Vermont
Elevation: 646 ft  Lat: N 44° 30' 34"   Lon: W 072° 59' 42"

                  Temperature (°F), Rain (in), Wind Speed (mph)

                                      Heat  Cool        Avg
    Mean                              Deg   Deg         Wind                 Dom
Day Temp  High   Time   Low    Time   Days  Days  Rain  Speed High   Time    Dir
----------------------------------------------------------------------------------
 1  49.2  57.8   4:27p  40.9   5:47a  15.8   0.0  0.00   2.0  19.0  12:00p   WNW
 2  51.3  71.4   5:28p  35.4   6:17a  14.2   0.5  0.00   0.4   8.0  11:38a     W
 3  51.7  55.9   3:24p  44.6   2:04a  13.3   0.0  0.00   0.4  16.0  11:49a     S
 4  63.9  76.3   4:20p  52.6   6:59a   4.3   3.3  0.00   0.9  15.0   1:24p   SSE
 5  61.9  67.3  12:51a  56.5  11:55p   3.3   0.2  0.00   0.5  15.0  12:48a     S
 6  57.2  62.3   4:32p  54.0   3:03a   7.8   0.0  0.00   0.0   4.0  10:25a   WNW
 7  57.5  68.1   2:38p  49.1  11:58p   7.7   0.2  0.00   0.2  18.0   3:37p    SW
 8  55.1  61.6   4:50p  48.8  12:32a   9.9   0.0  0.00   0.2   7.0   9:06p   SSW
 9  54.4  61.8   5:57p  51.2  11:58p  10.6   0.0  0.00   0.3   7.0  12:53p    NW
10  52.6  63.0   5:13p  43.8   6:42a  12.4   0.0  0.00   0.8  11.0   1:46p    NW
11  54.7  72.9   4:59p  41.1   6:35a  11.5   1.2  0.00   0.4   7.0  11:30a    NW
12  58.4  77.7   4:09p  42.6   6:40a   9.3   2.7  0.00   0.3   9.0  12:35p   WSW
13  62.7  80.6   4:12p  47.5   6:42a   6.5   4.1  0.00   0.3   7.0  12:31p     S
14  65.6  76.9   1:11p  55.2   6:26a   3.3   3.8  0.00   0.2   7.0  12:50p    SW
15  67.3  79.9   1:59p  58.0   6:57a   2.1   4.4  0.00   0.4  11.0  12:23p   WNW
16  66.6  81.4   2:23p  55.3   6:32a   3.2   4.8  0.00   0.3   6.0  12:17p     W
17  66.5  83.4   5:03p  54.8   6:37a   3.3   4.9  0.00   0.2   6.0  12:30p     W
18  68.9  88.7   5:27p  56.8   6:18a   2.4   6.4  0.00   0.2   6.0  10:59a     S
19  67.3  78.8   1:47p  57.0  11:57p   2.1   4.4  0.00   0.5  10.0   5:54p   SSE
20  65.1  78.9   5:03p  52.9   6:21a   4.1   4.1  0.00   0.8  12.0   2:08p    NW
21  64.0  78.9   3:15p  51.7  11:59p   3.9   2.9  0.00   0.6  11.0   1:44p    NW
22  58.9  77.4   4:16p  44.8   7:08a   8.8   2.7  0.00   0.7   9.0   2:17p   WNW
23  63.4  86.1   4:43p  47.0   6:34a   6.6   5.0  0.00   0.2   6.0   2:23p     W
24  70.4  90.0   5:07p  57.1   5:35a   2.2   7.6  0.00   0.2   5.0  11:14a    SW
25  72.9  89.6   4:26p  62.4   6:01a   0.4   8.3  0.00   0.2   6.0   3:24p     W
26  71.6  92.1   5:08p  59.6   6:57a   1.1   7.7  0.00   0.2   5.0  12:09p     W
27  73.3  87.0   2:46p  61.7   6:15a   0.7   9.0  0.00   0.9  15.0  11:03p     S
28  57.9  69.3  12:00a  50.9  11:52p   7.3   0.2  0.00   2.9  17.0   9:16a    NW
29  48.9  57.1   4:05p  38.9   7:00a  16.1   0.0  0.00   0.7  10.0  11:23a    NW
30  46.3  56.3   1:46p  35.1  11:57p  18.7   0.0  0.00   0.7  10.0   4:34p    NW
----------------------------------------------------------------------------------
    60.9  92.1    26    35.1    30   212.9  88.4  0.00   0.6  19.0     1     WNW

Max >=  80.0:  9
Max <=  32.0:  0
Min <=  32.0:  0
Min <=   0.0:  0
Max Rain: 0.00 on day 0
Days of Rain: 0 (>= 0.01 in)  0 (>= 0.10 in)  0 (>= 1.00 in)
Heat Base: 65.0  Cool Base: 65.0  Method: Integration