NOAA-Style Climate Reports


Report for 2017 August
                   Monthly Climatological Summary for Aug 2017

Name: Old Pump Road Wx   City: Jericho   State: Vermont
Elevation: 646 ft  Lat: N 44° 30' 34"   Lon: W 072° 59' 42"

                  Temperature (°F), Rain (in), Wind Speed (mph)

                                      Heat  Cool        Avg
    Mean                              Deg   Deg         Wind                 Dom
Day Temp  High   Time   Low    Time   Days  Days  Rain  Speed High   Time    Dir
----------------------------------------------------------------------------------
 1  68.8  85.1   6:12p  56.2   5:41a   2.6   6.4  0.00   0.5   9.0   1:51p   WNW
 2  70.6  87.0   4:13p  54.2   5:20a   3.0   8.6  0.00   0.2   7.0  10:44a   WSW
 3  71.1  85.7   2:03p  59.1   6:06a   0.9   7.0  0.00   0.4  10.0   3:51p   WNW
 4  73.7  87.4   3:25p  59.0   5:39a   1.2  10.0  0.00   0.9  16.0   2:26p   SSE
 5  68.7  77.4   4:17p  58.4  11:30p   0.7   4.4  0.00   0.9  16.0   5:34p   WSW
 6  61.9  69.8   4:44p  54.9  11:57p   4.0   1.0  0.00   4.5  18.0   2:38p   WNW
 7  61.3  76.1   1:19p  52.1   2:48a   5.0   1.4  0.00   0.3  13.0   3:04p     W
 8  63.3  75.5   6:50p  53.5  11:49p   4.0   2.3  0.00   0.6  10.0  11:49a    NW
 9  64.5  77.9   3:16p  50.7   6:07a   4.6   4.2  0.00   0.5   8.0  11:40a     W
10  68.6  84.1   4:47p  54.0   6:11a   3.0   6.6  0.00   0.3   6.0  11:15a     S
11  69.5  82.8   2:25p  59.3   1:52a   1.6   6.0  0.00   0.5  11.0   2:34p     S
12  69.6  81.0   3:59p  61.4  11:58p   0.6   5.2  0.00   0.9  22.0   6:29p   SSE
13  66.0  77.0   6:15p  54.7  11:55p   2.3   3.3  0.00   1.1  14.0   9:12a    NW
14  65.5  81.2   5:49p  50.8   5:46a   5.0   5.5  0.00   0.4   9.0   1:45p     S
15  66.6  80.4   1:11p  55.0   6:13a   3.4   5.0  0.00   0.6  26.0   6:57p     S
16  61.8  70.4   3:29p  49.5  11:48p   4.5   1.3  0.00   1.4  14.0   3:57p    NW
17  61.0  78.9   5:56p  45.9   5:30a   7.1   3.1  0.00   0.5  11.0  12:56p   WNW
18  68.5  81.2   4:24p  58.1  12:00a   1.2   4.7  0.00   0.5  12.0   1:55p   SSE
19  70.4  81.8   1:35p  60.6  11:58p   0.3   5.7  0.00   0.4   9.0   3:59p   WSW
20  66.8  78.9   5:48p  58.2  11:59p   2.0   3.8  0.00   1.0  13.0   8:25a   WNW
21  68.6  82.3   1:54p  55.8   3:35a   3.0   6.6  0.00   0.4   8.0  11:19a     S
22  70.9  84.6   2:13p  60.3   6:03a   1.0   6.9  0.00   0.9  17.0   1:32p   SSE
23  65.8  74.2   2:56p  56.5  10:19p   1.8   2.6  0.00   1.9  22.0   6:12p   WNW
24  59.1  68.9   1:28p  50.1  11:57p   6.3   0.4  0.00   1.3  12.0   1:45p   WNW
25  55.1  67.6   4:22p  45.2   6:04a  10.2   0.2  0.00   0.9  12.0   2:00p    NW
26  55.1  68.7   3:39p  43.3   6:26a  10.5   0.6  0.00   0.7  11.0   3:55p    NW
27  55.2  70.9   1:32p  40.5   6:27a  10.9   1.0  0.00   0.3   8.0   2:41p    NW
28  57.4  75.4   2:40p  41.6   6:44a  10.0   2.4  0.00   0.2   7.0  11:33a   SSW
29  57.2  71.9  12:46p  44.6   6:28a   9.1   1.2  0.00   0.3  10.0   2:36p   SSE
30  58.5  72.7   4:52p  47.6  11:56p   8.0   1.5  0.00   0.5   9.0   2:07p    NW
31  54.9  65.4   2:09p  46.5   2:44a  10.1   0.0  0.00   2.5  21.0   3:27p    NW
----------------------------------------------------------------------------------
    64.4  87.4     4    40.5    27   137.9 118.9  0.00   0.9  26.0    15       W

Max >=  80.0: 13
Max <=  32.0:  0
Min <=  32.0:  0
Min <=   0.0:  0
Max Rain: 0.00 on day 0
Days of Rain: 0 (>= 0.01 in)  0 (>= 0.10 in)  0 (>= 1.00 in)
Heat Base: 65.0  Cool Base: 65.0  Method: Integration