NOAA-Style Climate Reports


Report for 2017 July
                   Monthly Climatological Summary for Jul 2017

Name: Old Pump Road Wx   City: Jericho   State: Vermont
Elevation: 646 ft  Lat: N 44° 30' 34"   Lon: W 072° 59' 42"

                  Temperature (°F), Rain (in), Wind Speed (mph)

                                      Heat  Cool        Avg
    Mean                              Deg   Deg         Wind                 Dom
Day Temp  High   Time   Low    Time   Days  Days  Rain  Speed High   Time    Dir
----------------------------------------------------------------------------------
 1  68.4  74.8   5:09p  61.7   4:45a   0.5   3.9  0.00   0.1   6.0  10:05p   WSW
 2  70.1  81.4   5:55p  61.4  10:32p   0.3   5.5  0.00   1.2  15.0  10:11a   WNW
 3  66.6  75.7   7:51p  55.6  11:59p   2.1   3.6  0.00   1.8  16.0  10:28a   WNW
 4  64.4  77.0   3:49p  51.4   5:21a   4.7   4.2  0.00   1.2  13.0  12:29p    NW
 5  67.6  84.1   5:06p  48.6   5:30a   4.8   7.4  0.00   0.4   9.0   1:16p   SSW
 6  71.2  79.8   5:51p  57.9   2:24a   1.1   7.3  0.00   1.4  16.0  11:49a   SSE
 7  72.1  84.9   2:12p  63.5   5:57a   0.1   7.2  0.00   0.6  13.0   1:51p   WSW
 8  65.7  74.3  12:55p  60.2   5:52a   1.3   2.0  0.00   0.4  18.0   8:05a   WNW
 9  66.0  77.1   2:09p  53.3   5:53a   2.9   3.9  0.00   0.7  12.0   2:09p     W
10  68.5  80.6   2:00p  60.0   4:42a   1.4   4.9  0.00   0.4   9.0   2:15p   SSE
11  71.7  84.5   5:45p  59.9   2:19a   1.0   7.7  0.00   0.6  10.0  10:29a   SSW
12  70.1  77.6  12:29p  61.9  11:59p   0.3   5.4  0.00   1.1  12.0   2:23p    NW
13  60.2  63.8   2:56p  56.3  11:55p   4.8   0.0  0.00   0.2   8.0  12:43p   WNW
14  61.3  69.7   3:58p  53.2   3:30a   4.1   0.4  0.00   0.2   8.0   7:54p   SSE
15  68.9  78.8   6:10p  60.9  11:51p   0.6   4.5  0.00   0.7  10.0   2:07p   WNW
16  69.7  82.5   4:00p  57.0   4:56a   2.0   6.7  0.00   0.7   9.0  12:39p   WNW
17  67.3  77.8  10:00a  59.7   4:31a   1.5   3.8  0.00   0.4  21.0   1:30p   WNW
18  71.1  86.1   7:06p  59.2   2:39a   1.5   7.6  0.00   0.4   8.0   2:23p     W
19  71.8  84.4   2:03p  59.7   6:09a   1.1   8.0  0.00   0.3   8.0  11:31a     W
20  73.0  84.5  12:58p  60.3  11:59p   0.3   8.3  0.00   0.6  14.0   5:43p   WNW
21  70.2  84.4   4:09p  54.7   5:34a   2.7   7.9  0.00   0.8  11.0   4:55p     W
22  67.8  79.4   1:24p  57.2  11:57p   2.2   5.0  0.00   0.7   9.0   2:59p   WNW
23  64.4  76.6   4:19p  51.5   4:26a   4.3   3.7  0.00   0.6  10.0   3:38p    NW
24  58.4  65.4   5:43a  54.7  11:49p   6.6   0.0  0.00   0.3   9.0   6:28a   SSE
25  59.5  68.2   6:30p  53.6   2:38a   5.7   0.2  0.00   0.2   7.0   2:53p    NW
26  65.0  77.7   3:55p  49.2   5:56a   4.4   4.4  0.00   0.7  12.0   2:56p     S
27  66.7  77.2   5:03p  62.4   4:53a   0.7   2.4  0.00   0.4  12.0   5:57p     S
28  63.8  72.2   6:11p  51.4  11:55p   3.3   2.1  0.00   1.3  14.0  12:57p    NW
29  59.8  72.8   3:29p  45.9   5:44a   7.5   2.3  0.00   1.2  12.0   3:06p    NW
30  61.4  79.3   5:53p  43.8   5:19a   7.5   3.9  0.00   0.8  11.0   1:28p    NW
31  68.1  84.5   2:22p  52.4   5:10a   3.7   6.8  0.00   0.6   9.0   5:51p   WNW
----------------------------------------------------------------------------------
    66.8  86.1    18    43.8    30    85.0 141.0  0.00   0.7  21.0    17     WNW

Max >=  80.0: 11
Max <=  32.0:  0
Min <=  32.0:  0
Min <=   0.0:  0
Max Rain: 0.00 on day 0
Days of Rain: 0 (>= 0.01 in)  0 (>= 0.10 in)  0 (>= 1.00 in)
Heat Base: 65.0  Cool Base: 65.0  Method: Integration