NOAA-Style Climate Reports


Report for 2017 June
                   Monthly Climatological Summary for Jun 2017

Name: Old Pump Road Wx   City: Jericho   State: Vermont
Elevation: 646 ft  Lat: N 44° 30' 34"   Lon: W 072° 59' 42"

                  Temperature (°F), Rain (in), Wind Speed (mph)

                                      Heat  Cool        Avg
    Mean                              Deg   Deg         Wind                 Dom
Day Temp  High   Time   Low    Time   Days  Days  Rain  Speed High   Time    Dir
----------------------------------------------------------------------------------
 1  58.1  69.2   3:47p  48.3   1:00a   7.5   0.5  0.00   2.0  20.0   4:03p   WNW
 2  51.3  56.7  11:30a  42.9   4:48a  13.7   0.0  0.00   1.2  17.0   3:37p   WNW
 3  49.8  54.6   6:34p  46.6   4:35a  15.2   0.0  0.00   0.7   9.0   2:37p    NW
 4  57.9  70.6   1:37p  46.3   3:10a   7.8   0.7  0.00   0.5  12.0   5:09p   SSW
 5  56.0  59.7   5:01p  52.0   3:22a   8.9   0.0  0.00   1.3  18.0   5:03p   SSE
 6  50.2  55.8  12:00a  47.6  11:58p  14.8   0.0  0.00   0.3  15.0  12:30a   WNW
 7  58.0  76.9   6:59p  39.5   5:47a   9.5   2.4  0.00   0.8   9.0  12:20p   NNW
 8  64.4  82.4   2:41p  45.5   5:29a   6.1   5.5  0.18   0.3   9.0  12:49p    SW
 9  62.5  73.7   3:59p  53.4  11:59p   3.9   1.5  0.00   0.6  12.0   4:19p   WNW
10  65.1  80.8   3:27p  48.3   4:48a   5.1   5.2  0.00   0.6  11.0   5:27p     S
11  76.1  91.8   3:54p  59.3   2:11a   0.9  12.1  0.01   1.5  17.0   1:09p    SW
12  76.9  91.4   3:38p  63.2   2:41a   0.1  12.1  0.00   0.9  16.0   4:48p   WSW
13  70.0  79.4  12:11p  52.6  11:54p   1.1   6.1  0.00   1.1  11.0  12:00p    NW
14  56.9  68.3   5:36p  44.8  11:58p   8.5   0.4  0.00   1.5  13.0   1:10p    NW
15  61.4  79.0   5:12p  38.7   4:57a   7.7   4.1  0.00   0.4  11.0  11:17p   SSW
16  61.4  69.0  12:00a  55.4   8:57a   3.9   0.3  0.00   2.5  20.0  11:50a   SSE
17  71.8  86.3   5:41p  56.8   5:15a   2.0   8.7  0.00   0.7   9.0   3:36p     S
18  78.0  87.6   4:36p  67.7   6:13a   0.0  13.0  0.00   2.0  21.0   6:38p   SSE
19  70.4  82.5   1:40p  63.3  11:34p   0.1   5.5  0.00   0.6  18.0   2:06p     S
20  67.5  75.6   4:29p  60.6  10:12p   0.8   3.3  0.00   0.7  14.0  11:07a    SW
21  62.8  73.0   2:59p  55.9   4:30a   3.3   1.0  0.00   1.0  13.0  11:45a   WNW
22  64.8  77.9   4:07p  49.9   5:15a   4.6   4.4  0.00   0.5   9.0  10:57a   WSW
23  68.5  79.1  12:05p  60.0  12:00a   1.3   4.8  0.00   0.3  14.0   6:38p     S
24  71.3  80.0   4:03p  60.8  11:59p   0.1   6.4  0.00   1.2  15.0   2:42p   WNW
25  63.4  75.9   2:15p  51.0   5:33a   4.5   2.9  0.00   0.9  14.0   5:14p   WNW
26  60.0  73.1   6:19p  49.2   5:16a   6.3   1.3  0.00   0.8  10.0  11:42a   WNW
27  58.9  72.8  12:58p  48.8   5:37a   7.1   1.0  0.00   0.7  12.0   2:45p   WSW
28  60.5  74.4   5:47p  49.3   2:55a   6.1   1.6  0.00   0.8  18.0   1:30p   WNW
29  58.2  68.8  10:54a  48.4   4:54a   7.1   0.3  0.00   0.2  13.0   9:24p     W
30  69.2  79.3  12:07p  60.5  12:00a   0.8   5.0  0.00   0.3  10.0  10:20a   SSW
----------------------------------------------------------------------------------
    63.4  91.8    11    38.7    15   158.8 110.1  0.19   0.9  21.0    18     WSW

Max >=  80.0:  8
Max <=  32.0:  0
Min <=  32.0:  0
Min <=   0.0:  0
Max Rain: 0.18 on day 8
Days of Rain: 2 (>= 0.01 in)  1 (>= 0.10 in)  0 (>= 1.00 in)
Heat Base: 65.0  Cool Base: 65.0  Method: Integration