NOAA-Style Climate Reports


Report for 2017 May
                   Monthly Climatological Summary for May 2017

Name: Old Pump Road Wx   City: Jericho   State: Vermont
Elevation: 646 ft  Lat: N 44° 30' 34"   Lon: W 072° 59' 42"

                  Temperature (°F), Rain (in), Wind Speed (mph)

                                      Heat  Cool        Avg
    Mean                              Deg   Deg         Wind                 Dom
Day Temp  High   Time   Low    Time   Days  Days  Rain  Speed High   Time    Dir
----------------------------------------------------------------------------------
 1  54.8  67.9   5:12p  48.1  12:00a  10.3   0.1  1.04   0.9  17.0   9:31p   SSE
 2  52.1  57.6  10:13a  44.6  11:31p  12.9   0.0  0.23   0.3  14.0   7:20p   WNW
 3  43.5  50.7   7:01p  32.4  11:57p  21.5   0.0  0.12   1.9  19.0  11:29a   WNW
 4  47.6  63.7   2:49p  29.3   4:55a  17.4   0.0  0.02   0.7  11.0   1:25p     W
 5  47.4  51.1  11:59p  42.8   6:53a  17.5   0.0  0.41   1.8  24.0   7:57p    SE
 6  59.8  69.4   5:01p  50.0   3:11a   5.7   0.5  0.12   2.9  25.0  12:22p    SE
 7  49.2  59.5  12:00a  38.5  11:59p  15.8   0.0  0.24   1.7  17.0  12:43p     S
 8  37.4  42.9   2:02p  34.1  11:57p  27.6   0.0  0.06   1.3  13.0  10:44a   WNW
 9  39.7  47.2  12:06p  31.3   6:12a  25.3   0.0  0.00   0.5   7.0   1:25p   NNW
10  44.0  51.3   3:28p  34.3   6:19a  21.0   0.0  0.00   1.4  14.0  10:43a   NNW
11  47.3  60.6   2:30p  37.2   5:21a  17.7   0.0  0.00   1.4  13.0  12:11p    NW
12  52.4  70.7   7:10p  34.3   6:00a  12.9   0.5 21.94   0.3   8.0  10:43a   ESE
13  53.1  62.9   4:43p  41.9   4:44a  11.8   0.0  3.32   0.7  10.0   4:04p     S
14  47.2  51.9  12:49p  42.4   6:14a  17.8   0.0  0.30   0.7   9.0  10:38p     W
15  53.2  63.6   3:40p  44.8  12:46a  11.8   0.0  0.35   3.3  20.0  12:42p    NW
16  57.5  71.9   6:02p  42.5   4:35a   8.8   1.3  0.00   1.5  15.0   2:48p    NW
17  70.3  88.9   4:40p  49.3   5:00a   4.5   9.9  0.66   1.3  18.0   4:43p   WSW
18  73.4  90.6   3:02p  58.2   5:25a   1.3   9.6  0.00   0.8  21.0   5:36p   SSW
19  57.7  71.5  12:05a  41.2  11:52p   8.2   0.9  0.00   1.7  18.0  10:01a    NW
20  49.3  61.9   5:37p  37.0  11:58p  15.7   0.0  4.30   1.7  16.0   1:24p    NW
21  53.0  71.3   2:58p  33.0   4:56a  12.6   0.7  0.00   0.4   8.0  11:24a     W
22  51.1  54.4   4:57p  46.8   6:28a  13.9   0.0  0.00   0.6  17.0   4:00a   SSE
23  57.9  71.1   3:35p  45.1   5:46a   7.8   0.7  0.00   0.6  11.0  10:07a   WSW
24  61.8  78.6   4:41p  45.5   5:50a   6.2   3.1  0.00   0.4   7.0  10:34a     W
25  57.2  65.1  11:24a  52.0  11:51p   7.8   0.0  0.00   0.5  13.0  10:26a   SSE
26  52.4  55.8   2:02p  48.3  11:39p  12.6   0.0  0.00   1.0  11.0   2:30p    NW
27  57.2  70.3   5:05p  46.0   6:15a   8.8   1.0  0.00   0.8   9.0   5:10p    NW
28  62.6  77.1   1:50p  45.4   5:40a   6.5   4.0  0.00   2.4  14.0   1:50p   SSW
29  56.6  61.7   9:10a  52.3   4:50p   8.2   0.0  0.00   4.5  14.0   8:40a   SSE
30  56.3  64.8   3:17p  49.8   5:06a   8.7   0.0  0.00   0.7  10.0   7:28a   SSE
31  59.2  71.2   1:00p  49.5  11:35p   6.3   0.5  0.00   1.0  26.0   2:59p   SSE
----------------------------------------------------------------------------------
    53.6  90.6    18    29.3     4   384.9  32.8 33.11   1.3  26.0    31     WSW

Max >=  80.0:  2
Max <=  32.0:  0
Min <=  32.0:  2
Min <=   0.0:  0
Max Rain: 21.94 on day 12
Days of Rain: 14 (>= 0.01 in)  12 (>= 0.10 in)  4 (>= 1.00 in)
Heat Base: 65.0  Cool Base: 65.0  Method: Integration