NOAA-Style Climate Reports


Report for 2017 April
                   Monthly Climatological Summary for Apr 2017

Name: Old Pump Road Wx   City: Jericho   State: Vermont
Elevation: 646 ft  Lat: N 44° 30' 34"   Lon: W 072° 59' 42"

                  Temperature (°F), Rain (in), Wind Speed (mph)

                                      Heat  Cool        Avg
    Mean                              Deg   Deg         Wind                 Dom
Day Temp  High   Time   Low    Time   Days  Days  Rain  Speed High   Time    Dir
----------------------------------------------------------------------------------
 1  33.9  39.3   1:31p  31.0   6:05a  31.1   0.0  5.93   0.4  10.0  12:26a   WNW
 2  38.1  49.2   2:25p  27.5  11:55p  26.9   0.0 46.56   1.1  12.0   4:08p   WNW
 3  37.6  54.3   5:14p  23.6   6:39a  27.4   0.0 44.02   0.4   7.0   2:26p   SSW
 4  42.2  49.0   1:45a  37.6  11:56p  22.8   0.0  3.76   3.1  26.0  12:47p    SE
 5  40.2  47.3   3:32p  35.7   5:02a  24.8   0.0 60.81   0.2   9.0  12:20a   NNW
 6  39.8  42.5   2:37a  37.7   1:35p  25.2   0.0 12.15   1.5  20.0   3:04p    SE
 7  38.3  41.6  10:06a  32.5  11:58p  26.7   0.0 34.58   1.2  18.0  11:45p   WNW
 8  33.0  39.3   4:13p  27.6  11:49p  32.0   0.0 80.95   2.4  18.0   1:46p   WNW
 9  42.5  64.0   5:41p  23.0   5:59a  22.5   0.0 44.57   0.4   8.0   1:47p     S
10  60.7  76.7   5:26p  38.2   6:15a   8.0   3.7  6.46   1.3  17.0   3:34p   SSE
11  60.0  77.7   1:58p  47.5  11:56p   7.5   2.4  0.10   1.2  14.0   1:38p   WNW
12  48.4  54.7   5:39p  43.7  11:51p  16.6   0.0  0.02   1.5  22.0   7:42p   WNW
13  43.2  53.9   4:35p  31.2  11:59p  21.8   0.0  3.81   2.8  20.0   2:11p    NW
14  41.6  58.0   5:16p  25.6   6:28a  23.4   0.0  7.27   0.9  11.0   3:05p    NW
15  48.3  66.7   1:03p  26.4   5:26a  16.8   0.1 34.86   1.1  17.0   1:36p     S
16  61.1  78.5   3:40p  50.6   3:06a   5.9   2.0  4.78   0.8  16.0   8:41p     W
17  46.8  54.1  12:00a  38.0  11:59p  18.2   0.0  2.01   3.1  17.0   7:23a    NW
18  40.5  50.9   6:32p  31.7  10:53p  24.5   0.0  0.00   1.5  13.0  12:32p    NW
19  44.6  53.5  12:56p  40.7   3:28a  20.4   0.0  0.62   2.2  20.0   6:06p   SSE
20  43.8  46.1   4:30p  39.8  10:10p  21.2   0.0  0.10   0.9   9.0   8:19a    NW
21  46.3  49.1  12:59a  43.3  11:43p  18.5   0.0  0.54   2.3  23.0   7:42a    SE
22  43.5  47.5   2:51p  39.7  11:55p  21.5   0.0  0.02   0.6  10.0  12:37p    NW
23  48.4  66.1   5:45p  30.6   6:14a  16.6   0.0  0.00   0.7   9.0  11:31a   SSW
24  44.7  54.6   5:14p  34.7  11:17p  20.3   0.0  0.00   1.7  11.0  12:30p    NW
25  45.4  60.9  11:15a  29.6   5:32a  19.5   0.0  0.01   2.0  21.0  12:21p   SSE
26  58.4  72.0   3:26p  49.4   4:47a   7.4   0.8  0.20   1.2  13.0   3:44p    SE
27  64.1  76.2   3:12p  47.1   5:27a   4.7   3.8  2.22   1.3  12.0   2:32p    SE
28  67.5  77.9   5:08p  56.5  11:36p   1.2   3.7  0.00   1.7  15.0  12:25p     W
29  60.8  70.1   4:42p  40.9  11:58p   5.3   1.1  0.00   2.3  20.0   7:50p   WNW
30  40.1  48.2  11:57p  32.7   5:39a  24.9   0.0  0.03   0.8  11.0   7:30a    NW
----------------------------------------------------------------------------------
    46.8  78.5    16    23.0     9   563.6  17.6396.38   1.4  26.0     4       W

Max >=  80.0:  0
Max <=  32.0:  0
Min <=  32.0: 11
Min <=   0.0:  0
Max Rain: 80.95 on day 8
Days of Rain: 25 (>= 0.01 in)  21 (>= 0.10 in)  16 (>= 1.00 in)
Heat Base: 65.0  Cool Base: 65.0  Method: Integration