NOAA-Style Climate Reports


Report for 2017 March
                   Monthly Climatological Summary for Mar 2017

Name: Old Pump Road Wx   City: Jericho   State: Vermont
Elevation: 646 ft  Lat: N 44° 30' 34"   Lon: W 072° 59' 42"

                  Temperature (°F), Rain (in), Wind Speed (mph)

                                      Heat  Cool        Avg
    Mean                              Deg   Deg         Wind                 Dom
Day Temp  High   Time   Low    Time   Days  Days  Rain  Speed High   Time    Dir
----------------------------------------------------------------------------------
 1  52.9  60.7   5:03p  47.1  12:00a  12.1   0.0  0.00   1.6  21.0   2:41p     S
 2  27.7  50.1  12:09a  15.5  11:51p  37.2   0.0  1.42   4.7  27.0   7:24a   WNW
 3  13.4  20.7   1:07p   6.8  11:59p  51.6   0.0  0.00   2.7  20.0  10:58p    NW
 4   3.8   6.9  12:00a   0.3   9:47a  61.2   0.0  0.00   3.9  21.0   8:22a    NW
 5   7.3  18.3   3:51p  -0.3   2:49a  57.7   0.0  0.00   1.4  17.0  12:20p    NW
 6  21.0  39.3   3:34p  -0.4   3:23a  44.0   0.0 14.37   0.2   6.0  12:24p   SSW
 7  38.9  48.7  11:59p  30.9  12:01a  26.1   0.0  0.08   1.0  15.0   9:17p   SSE
 8  42.8  51.8   2:28p  35.1   7:42a  22.2   0.0  8.37   1.9  32.0   3:13p    SW
 9  30.0  39.5  12:27a  25.6   9:20a  35.0   0.0 31.10   3.6  27.0  10:17a   WNW
10  20.6  27.7   9:47a   6.6  11:56p  44.4   0.0 40.32   2.5  24.0   9:51p    NW
11   1.1   6.6  12:00a  -4.8   5:45a  63.9   0.0  0.00   5.5  23.0   2:09p   WNW
12   6.7  14.7   3:41p   0.1   7:24a  55.9   0.0  3.04   3.4  20.0  12:28a   WNW
13  10.2  19.6   4:40p  -3.6   7:18a  54.7   0.0 16.10   0.6  12.0   9:37a    NW
14  17.4  20.4   1:50p  15.0  12:00a  47.6   0.0  0.00   1.7  25.0   7:50p   NNW
15  17.5  21.3   1:35p  14.8   1:43a  47.5   0.0  6.31   2.3  16.0   1:47a   WNW
16  18.5  24.9   4:18p  13.9   7:10a  46.5   0.0 58.38   2.9  25.0  12:45a    NW
17  19.2  31.0   4:50p   6.2   7:29a  45.8   0.0 63.32   1.0  11.0   2:31p    NW
18  22.1  42.1   4:09p  -1.1   7:07a  42.9   0.0 13.02   0.4   9.0  11:01p    SE
19  28.8  41.7   1:27p  13.1   7:23a  36.2   0.0  9.06   1.1  13.0   3:53p    NW
20  30.2  46.7   4:29p  10.7   7:18a  34.8   0.0  0.00   0.6  10.0   2:38p    NW
21  33.3  37.1   2:57p  29.8   9:52p  31.7   0.0  0.07   0.1   4.0   2:56a   WNW
22  14.7  32.2   2:19a   1.4  11:59p  50.3   0.0  0.35   4.7  26.0  11:05a    NW
23  14.6  31.4   5:39p  -5.4   5:26a  50.4   0.0 27.11   1.4  17.0  11:56a    NW
24  28.0  32.3   8:26p  17.8   2:23a  37.0   0.0  0.00   0.5  15.0   7:58a   SSE
25  31.0  36.1   1:57p  19.8  11:59p  34.0   0.0 29.19   0.9  10.0   3:11p    NW
26  28.3  44.3   2:05p   8.7   7:07a  36.7   0.0 48.27   0.5   9.0   8:06p   SSE
27  37.3  42.5   3:51p  33.6   7:11a  27.7   0.0  0.47   0.2  10.0   2:00a   SSE
28  39.1  54.4  12:22p  33.4  11:58p  25.9   0.0  0.73   0.5   9.0   3:16p    NW
29  34.8  37.6   3:10p  32.8  12:27a  30.2   0.0166.81   1.9  18.0   1:45p    NW
30  34.0  41.4   4:47p  27.8   6:53a  31.0   0.0 79.71   1.6  16.0   9:13a    NW
31  33.9  37.8   9:53a  29.2   1:06a  31.1   0.0 96.06   0.8  12.0   1:58p    SE
----------------------------------------------------------------------------------
    24.5  60.7     1    -5.4    23  1253.3   0.0713.66   1.8  32.0     8     WNW

Max >=  80.0:  0
Max <=  32.0: 12
Min <=  32.0: 26
Min <=   0.0:  6
Max Rain: 166.81 on day 29
Days of Rain: 23 (>= 0.01 in)  21 (>= 0.10 in)  18 (>= 1.00 in)
Heat Base: 65.0  Cool Base: 65.0  Method: Integration