NOAA-Style Climate Reports


Report for 2017 February
                   Monthly Climatological Summary for Feb 2017

Name: Old Pump Road Wx   City: Jericho   State: Vermont
Elevation: 646 ft  Lat: N 44° 30' 34"   Lon: W 072° 59' 42"

                  Temperature (°F), Rain (in), Wind Speed (mph)

                                      Heat  Cool        Avg
    Mean                              Deg   Deg         Wind                 Dom
Day Temp  High   Time   Low    Time   Days  Days  Rain  Speed High   Time    Dir
----------------------------------------------------------------------------------
 1  23.6  31.1  12:58p  12.5  12:07a  41.3   0.0  0.00   0.2  10.0   2:39p     W
 2  23.5  26.6   4:01a  17.7  11:34p  41.5   0.0  0.00   2.0  17.0   9:39a   WNW
 3  18.8  24.3   2:27p  15.4   5:03a  46.2   0.0  0.00   0.4  11.0   1:20p   WNW
 4  19.0  25.7   4:19p   4.2   7:35a  46.0   0.0  0.00   1.3  17.0   5:48p   WNW
 5  27.0  31.4   3:46p  21.1   2:30a  38.0   0.0  0.00   1.4  21.0  11:22p    SW
 6  16.2  26.3  12:00a  11.3   7:22a  48.8   0.0  0.00   1.6  18.0   3:05a   WNW
 7  22.5  30.4  11:59p  15.8   4:37a  42.5   0.0  0.00   1.6  28.0   7:35p    SE
 8  34.4  42.0   7:25a  21.6  11:59p  30.6   0.0  0.10   2.5  24.0  12:02a   WNW
 9   8.8  21.7  12:00a  -1.8   8:39p  56.2   0.0  0.01   1.5  13.0   4:33p    NW
10   5.0   9.2   2:36p  -2.4  12:54a  60.0   0.0  0.00   2.3  24.0   8:44a    NW
11  15.2  24.2  12:58p   6.4  12:00a  49.8   0.0  0.00   0.0   2.0   1:56p     S
12  18.3  27.1  12:43p   4.8   3:34a  46.7   0.0  0.00   1.0  16.0  11:05a   SSE
13  20.7  25.3  12:00a  16.3  10:10a  43.9   0.0  0.00   1.1  12.0   3:10p    NW
14  22.9  30.4   3:25p  11.7   7:42a  42.1   0.0  0.61   0.2   7.0   2:25p     S
15  29.7  37.0  11:30a  22.3  11:22p  35.3   0.0  0.02   0.1   5.0  12:02p    SW
16  22.7  25.2   2:54p  21.1  11:48p  42.3   0.0  0.00   0.0   0.0  12:00a   ---
17  20.3  30.0   4:05p  10.2  11:26p  44.2   0.0  1.87   0.0   0.0  12:00a   ---
18  32.3  50.6   3:52p  10.4  12:05a  32.6   0.0  1.04   0.7  12.0   3:48p    SW
19  40.4  49.3   1:45p  32.5  12:09a  24.6   0.0  0.00   1.8  18.0   1:50p    NW
20  27.8  35.2  12:00a  16.0  11:40p  37.2   0.0  0.00   2.3  14.0   8:24a    NW
21  29.7  44.3   2:53p  11.4   5:41a  35.3   0.0  0.00   0.8  12.0   7:59p   SSE
22  42.2  56.5   4:08p  34.4   8:14p  22.8   0.0  7.49   0.4   9.0   1:41p   WSW
23  48.8  63.4   1:48p  35.9   5:48a  16.2   0.0 14.48   1.1  16.0  11:53a     S
24  39.8  48.9  11:45a  32.2   7:04a  25.3   0.0 11.59   0.1   5.0  12:02a   WNW
25  47.0  64.9   3:13p  32.1  11:12p  18.0   0.0  0.00   1.6  25.0   6:20p   SSE
26  27.6  33.2   2:00a  18.6  10:05p  37.5   0.0  6.78   2.7  23.0   2:30p   WNW
27  34.9  41.6   5:19p  25.3  12:00a  30.1   0.0  0.08   1.3  13.0   9:10a     S
28  39.5  51.3   1:38p  25.0   6:44a  25.5   0.0  0.12   0.8  11.0   8:40p    SE
----------------------------------------------------------------------------------
    27.1  64.9    25    -2.4    10  1060.5   0.0 44.19   1.1  28.0     7       W

Max >=  80.0:  0
Max <=  32.0: 15
Min <=  32.0: 23
Min <=   0.0:  2
Max Rain: 14.48 on day 23
Days of Rain: 12 (>= 0.01 in)  9 (>= 0.10 in)  6 (>= 1.00 in)
Heat Base: 65.0  Cool Base: 65.0  Method: Integration