NOAA-Style Climate Reports


Report for 2017 January
                   Monthly Climatological Summary for Jan 2017

Name: Old Pump Road Wx   City: Jericho   State: Vermont
Elevation: 646 ft  Lat: N 44° 30' 34"   Lon: W 072° 59' 42"

                  Temperature (°F), Rain (in), Wind Speed (mph)

                                      Heat  Cool        Avg
    Mean                              Deg   Deg         Wind                 Dom
Day Temp  High   Time   Low    Time   Days  Days  Rain  Speed High   Time    Dir
----------------------------------------------------------------------------------
 1  31.4  34.8  12:20p  21.4  11:57p  33.6   0.0  0.00   1.5  20.0   9:43a     W
 2  25.7  39.9   2:08p  17.0   3:37a  39.3   0.0  0.00   0.1   4.0  11:10a   WSW
 3  36.4  38.4   2:55p  25.8  12:00a  28.6   0.0  0.23   2.0  21.0   3:44p    SE
 4  65.2 164.0   3:09a  25.2  12:00a  23.2  23.4  0.12   1.3  24.0   7:54p     W
 5  23.5  26.5  12:03p  20.2   1:50a  36.2   0.0  0.00   4.0  20.0   2:50a     W
 6  19.5  23.5  12:49p  15.3   9:01p  45.5   0.0  0.00   0.7  11.0   1:10p   WNW
 7  13.0  21.8  12:31p   5.4  11:56p  52.0   0.0  0.00   0.5  10.0   2:57p    NW
 8   4.6  12.6  12:41p  -4.2   3:37a  60.4   0.0  0.00   0.8  19.0   7:49p    NW
 9   8.1  16.8   6:57p  -5.3   8:18a  56.9   0.0  0.00   0.9  18.0   5:35p   SSE
10  22.7  37.1  10:17p  13.0   3:33a  42.3   0.0  0.00   1.6  26.0   7:50p   SSE
11  41.2  49.1   2:15p  34.7   3:23a  23.8   0.0  0.17   2.6  19.0  12:40a     S
12  48.3  53.7   1:15p  42.7   3:47a  16.6   0.0  0.02   1.9  18.0  11:32a     S
13  27.4  43.1  12:00a   8.8  11:59p  37.6   0.0  0.00   4.8  24.0   1:10a   WNW
14  11.9  20.3  11:57p   2.1   8:10a  53.1   0.0  0.00   0.2   7.0   1:30p    SW
15  17.9  22.3   8:20a   8.0  11:12p  47.1   0.0  0.02   0.8  13.0   9:40a   NNW
16  20.1  35.0   2:41p   6.2   2:59a  44.7   0.0  0.00   0.5  10.0  11:51a   SSW
17  27.9  38.5   1:26p  15.5   6:45a  37.1   0.0  0.00   0.6  16.0  10:21p    SE
18  34.0  36.8  10:50a  32.2  12:04a  31.0   0.0  0.09   1.2  17.0   1:56a    SE
19  33.8  36.3  11:43a  31.8  11:04p  31.2   0.0  0.02   0.2   9.0   1:02p    NW
20  33.7  36.9  12:32p  30.9   7:30a  31.3   0.0  0.00   0.4  10.0   9:05a   SSE
21  37.0  40.9   2:52p  32.7  12:10a  28.0   0.0  0.03   0.0   5.0   2:22a   SSE
22  34.6  36.9  12:00a  32.5   8:23p  30.4   0.0  0.01   0.2   7.0   3:44p   WNW
23  33.6  36.3  10:48a  29.4   8:48p  31.4   0.0  0.00   0.7  10.0  10:28a    SE
24  30.5  33.0  12:12p  25.9  11:17p  34.5   0.0  0.07   0.9  10.0   5:29p   SSW
25  28.2  31.0  11:44p  25.6   1:53a  36.8   0.0  0.00   0.5  13.0   4:01a   SSW
26  33.8  39.4  12:25p  30.0   8:54p  31.2   0.0  0.53   0.5  12.0   2:17p   WNW
27  31.8  33.5   3:57p  27.3  11:22p  33.2   0.0  0.00   3.1  21.0   7:00a   WNW
28  30.2  34.8   2:22p  26.6   2:00a  34.8   0.0  0.00   1.4  17.0   3:18p   WNW
29  30.3  35.7  12:16p  25.6  11:38p  34.7   0.0  0.00   1.8  15.0  12:16p   WSW
30  18.0  25.7  12:00a   7.2  11:58p  47.0   0.0  0.00   1.0  12.0  12:01a    NW
31  14.0  26.0   1:50p  -0.4   7:24a  51.0   0.0  0.00   0.3   8.0  11:33a     S
----------------------------------------------------------------------------------
    28.0 164.0     4    -5.3     9  1164.5  23.4  1.31   1.2  26.0    10     WSW

Max >=  80.0:  1
Max <=  32.0: 10
Min <=  32.0: 26
Min <=   0.0:  3
Max Rain: 0.53 on day 26
Days of Rain: 11 (>= 0.01 in)  4 (>= 0.10 in)  0 (>= 1.00 in)
Heat Base: 65.0  Cool Base: 65.0  Method: Integration