NOAA-Style Climate Reports


Report for 2017
                   Annual Climatological Summary for 2017

Name: Old Pump Road Wx   City: Jericho   State: Vermont
Elevation: 646 ft  Lat: N 44° 30' 34"   Lon: W 072° 59' 42"

                  Temperature (°F), Heat Base: 65.0  Cool Base: 65.0
                          Dep.  Heat  Cool                       Max  Max  Min  Min
        Mean  Mean        From  Deg   Deg                        >=   <=   <=   <=
 YR MO  Max   Min   Mean  Norm  Days  Days  Hi  Date  Low  Date 80.0 32.0 32.0   0.0
------------------------------------------------------------------------------------
 17  1  37.4  19.6  28.0   9.0  1164    23 164.0   4  -5.3    9    1   10   26    3
 17  2  36.0  17.2  27.1   5.1  1060     0  64.9  25  -2.4   10    0   15   23    2
 17  3  34.2  14.9  24.5  -5.5  1253     0  60.7   1  -5.4   23    0   12   26    6
 17  4  57.3  36.5  46.8  -0.2   563    17  78.5  16  23.0    9    0    0   11    0
 17  5  64.4  42.8  53.6  -2.4   384    32  90.6  18  29.3    4    2    0    2    0
 17  6  74.9  52.2  63.4  -3.6   158   110  91.8  11  38.7   15    8    0    0    0
 17  7  78.0  56.1  66.8  -4.2    85   141  86.1  18  43.8   30   11    0    0    0
 17  8  77.5  52.8  64.4  -4.6   137   118  87.4   4  40.5   27   13    0    0    0
 17  9  74.3  50.2  60.9  -1.1   212    88  92.1  26  35.1   30    9    0    0    0
 17 10  65.5  43.8  54.2   5.2   355    21  76.1   8  27.0   17    0    0    3    0
 17 11  44.8  26.5  35.9  -4.1   494     0  63.7   2  15.2   11    0    1   11    0
 17 12
------------------------------------------------------------------------------------
        58.6  37.5  47.8  -0.6  5871   554 164.0 Jan  -5.4  Mar   44   38  102   11

                                Precipitation (in)

              Dep.   Max        Days of Rain
              From   Obs.           >=
 YR MO Total  Norm   Day Date 0.01 0.10 1.00
---------------------------------------------
 17  1  1.31 -1.39  0.53  26    11    4    0
 17  2 44.19 42.19 14.48  23    12    9    6
 17  3713.66710.78166.81  29    23   21   18
 17  4396.38393.31 80.95   8    25   21   16
 17  5 33.11 29.90 21.94  12    14   12    4
 17  6  0.19 -3.57  0.18   8     2    1    0
 17  7  0.00 -3.93  0.00   0     0    0    0
 17  8  0.00 -4.69  0.00   0     0    0    0
 17  9  0.00 -4.44  0.00   0     0    0    0
 17 10  0.03 -3.52  0.03  12     1    0    0
 17 11  0.00 -3.47  0.00   0     0    0    0
 17 12
---------------------------------------------
     1188.901151.20166.81  Mar   88   68   44

                                Wind Speed (mph)
                          Dom
 YR MO   Avg.  Hi   Date  Dir
------------------------------
 17  1   1.2  26.0   10   WSW
 17  2   1.1  28.0    7     W
 17  3   1.8  32.0    8   WNW
 17  4   1.4  26.0    4     W
 17  5   1.3  26.0   31   WSW
 17  6   0.9  21.0   18   WSW
 17  7   0.7  21.0   17   WNW
 17  8   0.9  26.0   15   WNW
 17  9   0.6  19.0    1   WNW
 17 10   1.6  34.0   30   SSW
 17 11   1.5  23.0   10     W
 17 12
------------------------------
         1.2  34.0  Oct     W