NOAA-Style Climate Reports


Report for 2016 December
                   Monthly Climatological Summary for Dec 2016

Name: Old Pump Road Wx   City: Jericho   State: Vermont
Elevation: 646 ft  Lat: N 44° 30' 34"   Lon: W 072° 59' 42"

                  Temperature (°F), Rain (in), Wind Speed (mph)

                                      Heat  Cool        Avg
    Mean                              Deg   Deg         Wind                 Dom
Day Temp  High   Time   Low    Time   Days  Days  Rain  Speed High   Time    Dir
----------------------------------------------------------------------------------
 1  42.6  48.3  10:49a  37.3   9:43p  22.3   0.0  0.00   4.0  28.0   1:31a   SSE
 2  37.4  43.5   2:04p  32.9  10:25p  27.6   0.0  0.00   0.7  14.0   3:22p     W
 3  32.1  34.1   2:57a  29.6  11:00p  32.9   0.0  0.00   2.7  15.0   7:21p   WNW
 4  27.9  30.9   2:02p  18.8  11:55p  37.1   0.0  0.00   0.9  15.0  12:36a    NW
 5  27.6  32.8   1:52p  18.4  12:30a  37.3   0.0  0.00   0.1   7.0   8:50a   SSE
 6  28.7  34.1  12:40p  25.2   8:57p  36.3   0.0  0.00   0.1   5.0   2:08p     N
 7  31.1  37.1   2:12p  26.0  12:00a  33.9   0.0  0.00   0.3  11.0  12:17p     S
 8  31.6  34.3  10:01a  29.3   6:02p  33.4   0.0  0.00   0.7  16.0   9:25p     W
 9  23.0  29.9  12:00a  18.3  10:02p  42.0   0.0  0.00   4.3  21.0   1:13p   WNW
10  17.9  21.0   2:22p  14.6  11:47p  47.1   0.0  0.00   1.3  14.0   3:08a    NW
11  18.8  26.1   2:39p   7.4   6:58a  46.2   0.0  0.00   0.2   7.0  11:35p   SSE
12  29.6  34.1   5:32p  23.4   1:50a  35.4   0.0  0.00   0.7  15.0   9:28p   SSW
13  29.5  34.5   1:21p  22.6   8:24a  35.5   0.0  0.00   0.8  13.0   8:20p   SSW
14  25.7  32.0  12:06a  19.7  11:09p  39.3   0.0  0.00   2.1  17.0  11:21a     W
15  10.3  21.2  12:05a  -3.7  11:49p  54.7   0.0  0.00   4.3  29.0   6:13p   WNW
16  -1.3   4.9  11:42p  -9.3   8:01a  66.3   0.0  0.00   1.2  25.0  12:10a   WNW
17  19.5  25.8  11:58p   4.8  12:00a  45.5   0.0  0.00   0.2   8.0   7:24a   SSE
18  29.8  43.2   8:06a   7.6  11:59p  35.2   0.0  0.00   3.3  28.0   5:27p   WNW
19   5.6  15.6   1:31p  -4.9   8:11a  59.0   0.0  0.00   0.3   7.0  12:09a   NNW
20  16.1  26.6  11:36p   0.7   3:56a  48.9   0.0  0.00   1.3  17.0   7:39p   SSE
21  30.9  38.1   2:43p  26.5  12:00a  34.1   0.0  0.01   0.9  14.0  12:07a   SSW
22  30.5  32.9  11:23a  27.0   6:57a  34.5   0.0  0.00   0.3  11.0   4:25a     S
23  33.4  39.0   2:02p  27.3   9:00a  31.6   0.0  0.08   0.6  12.0   1:55p   SSE
24  35.7  40.8   8:27a  33.0   3:51a  29.3   0.0  0.10   1.1  20.0  10:12a     S
25  25.1  36.9  12:00a   7.1  11:36p  39.9   0.0  0.00   1.5  19.0   9:11a    NW
26  22.9  39.6  11:46p   4.4   3:25a  42.1   0.0  0.21   2.1  28.0   4:48p   SSE
27  38.4  43.3   2:31a  32.3  11:42p  26.6   0.0  0.06   3.7  22.0  11:16a   WSW
28  25.4  32.4  12:00a  14.9   8:34p  39.6   0.0  0.00   1.0  13.0  11:04a    NW
29  26.6  31.3   2:54p  19.9  12:00a  38.3   0.0  0.00   0.7  13.0   8:58a    SE
30  25.0  29.5  10:40a  16.3  11:38p  40.0   0.0  0.00   2.0  29.0   4:41p   WNW
31  23.9  33.5  11:26p  13.5   2:31a  41.1   0.0  0.00   1.5  15.0   9:10p     S
----------------------------------------------------------------------------------
    25.8  48.3     1    -9.3    16  1213.0   0.0  0.46   1.4  29.0    15       W

Max >=  80.0:  0
Max <=  32.0: 12
Min <=  32.0: 27
Min <=   0.0:  3
Max Rain: 0.21 on day 26
Days of Rain: 5 (>= 0.01 in)  2 (>= 0.10 in)  0 (>= 1.00 in)
Heat Base: 65.0  Cool Base: 65.0  Method: Integration