NOAA-Style Climate Reports


Report for 2016 November
                   Monthly Climatological Summary for Nov 2016

Name: Old Pump Road Wx   City: Jericho   State: Vermont
Elevation: 646 ft  Lat: N 44° 30' 34"   Lon: W 072° 59' 42"

                  Temperature (°F), Rain (in), Wind Speed (mph)

                                      Heat  Cool        Avg
    Mean                              Deg   Deg         Wind                 Dom
Day Temp  High   Time   Low    Time   Days  Days  Rain  Speed High   Time    Dir
----------------------------------------------------------------------------------
 1  39.6  52.6   3:38p  23.6   5:57a  25.4   0.0  0.00   0.8  15.0  10:26p   SSE
 2  53.7  63.2   2:37p  45.6   9:42p  11.3   0.0  0.00   0.3   8.0  12:02a     S
 3  47.6  51.8   1:18p  44.5  11:51p  17.4   0.0  0.00   0.7  13.0   3:46p    NW
 4  35.6  44.5  12:00a  25.7  11:46p  29.4   0.0  0.00   1.7  13.0   7:14a    NW
 5  35.9  43.2   2:53p  24.4   1:33a  29.1   0.0  0.00   0.0   2.0   1:47p     N
 6  37.7  40.9   1:27a  28.0  11:57p  28.5   0.0  0.00   0.8  12.0   8:20a    NW
 7  33.5  48.5   2:31p  23.5   6:25a  31.5   0.0  0.00   0.1   3.0  10:46a     S
 8  40.2  60.7   2:20p  26.4   6:42a  24.6   0.0  0.00   0.2   5.0   1:48p   SSW
 9  41.2  45.7   9:16a  34.6  11:59p  23.8   0.0  0.00   1.5  16.0  10:29a    NW
10  38.4  46.8   6:48p  25.3   5:43a  26.6   0.0  0.00   1.2  17.0   4:29p     S
11  39.4  49.1   1:33a  30.5  10:31p  25.6   0.0  0.00   4.2  24.0   7:27a    NW
12  34.5  40.4   3:36p  23.9   6:38a  30.5   0.0  0.00   1.2  16.0   6:13p   WSW
13  38.7  51.9   2:15p  28.8   6:46a  26.3   0.0  0.00   0.5  11.0   1:33p    SW
14  40.0  55.7   2:18p  27.4   6:39a  25.0   0.0  0.00   0.3   9.0  12:35p     S
15  44.5  61.3  12:54p  32.8   2:23a  20.5   0.0  0.00   0.2  11.0  10:06p   SSE
16  43.9  45.5   9:07a  41.5  11:44p  20.9   0.0  0.00   0.5   6.0   9:40a    NW
17  42.9  44.7   2:13p  41.1  11:58p  22.1   0.0  0.00   0.6   8.0   5:01a    NW
18  40.4  54.4   2:02p  30.4   7:24a  24.6   0.0  0.00   0.1   5.0  12:30p    SW
19  46.0  66.2   1:34p  29.2   4:57a  19.1   0.1  0.00   0.6  12.0  12:53p     S
20  34.3  45.9  12:32a  26.3  11:35p  30.7   0.0  0.00   1.3  12.0   4:04p    NW
21  26.4  27.6  11:21a  24.8   8:12a  38.6   0.0  0.00   2.3  16.0  10:17a   WNW
22  28.4  29.8   6:35p  27.1   6:06a  36.5   0.0  0.00   3.2  19.0  12:23p   WNW
23  28.3  32.2   1:48p  26.6   4:57p  36.7   0.0  0.00   1.3  14.0   1:20a   WNW
24  30.1  36.8   1:30p  24.5   4:48a  34.8   0.0  0.00   0.0   5.0   3:06p   SSE
25  33.4  34.9   1:21p  31.7  12:00a  31.6   0.0  0.00   0.0   2.0   3:48p   NNW
26  34.9  40.3  11:06a  31.1  11:28p  30.1   0.0  0.00   0.2   6.0   3:13p   NNW
27  31.7  34.5  11:33a  28.7   7:54a  33.3   0.0  0.00   1.0  15.0   5:31p    NW
28  29.1  34.7   1:48p  22.6  11:22p  35.9   0.0  0.00   0.2   5.0  12:00a   NNW
29  36.8  42.8   3:38p  22.8  12:00a  28.2   0.0  0.00   0.5  13.0  12:17p    SE
30  43.5  51.0   2:05p  38.3   2:03a  21.5   0.0  0.00   1.1  25.0  10:29p    SE
----------------------------------------------------------------------------------
    37.7  66.2    19    22.6    28   820.1   0.1  0.00   0.9  25.0    30     WNW

Max >=  80.0:  0
Max <=  32.0:  2
Min <=  32.0: 23
Min <=   0.0:  0
Max Rain: 0.00 on day 0
Days of Rain: 0 (>= 0.01 in)  0 (>= 0.10 in)  0 (>= 1.00 in)
Heat Base: 65.0  Cool Base: 65.0  Method: Integration