NOAA-Style Climate Reports


Report for 2016 October
                   Monthly Climatological Summary for Oct 2016

Name: Old Pump Road Wx   City: Jericho   State: Vermont
Elevation: 646 ft  Lat: N 44° 30' 34"   Lon: W 072° 59' 42"

                  Temperature (°F), Rain (in), Wind Speed (mph)

                                      Heat  Cool        Avg
    Mean                              Deg   Deg         Wind                 Dom
Day Temp  High   Time   Low    Time   Days  Days  Rain  Speed High   Time    Dir
----------------------------------------------------------------------------------
 1  54.1  58.6   1:03p  48.9   7:32a  10.8   0.0  0.00   0.3   9.0  11:24a   SSE
 2  55.9  59.8   2:09p  53.1  11:52p   9.1   0.0  0.00   0.2   9.0  12:38a     S
 3  55.9  60.5   1:13p  52.8   1:13a   9.1   0.0  0.00   0.3   7.0   2:09p    NW
 4  57.3  66.9   3:38p  49.3  11:53p   7.8   0.1  0.00   0.1   6.0   3:36p     W
 5  55.1  71.4   4:17p  45.0   5:11a  10.8   0.9  0.00   0.1   5.0  11:57a     S
 6  54.7  73.0   4:55p  41.1   7:06a  11.5   1.2  0.00   0.3   7.0   1:55p   SSW
 7  56.9  75.6   4:08p  42.2   7:01a  10.1   2.0  0.00   0.4   8.0  11:51a     W
 8  62.4  68.2  11:53a  52.0  11:57p   3.0   0.4  0.00   1.1  14.0   3:01p   SSE
 9  49.8  53.1  11:37a  45.1  11:54p  15.2   0.0  0.00   1.4  12.0  11:51a    NW
10  40.6  48.2   4:08p  31.8  11:40p  24.4   0.0  0.00   2.2  17.0  12:03p    NW
11  43.8  65.6   4:35p  28.7   6:23a  21.2   0.0  0.00   0.2   5.0   2:09p    SW
12  54.6  70.0   2:24p  37.9   1:57a  11.0   0.6  0.00   0.8  13.0  12:00p     S
13  52.8  60.0  11:27a  44.2  11:57p  12.2   0.0  0.00   1.8  16.0   4:31p     W
14  41.2  50.7   4:29p  30.4  10:40p  23.8   0.0  0.00   0.9  11.0  12:45p   NNW
15  42.3  60.9   4:34p  26.6   6:15a  22.7   0.0  0.00   0.5  10.0   1:04p     S
16  57.9  64.3   1:32p  48.8   3:29a   7.1   0.0  0.00   0.9  12.0  11:56a     S
17  55.7  64.3   2:20p  48.4   5:45a   9.2   0.0  0.00   0.8   8.0  10:30a    NW
18  65.4  76.8   8:06p  53.5  12:00a   3.7   4.1  0.00   1.2  23.0   8:13p   SSE
19  57.5  66.0   2:02p  41.5  11:57p   7.5   0.1  0.00   1.7  14.0   2:33p   WNW
20  48.5  56.4  11:22a  38.0   3:48a  16.5   0.0  0.00   0.4  16.0   5:38p   SSE
21  54.8  69.1  12:09p  47.0  11:44p  10.5   0.3  0.00   1.3  12.0  10:52a   WNW
22  42.0  47.0  12:00a  32.1  11:34p  23.0   0.0  0.00   2.0  15.0   2:59p   WNW
23  39.9  47.0   3:24p  32.1  12:00a  24.7   0.0  0.00   3.5  22.0   3:03p   WNW
24  42.1  45.1   1:02p  37.5  11:56p  22.6   0.0  0.00   3.9  22.0   1:20p   WNW
25  36.8  38.8   3:59p  35.1   7:40a  28.2   0.0  0.00   3.8  17.0   6:34a   WNW
26  33.0  36.8  12:00a  29.1  10:01p  32.0   0.0  0.00   1.2  12.0  10:59a    NW
27  34.4  39.9  11:39a  27.2   6:34a  30.6   0.0  0.00   1.3  21.0  10:32p   SSE
28  38.9  42.4  11:43a  37.3   5:58a  26.1   0.0  0.00   1.5  18.0   1:50a    NW
29  40.6  47.6   7:05p  36.4   4:40a  24.4   0.0  0.00   0.2   7.0   1:34p   WSW
30  41.3  47.3  12:29a  36.8  11:07p  23.7   0.0  0.00   1.1  12.0   2:01a    NW
31  36.3  38.3  12:06p  30.2  11:58p  28.7   0.0  0.00   0.9  10.0  12:21p    NW
----------------------------------------------------------------------------------
    48.5  76.8    18    26.6    15   521.2   9.7  0.00   1.2  23.0    18     WNW

Max >=  80.0:  0
Max <=  32.0:  0
Min <=  32.0:  7
Min <=   0.0:  0
Max Rain: 0.00 on day 0
Days of Rain: 0 (>= 0.01 in)  0 (>= 0.10 in)  0 (>= 1.00 in)
Heat Base: 65.0  Cool Base: 65.0  Method: Integration