NOAA-Style Climate Reports


Report for 2016 September
                   Monthly Climatological Summary for Sep 2016

Name: Old Pump Road Wx   City: Jericho   State: Vermont
Elevation: 646 ft  Lat: N 44° 30' 34"   Lon: W 072° 59' 42"

                  Temperature (°F), Rain (in), Wind Speed (mph)

                                      Heat  Cool        Avg
    Mean                              Deg   Deg         Wind                 Dom
Day Temp  High   Time   Low    Time   Days  Days  Rain  Speed High   Time    Dir
----------------------------------------------------------------------------------
 1  64.6  72.0   3:05p  54.7  11:34p   2.2   1.8  0.00   1.4  13.0  12:00p    NW
 2  59.2  68.4   2:52p  48.8  11:58p   6.2   0.4  0.00   1.4  12.0   1:57p    NW
 3  57.6  72.3   4:11p  43.8   6:12a   9.0   1.5  0.00   0.6   8.0   1:57p   WNW
 4  62.5  80.4   5:28p  47.0   6:27a   6.6   4.1  0.00   0.3   7.0  11:55a   WSW
 5  64.9  83.1   5:23p  50.5   6:39a   5.3   5.2  0.00   0.4  10.0   1:31p    NW
 6  65.8  84.2   4:16p  48.4   6:46a   5.2   6.1  0.00   0.4   7.0   2:51p   WNW
 7  71.1  86.3   4:57p  57.8   6:00a   1.8   7.9  0.00   0.5  10.0   3:58p     S
 8  72.2  83.9   1:53p  62.7   4:37a   0.4   7.6  0.00   0.6  11.0  12:14p     S
 9  72.4  82.2   5:27p  61.3  11:45p   0.3   7.6  0.00   1.0  13.0   3:51p   WNW
10  70.2  82.2   2:08p  56.8   6:08a   2.0   7.2  0.00   0.8  14.0   4:21p   SSE
11  65.4  79.1   2:24a  46.9  11:58p   3.0   3.4  0.00   2.8  22.0   6:54a   WNW
12  56.2  73.7   5:49p  42.0   6:37a  10.4   1.6  0.00   0.4   9.0   8:22a   SSW
13  62.3  79.5   4:26p  46.4   6:46a   6.9   4.2  0.00   0.6  12.0   1:03p     S
14  61.2  67.4   7:18a  52.4  11:53p   3.9   0.2  0.00   1.0  17.0  12:33p   WNW
15  50.5  64.5   5:12p  38.7   7:01a  14.5   0.0  0.00   0.6  11.0   1:26p    NW
16  52.8  73.5   4:50p  36.2   6:46a  13.4   1.2  0.00   0.3   6.0  11:01a   WSW
17  63.2  76.2   3:52p  47.2   1:20a   5.6   3.8  0.00   1.6  16.0   3:59p   SSE
18  70.0  78.8   3:01p  64.6   5:35a   0.0   5.0  0.00   0.9  15.0  12:31a   SSE
19  68.5  77.9   4:13p  61.6  11:57p   0.4   3.8  0.00   0.2   7.0  11:46a     S
20  68.1  81.7   2:22p  57.7   3:59a   2.2   5.3  0.00   0.5  10.0  12:51p     S
21  63.6  78.5   5:24p  49.6   7:13a   5.1   3.7  0.00   0.4  10.0   3:35p   WSW
22  65.2  82.2   4:01p  51.5   5:06a   4.4   4.7  0.00   0.3   7.0   3:18p   SSW
23  54.5  63.1  12:00a  46.7  11:59p  10.5   0.0  0.00   0.9   8.0   6:23a    NW
24  49.0  60.3   3:27p  39.1   7:06a  16.0   0.0  0.00   1.4  16.0   1:57p    NW
25  43.6  58.0   4:20p  31.3   6:31a  21.4   0.0  0.00   1.2  13.0  10:48a    NW
26  48.7  64.7   3:05p  30.8   6:53a  16.2   0.0  0.00   0.5  12.0  11:25p     S
27  58.8  71.4   3:40p  47.9  11:58p   7.2   1.0  0.00   0.5  13.0  12:31a     S
28  57.4  70.2   4:54p  46.1   1:28a   8.6   1.0  0.00   0.6  11.0   8:44a   SSE
29  54.6  67.8   2:51p  42.3   7:08a  10.6   0.3  0.00   0.4   7.0   4:42p   WNW
30  53.0  64.6   3:15p  42.6   7:15a  12.0   0.0  0.00   0.1   4.0   4:22p    SW
----------------------------------------------------------------------------------
    60.9  86.3     7    30.8    26   211.3  88.6  0.00   0.7  22.0    11       W

Max >=  80.0:  9
Max <=  32.0:  0
Min <=  32.0:  2
Min <=   0.0:  0
Max Rain: 0.00 on day 0
Days of Rain: 0 (>= 0.01 in)  0 (>= 0.10 in)  0 (>= 1.00 in)
Heat Base: 65.0  Cool Base: 65.0  Method: Integration