NOAA-Style Climate Reports


Report for 2016 August
                   Monthly Climatological Summary for Aug 2016

Name: Old Pump Road Wx   City: Jericho   State: Vermont
Elevation: 646 ft  Lat: N 44° 30' 34"   Lon: W 072° 59' 42"

                  Temperature (°F), Rain (in), Wind Speed (mph)

                                      Heat  Cool        Avg
    Mean                              Deg   Deg         Wind                 Dom
Day Temp  High   Time   Low    Time   Days  Days  Rain  Speed High   Time    Dir
----------------------------------------------------------------------------------
 1  64.4  68.5   5:22p  60.2  11:58p   1.5   0.8  0.00   0.0   4.0  12:51p    NE
 2  68.3  83.3   4:43p  55.9   6:11a   2.6   5.9  0.00   0.4   8.0  12:47p     W
 3  68.9  84.3   4:00p  54.3   5:57a   3.0   6.8  0.00   0.3   8.0   2:34p   SSW
 4  72.1  86.4   5:08p  57.9   2:46a   1.5   8.7  0.00   0.6   9.0   4:59p   SSW
 5  75.0  87.5   4:01p  59.4   5:37a   1.0  11.0  0.15   1.3  16.0   3:24p   SSE
 6  72.7  81.5   1:14p  58.0  11:59p   0.4   8.1  0.00   1.6  16.0   3:28p   WNW
 7  63.9  75.5   3:40p  53.8   3:46a   3.8   2.7  0.00   0.9  15.0   4:19p   WNW
 8  64.9  79.6   3:32p  50.1   5:41a   4.9   4.8  0.00   1.0  16.0   3:00p   WNW
 9  68.0  86.9   6:12p  49.9   6:09a   4.5   7.5  0.00   0.3   8.0   6:27p     S
10  73.4  86.9   5:46p  59.1   2:11a   0.8   9.2  0.00   0.6  10.0  11:17a     S
11  77.5  90.9   4:40p  64.1   6:20a   0.0  12.5  0.00   0.7  10.0   4:03p   WNW
12  73.8  82.5   2:00p  66.3  11:52p   0.0   8.8  0.00   0.9  15.0   3:38p    NW
13  69.8  78.3   4:51p  65.6   3:23a   0.0   4.8  0.00   0.2  10.0  11:11p    SW
14  76.2  85.3   1:36p  68.5  11:58p   0.0  11.2  0.00   1.5  15.0   3:05p     W
15  68.8  78.7   4:13p  58.7  11:56p   0.5   4.3  0.00   1.0  10.0   1:01p    NW
16  65.8  76.1  12:16p  56.0   5:49a   2.6   3.4  0.00   0.2   8.0   6:45p   SSE
17  67.6  76.9   6:20p  58.9  11:59p   1.2   3.8  0.00   1.6  14.0   5:13a   WNW
18  68.5  80.5   4:51p  58.4   1:07a   1.7   5.2  0.00   0.6   9.0   3:23p   WNW
19  66.8  82.2   5:50p  55.7   5:45a   3.1   4.9  0.00   0.5  10.0  11:30a    NW
20  68.5  85.0   5:13p  50.5   6:01a   4.2   7.7  0.00   0.5  12.0  12:19p   SSW
21  73.2  82.7   2:06p  65.0  12:04a   0.0   8.2  0.00   1.2  13.0   7:46a   SSE
22  60.0  66.6   5:44p  49.1  11:53p   5.1   0.1  0.00   2.2  18.0   2:38p   WNW
23  61.9  78.4   4:42p  46.1   5:53a   6.9   3.7  0.00   0.6   9.0   1:29p     S
24  69.6  84.3   4:28p  54.0   6:14a   3.2   7.8  0.00   0.5  10.0   5:20p     S
25  73.0  81.1   3:45p  66.4  11:44p   0.0   8.0  0.00   0.9  12.0  10:12a   SSE
26  71.7  82.2   4:52p  61.0  10:45p   0.4   7.0  0.00   1.2  13.0   3:00p   WNW
27  69.3  81.4   4:33p  58.6   6:28a   1.5   5.8  0.00   0.5  12.0   2:43p    NW
28  71.9  84.2   3:27p  58.9   3:48a   1.5   8.5  0.00   0.9  16.0   3:59p   SSE
29  67.6  74.1   1:18a  53.7  11:55p   1.4   4.0  0.00   2.6  19.0   9:44a    NW
30  63.8  76.6   2:50p  50.4   6:15a   4.8   3.6  0.00   0.2   7.0  12:06p   SSW
31  67.6  76.9   3:59p  62.0  12:56a   0.8   3.4  0.00   0.4   8.0  12:48p   SSW
----------------------------------------------------------------------------------
    69.2  90.9    11    46.1    23    62.9 192.2  0.15   0.8  19.0    29       W

Max >=  80.0: 19
Max <=  32.0:  0
Min <=  32.0:  0
Min <=   0.0:  0
Max Rain: 0.15 on day 5
Days of Rain: 1 (>= 0.01 in)  1 (>= 0.10 in)  0 (>= 1.00 in)
Heat Base: 65.0  Cool Base: 65.0  Method: Integration