NOAA-Style Climate Reports


Report for 2016 July
                   Monthly Climatological Summary for Jul 2016

Name: Old Pump Road Wx   City: Jericho   State: Vermont
Elevation: 646 ft  Lat: N 44° 30' 34"   Lon: W 072° 59' 42"

                  Temperature (°F), Rain (in), Wind Speed (mph)

                                      Heat  Cool        Avg
    Mean                              Deg   Deg         Wind                 Dom
Day Temp  High   Time   Low    Time   Days  Days  Rain  Speed High   Time    Dir
----------------------------------------------------------------------------------
 1  66.3  82.8   2:40p  52.3   5:38a   3.9   5.1  0.00   0.5  14.0   2:14p   SSW
 2  60.0  67.6   7:34p  48.4  11:51p   5.0   0.1  0.00   2.0  20.0   8:15a   WNW
 3  63.3  79.5   5:57p  45.7   4:59a   6.3   4.6  0.00   1.5  16.0  12:47p   WNW
 4  69.1  85.9   5:54p  49.3   5:32a   4.0   8.2  0.00   0.8  12.0  11:52a   SSW
 5  70.6  85.4   4:43p  53.7   5:15a   2.7   8.3  0.00   0.8  12.0   2:39p   WNW
 6  73.8  88.5   3:08p  57.9   4:10a   1.7  10.5  0.00   0.7  11.0  11:53a     W
 7  72.6  89.6   2:13p  63.6  11:57p   0.0   7.6  0.00   0.4  23.0   2:36p    SW
 8  68.5  78.5   5:22p  61.6   1:31a   0.7   4.2  0.00   0.7   8.0   1:11p    NW
 9  62.4  66.6   1:05a  59.0  12:17p   2.7   0.1  0.00   0.9  13.0  12:36p   SSE
10  60.1  65.9   1:17p  56.8   3:40a   4.9   0.0  0.00   0.9  10.0   4:30p    NW
11  64.4  81.6   6:52p  51.4   5:03a   4.5   3.9  0.00   0.9  11.0  11:50a    NW
12  68.4  84.2   5:06p  51.2   5:43a   4.0   7.4  0.00   0.5   9.0   1:58p    SW
13  74.8  90.4   3:10p  59.3   3:04a   1.3  11.1  0.00   0.6  12.0   1:29p     S
14  75.6  86.3   2:43p  66.4  11:54p   0.0  10.6  0.00   1.2  15.0  12:43p   SSE
15  73.8  86.4   4:39p  63.9   5:07a   0.1   8.8  0.00   0.7  12.0   1:30p   WSW
16  67.9  75.2   4:54p  61.1  11:26p   0.4   3.3  0.00   0.8  14.0   9:49a   WNW
17  68.2  83.5   5:46p  58.6   3:00a   1.9   5.1  0.00   0.5   8.0  11:51a   WNW
18  70.9  82.4  12:44p  58.7   3:01a   1.0   6.8  0.00   1.0  22.0   3:43p     S
19  62.9  70.3   5:44p  51.6  11:56p   3.2   1.2  0.00   1.9  15.0   3:29p    NW
20  62.1  77.6   5:04p  47.1   5:53a   6.5   3.6  0.00   0.8  12.0  11:40a   WNW
21  70.0  86.3   5:33p  50.9   5:57a   3.8   8.8  0.00   0.6  10.0   5:34p     S
22  78.8  88.8   3:47p  66.3  11:57p   0.0  13.7  0.00   1.9  21.0   2:47p     W
23  67.9  81.6   1:14p  60.6  11:59p   0.9   3.8  0.00   0.6  16.0   3:24p    NW
24  64.8  80.3   6:01p  54.9   5:43a   3.2   3.0  0.00   0.6  10.0   1:42p    NW
25  69.6  83.4  12:08p  55.2   5:38a   2.5   7.1  0.00   0.1   6.0   2:20p     S
26  71.3  79.8   6:08p  61.8  11:50p   0.2   6.5  0.00   0.9  13.0   2:52p   WNW
27  72.4  89.1   6:34p  57.3   6:08a   1.8   9.2  0.00   0.4   8.0   4:18p     S
28  70.1  83.1   2:28p  63.6   6:42a   0.1   5.3  0.00   0.2  17.0   2:50p    NW
29  70.4  80.0  11:51a  59.1  11:53p   0.8   6.2  0.00   1.2  13.0   2:29p    NW
30  64.8  77.2   6:10p  51.2   5:55a   4.3   4.0  0.00   0.7  10.0  12:15p    NW
31  65.9  81.6   5:17p  50.5   5:33a   4.6   5.5  0.00   0.4   8.0   1:05p     S
----------------------------------------------------------------------------------
    68.4  90.4    13    45.7     3    77.0 183.6  0.00   0.8  23.0     7       W

Max >=  80.0: 21
Max <=  32.0:  0
Min <=  32.0:  0
Min <=   0.0:  0
Max Rain: 0.00 on day 0
Days of Rain: 0 (>= 0.01 in)  0 (>= 0.10 in)  0 (>= 1.00 in)
Heat Base: 65.0  Cool Base: 65.0  Method: Integration