NOAA-Style Climate Reports


Report for 2016 June
                   Monthly Climatological Summary for Jun 2016

Name: Old Pump Road Wx   City: Jericho   State: Vermont
Elevation: 646 ft  Lat: N 44° 30' 34"   Lon: W 072° 59' 42"

                  Temperature (°F), Rain (in), Wind Speed (mph)

                                      Heat  Cool        Avg
    Mean                              Deg   Deg         Wind                 Dom
Day Temp  High   Time   Low    Time   Days  Days  Rain  Speed High   Time    Dir
----------------------------------------------------------------------------------
 1  66.8  81.1   6:24p  52.8   5:47a   2.6   4.3  0.00   0.6  10.0  11:42p     W
 2  70.3  78.0  12:11p  62.2   5:04a   0.5   5.7  0.00   1.3  12.0  11:15a   SSE
 3  70.8  80.9   3:47p  56.5  11:59p   0.8   6.6  0.00   1.4  12.0   2:41p   WNW
 4  65.3  78.3   5:24p  51.9   4:57a   4.1   4.4  0.00   0.8   9.0   2:37p    NW
 5  60.2  66.7   3:13p  51.6   4:24a   4.9   0.1  0.00   0.8  18.0   3:23p   SSE
 6  66.8  77.6   6:04p  52.9  11:58p   2.0   3.8  0.00   1.5  15.0   6:32p    SW
 7  60.1  72.7   1:51p  49.8   3:08a   6.2   1.2  0.00   0.5  11.0   3:17p   WNW
 8  53.9  60.0  12:52p  46.8  11:58p  11.1   0.0  0.00   2.8  21.0   4:15p   WNW
 9  48.1  52.5   7:08p  44.4   2:58a  16.9   0.0  0.00   2.6  15.0   2:34a   WNW
10  53.4  66.0   5:56p  44.9   5:19a  11.6   0.0  0.00   1.6  16.0  12:03a    NW
11  51.7  58.7  11:08a  42.4   4:17a  13.3   0.0  0.00   0.1   4.0  11:09a     W
12  51.2  60.9   4:43a  45.8   9:02p  13.8   0.0  0.00   2.3  21.0   7:34a   WNW
13  54.1  62.6   6:53p  47.3  12:00a  10.9   0.0  0.00   2.8  21.0   8:23p    NW
14  59.5  74.1   5:47p  47.9  12:39a   7.2   1.8  0.00   1.8  15.0   8:41p    NW
15  64.4  78.9   6:25p  49.3   5:32a   4.9   4.3  0.00   1.2  17.0   2:48p    NW
16  64.9  78.5   2:08p  47.9   5:32a   5.5   5.4  0.00   1.4  14.0  12:53p    NW
17  63.9  80.7   6:00p  43.1   5:04a   6.3   5.2  0.00   1.0  13.0   2:32p    NW
18  67.4  87.1   5:50p  47.3   5:14a   4.8   7.2  0.22   0.6  10.0   2:52p     W
19  71.8  89.2   5:53p  51.0   5:16a   3.4  10.2  0.24   0.6   8.0   9:29a   SSW
20  75.1  88.5   3:15p  56.7   4:54a   1.9  11.9  0.00   1.5  18.0  10:53p     S
21  66.4  79.3  12:00a  52.3  11:57p   1.7   3.1  0.00   1.9  28.0  12:07a   WNW
22  56.7  68.4   4:45p  46.3   4:12a   8.4   0.2  0.00   0.4   9.0   9:58a     W
23  62.0  74.5   3:58p  48.8   2:09a   5.9   2.9  0.00   1.3  13.0   2:23p   WNW
24  61.9  78.1   5:37p  44.5   5:00a   6.9   3.8  0.00   0.8  11.0  12:24p   WNW
25  67.8  88.3   5:56p  47.7   5:35a   5.0   7.8  0.00   0.4   8.0   2:19p    SW
26  73.2  88.9   4:30p  52.6   5:29a   2.9  11.1  0.00   0.8  11.0   6:03p     S
27  73.0  78.8   6:06p  65.7  12:12a   0.0   8.0  0.00   1.7  16.0   2:18p   SSE
----------------------------------------------------------------------------------
    63.0  89.2    19    42.4    11   163.5 109.0  0.46   1.3  28.0    21     WNW

Max >=  80.0:  8
Max <=  32.0:  0
Min <=  32.0:  0
Min <=   0.0:  0
Max Rain: 0.24 on day 19
Days of Rain: 2 (>= 0.01 in)  2 (>= 0.10 in)  0 (>= 1.00 in)
Heat Base: 65.0  Cool Base: 65.0  Method: Integration