NOAA-Style Climate Reports


Report for 2016 May
                   Monthly Climatological Summary for May 2016

Name: Old Pump Road Wx   City: Jericho   State: Vermont
Elevation: 646 ft  Lat: N 44° 30' 34"   Lon: W 072° 59' 42"

                  Temperature (°F), Rain (in), Wind Speed (mph)

                                      Heat  Cool        Avg
    Mean                              Deg   Deg         Wind                 Dom
Day Temp  High   Time   Low    Time   Days  Days  Rain  Speed High   Time    Dir
----------------------------------------------------------------------------------
 1  44.0  51.6  10:36a  37.7   3:10a  21.0   0.0  0.00   0.3   9.0   5:06p   SSE
 2  43.7  47.4   5:06p  41.0   5:04a  21.3   0.0  0.00   0.3   6.0   6:12p   WNW
 3  43.2  51.5   6:08p  35.9  11:49p  21.8   0.0  0.00   0.6   7.0  11:11a    NW
 4  45.6  56.0  12:38p  35.9  12:00a  19.4   0.0  0.00   0.7  13.0   1:20p    SE
 5  51.3  59.8   4:06p  43.1   1:53a  13.7   0.0  0.00   1.0  12.0   6:32p   NNE
 6  57.0  73.5   4:02p  41.2   6:36a   9.1   1.0  0.00   2.0  16.0  12:34p    NW
 7  60.0  71.5   2:53p  50.9   5:07a   5.9   0.8  0.00   1.7  15.0   2:48p    SE
 8  47.2  55.3   2:18a  36.7  11:57p  17.8   0.0  0.00   2.6  20.0   4:09p   WNW
 9  40.0  49.6   6:49p  30.9  11:53p  25.0   0.0  0.00   2.5  18.0   1:21p   WNW
10  47.0  65.2   4:35p  28.2   4:06a  18.0   0.0  0.00   1.5  17.0   1:06p    NW
11  51.7  67.3   5:58p  32.2   5:36a  13.5   0.2  0.00   1.4  16.0   2:56p    NW
12  59.9  81.4   5:32p  36.9   4:47a   9.6   4.6  0.15   0.7   9.0  10:58a   WSW
13  59.8  70.3   9:50a  50.9  12:56a   5.5   0.3  0.00   0.4  14.0  10:16a     S
14  58.1  71.1   1:30p  44.0   5:55a   8.0   1.1  0.00   1.1  14.0   6:15p   SSW
15  43.1  50.1  12:51p  35.7  11:59p  21.9   0.0  0.00   2.1  21.0   3:46p   WNW
16  40.5  47.3   7:01p  34.8  12:29a  24.5   0.0  0.00   2.8  20.0  11:22a   WNW
17  47.0  61.3   3:51p  30.2   3:57a  18.0   0.0  0.00   2.0  16.0  12:54p    NW
18  50.0  62.4   5:56p  38.8  12:01a  15.0   0.0  0.00   1.1  13.0   1:06p    NW
19  54.0  67.3   2:36p  40.8   4:02a  11.1   0.1  0.00   1.3  12.0   2:41p   WNW
20  56.5  74.4   5:50p  38.3   5:23a  10.5   2.1  0.00   1.4  12.0   1:20p   WNW
21  59.9  76.1   2:21p  41.2   5:19a   8.0   2.9  0.00   0.6  10.0   1:00p    SW
22  58.3  72.9   4:34p  49.1  11:50p   7.8   1.2  0.00   1.0  15.0   3:26p    NW
23  61.0  78.0   6:11p  42.4   5:49a   8.2   4.2  0.00   1.6  15.0   1:18p    NW
24  62.7  81.5   1:11p  42.7   5:24a   7.0   4.7  5.99   0.8  13.0   2:23p   SSW
25  66.2  82.3   3:38p  47.4   5:24a   4.5   5.7  0.00   0.9  13.0   5:39p   WNW
26  66.6  82.4   6:02p  49.7   5:42a   3.2   4.8  0.00   0.5   9.0  10:46a   WNW
27  75.0  88.3   4:07p  60.2   5:42a   0.9  10.9  6.97   0.9  13.0   6:02p   SSW
28  74.9  88.7   6:06p  64.0   5:33a   0.1  10.0  0.26   0.7  10.0   4:04p    NW
29  70.5  86.9   1:06p  59.1   5:51a   1.1   6.6  0.00   0.4  12.0   6:36p   SSW
30  72.6  84.8   3:09p  61.1  11:59p   0.1   7.8  0.00   1.0  15.0   4:06p   SSW
31  68.4  79.3   3:55p  58.0   6:07a   1.6   5.0  0.00   2.1  17.0  10:20a   WNW
----------------------------------------------------------------------------------
    56.0  88.7    28    28.2    10   353.1  74.0 13.37   1.2  21.0    15     WNW

Max >=  80.0:  8
Max <=  32.0:  0
Min <=  32.0:  3
Min <=   0.0:  0
Max Rain: 6.97 on day 27
Days of Rain: 4 (>= 0.01 in)  4 (>= 0.10 in)  2 (>= 1.00 in)
Heat Base: 65.0  Cool Base: 65.0  Method: Integration