NOAA-Style Climate Reports


Report for 2016 April
                   Monthly Climatological Summary for Apr 2016

Name: Old Pump Road Wx   City: Jericho   State: Vermont
Elevation: 646 ft  Lat: N 44° 30' 34"   Lon: W 072° 59' 42"

                  Temperature (°F), Rain (in), Wind Speed (mph)

                                      Heat  Cool        Avg
    Mean                              Deg   Deg         Wind                 Dom
Day Temp  High   Time   Low    Time   Days  Days  Rain  Speed High   Time    Dir
----------------------------------------------------------------------------------
 1  58.2  64.5   9:02a  45.4  10:34p   6.8   0.0  0.00   2.8  26.0   7:47a     S
 2  40.5  50.5   2:24p  27.8  11:58p  24.5   0.0  0.00   1.7  19.0   5:15p     W
 3  22.8  31.2  12:29a  15.7  11:52p  42.2   0.0  0.00   5.1  27.0   2:55p    NW
 4  18.5  26.9   2:09p  10.2   3:58a  46.5   0.0  0.00   1.2  13.0   2:49p    NW
 5  18.4  29.6   4:57p   5.4   6:45a  46.6   0.0  0.00   1.7  18.0  11:54a    NW
 6  25.7  38.6  12:57p  11.3   6:06a  38.9   0.0  0.00   1.1  19.0   1:09p     S
 7  45.0  59.0   2:22p  34.2  12:47a  20.0   0.0  0.00   2.1  26.0   5:19p    SE
 8  32.8  38.9  12:00a  24.1  11:40p  32.3   0.0  0.00   0.9  13.0   8:53p   WNW
 9  26.1  31.8   1:51p  18.4   6:50a  38.9   0.0  0.00   1.8  15.0   4:08p    NW
10  27.9  40.4   6:20p  20.1   6:50a  37.1   0.0  0.00   1.7  13.0  12:33a    NW
11  39.9  47.4  10:20p  28.6  12:00a  25.1   0.0  0.00   1.9  18.0   1:13p   SSE
12  41.6  48.4   6:05a  30.4   9:26p  23.4   0.0  0.00   2.1  18.0   6:52a   WNW
13  35.3  43.5   4:12p  27.7  11:59p  29.7   0.0  0.00   1.6  13.0   1:08p    NW
14  36.8  50.0   2:41p  21.9   6:28a  28.2   0.0  0.00   1.5  16.0   1:58p    NW
15  41.9  59.5   2:18p  23.2   6:22a  23.1   0.0  0.00   1.0  12.0  12:21p   NNW
16  44.3  59.7   5:12p  26.5   6:23a  20.6   0.0  0.00   1.5  14.0   2:29p   WNW
17  50.1  69.9   4:49p  29.0   6:02a  15.7   0.8  0.00   1.2  12.0   4:15p    NW
18  47.7  62.2   1:58p  34.3   6:20a  17.3   0.0  0.00   1.3  11.0   1:50p    NW
19  46.2  54.7   4:51p  38.8   7:21a  18.7   0.0  0.00   4.0  21.0   1:55p    NW
20  42.5  53.7   5:21p  31.3  11:59p  22.5   0.0  0.00   1.8  13.0   8:06a   NNW
21  51.8  75.4   5:43p  26.3   6:16a  15.1   1.9  0.00   0.6   9.0   2:53p     S
22  56.8  70.3   2:19p  47.9  11:56p   8.6   0.3  0.00   1.1  14.0   9:58p   WNW
23  43.0  50.4   5:12p  33.7  11:35p  22.0   0.0  0.00   2.8  16.0   5:20p    NW
24  37.9  50.6   5:03p  27.8  11:58p  27.1   0.0  0.00   1.5  13.0  10:08a    NW
25  37.6  48.7   4:20p  23.7   6:16a  27.3   0.0  0.00   1.5  15.0   1:43p    NW
26  34.2  41.9   6:54p  27.2  11:56p  30.8   0.0  0.00   0.3   6.0   2:46p    NW
27  34.5  48.5   5:29p  21.6   6:20a  30.5   0.0  0.00   1.4  16.0   3:39p   WNW
28  33.5  45.3   6:14p  20.6   5:46a  31.5   0.0  0.00   1.5  19.0  12:57p   NNW
29  41.2  56.1   4:31p  22.3   5:19a  23.7   0.0  0.00   1.1  15.0   3:28p   WNW
----------------------------------------------------------------------------------
    38.4  75.4    21     5.4     5   774.7   3.0  0.00   1.7  27.0     3      NW

Max >=  80.0:  0
Max <=  32.0:  4
Min <=  32.0: 23
Min <=   0.0:  0
Max Rain: 0.00 on day 0
Days of Rain: 0 (>= 0.01 in)  0 (>= 0.10 in)  0 (>= 1.00 in)
Heat Base: 65.0  Cool Base: 65.0  Method: Integration