NOAA-Style Climate Reports


Report for 2016 March
                   Monthly Climatological Summary for Mar 2016

Name: Old Pump Road Wx   City: Jericho   State: Vermont
Elevation: 646 ft  Lat: N 44° 30' 34"   Lon: W 072° 59' 42"

                  Temperature (°F), Rain (in), Wind Speed (mph)

                                      Heat  Cool        Avg
    Mean                              Deg   Deg         Wind                 Dom
Day Temp  High   Time   Low    Time   Days  Days  Rain  Speed High   Time    Dir
----------------------------------------------------------------------------------
 1  18.5  27.3  12:00a   8.7   6:50a  46.5   0.0  0.00   1.9  24.0  12:53a    NW
 2  23.1  35.9   4:54a   9.9  11:17p  41.9   0.0  0.00   4.1  29.0  12:50p   WNW
 3   8.2  17.1   4:03p   1.5   6:43a  56.8   0.0  0.00   1.7  15.0   3:36a    NW
 4  13.9  28.1   4:14p   0.3   4:53a  51.1   0.0  0.00   0.2   5.0   5:11p    SE
 5  18.4  30.2   2:23p   4.1   6:12a  46.6   0.0  0.00   0.7  13.0   2:14p    NW
 6  25.0  37.9   3:17p  12.9   6:47a  40.0   0.0  0.00   0.5   9.0  12:55p     W
 7  33.5  36.3   8:17a  27.1  12:00a  31.5   0.0  0.00   1.1  22.0   8:51a   SSE
 8  38.9  48.9   3:00p  32.6   2:36a  26.1   0.0  0.00   0.2   7.0   1:40p   WNW
 9  58.6  66.5   7:55p  37.6  12:00a   6.5   0.0  0.00   1.5  17.0   2:39a    SW
10  49.7  60.5  12:00a  35.2  11:27p  15.0   0.0  0.00   0.7  12.0   7:06p   WNW
11  32.9  38.8   3:52p  25.6  11:58p  32.1   0.0  0.00   1.1  11.0   3:10p   NNW
12  39.1  56.3   3:06p  21.9   6:21a  25.9   0.0  0.00   0.8  14.0  10:39a     S
13  39.5  47.7   2:45p  26.8  11:26p  24.5   0.0  0.00   1.8  13.0   9:05a    NW
14  34.3  39.2   9:42a  24.4   3:52a  30.7   0.0  0.00   2.6  23.0   3:55p    SE
15  43.5  53.0   2:50p  35.9   1:29a  21.5   0.0  0.00   2.4  19.0  10:42a    SE
16  42.8  53.5   4:05p  37.2   4:52a  22.2   0.0  0.00   0.7  13.0  10:22p     W
17  45.1  57.1   2:26p  35.2   6:24a  19.9   0.0  0.00   1.3  20.0   2:53p     W
18  33.1  41.6  12:00a  23.0  11:57p  31.9   0.0  0.00   3.3  20.0   5:30p    NW
19  21.6  30.0   4:59p  13.1   6:03a  43.4   0.0  0.00   1.6  18.0  12:45p    NW
20  24.5  38.2   4:36p   9.5   7:08a  40.5   0.0  0.00   0.6  10.0  12:47p   WNW
21  29.2  37.9   4:40p  19.9   2:01a  35.8   0.0  0.00   2.5  19.0   3:40p    NW
22  32.9  42.9   4:55p  22.4   7:34a  32.1   0.0  0.00   1.8  15.0   1:18p   WNW
23  33.6  38.0   3:52p  27.9  10:26p  31.4   0.0  0.00   1.3  12.0   3:53p    NW
24  31.8  39.6   5:34p  26.5   6:02a  33.2   0.0  0.00   1.6  23.0   9:41p    SE
25  38.4  48.0  11:20a  28.3  11:56p  26.5   0.0  0.00   1.7  17.0  12:46a    NW
26  32.8  45.9   5:37p  26.9   6:59a  32.2   0.0  0.00   1.2  11.0   3:54p    NW
27  42.1  60.5   5:23p  24.3   5:02a  22.9   0.0  0.00   0.8  12.0   2:35p   SSW
28  42.1  46.7   6:31a  38.9  11:59p  22.9   0.0  0.00   1.1  22.0   9:24a   SSE
29  32.9  39.7   5:20p  24.9  11:49p  32.1   0.0  0.00   5.2  26.0   4:54a   WNW
30  39.6  56.9   4:39p  19.7   6:05a  25.4   0.0  0.00   1.4  16.0  10:21p   SSE
31  55.8  65.3   9:02p  49.4   4:05a   9.2   0.0  0.00   3.2  27.0   2:16p   SSE
----------------------------------------------------------------------------------
    34.0  66.5     9     0.3     4   958.3   0.0  0.00   1.6  29.0     2     WNW

Max >=  80.0:  0
Max <=  32.0:  5
Min <=  32.0: 23
Min <=   0.0:  0
Max Rain: 0.00 on day 0
Days of Rain: 0 (>= 0.01 in)  0 (>= 0.10 in)  0 (>= 1.00 in)
Heat Base: 65.0  Cool Base: 65.0  Method: Integration