NOAA-Style Climate Reports


Report for 2016 February
                   Monthly Climatological Summary for Feb 2016

Name: Old Pump Road Wx   City: Jericho   State: Vermont
Elevation: 646 ft  Lat: N 44° 30' 34"   Lon: W 072° 59' 42"

                  Temperature (°F), Rain (in), Wind Speed (mph)

                                      Heat  Cool        Avg
    Mean                              Deg   Deg         Wind                 Dom
Day Temp  High   Time   Low    Time   Days  Days  Rain  Speed High   Time    Dir
----------------------------------------------------------------------------------
 1  42.2  52.8   5:46a  26.8   9:28p  22.8   0.0  0.00   2.5  26.0  10:15a     W
 2  28.1  34.0   2:43a  21.7  10:32p  36.9   0.0  0.00   0.8  11.0   3:19a   NNW
 3  40.7  53.7  11:49p  24.9  12:01a  24.3   0.0  0.00   2.0  21.0   6:48a   SSE
 4  41.3  53.6  12:00a  31.5  11:03p  23.7   0.0  0.00   1.8  22.0   1:25a   WNW
 5  25.0  32.0  12:00a  14.4  11:58p  40.0   0.0  0.00   1.9  18.0  12:52p    NW
 6  27.6  34.3   2:39p  14.3   1:59a  37.4   0.0  0.00   1.0  14.0  10:38a     S
 7  28.9  33.3  12:00a  16.1  11:57p  36.1   0.0  0.00   0.4   7.0  10:00a   WNW
 8  20.8  29.1   2:19p  13.6   2:51a  44.2   0.0  0.00   0.4   7.0   4:01p    NW
 9  22.3  27.7   1:35p  16.0   7:05a  42.7   0.0  0.00   0.2   5.0  11:32a   WSW
10  25.6  35.6   1:13p  18.2  11:52p  39.4   0.0  0.00   0.6  14.0   4:21p   WNW
11  11.0  18.5   1:39a  -0.5   9:15p  54.0   0.0  0.00   1.8  17.0   7:12p    NW
12   8.6  20.1   3:06p  -9.5   6:55a  56.4   0.0  0.00   1.1  15.0   4:08p   SSE
13  -2.6  17.5  12:01a -16.6  11:56p  67.6   0.0  0.00   3.4  18.0   7:23p    NW
14 -12.3  -0.5   4:18p -23.5   7:08a  77.3   0.0  0.00   0.9  14.0  12:00a    NW
15   5.3  23.1  10:52p -16.3   5:49a  59.6   0.0  0.00   0.5  10.0   4:00p   SSE
16  35.7  50.5   6:09p  22.1   1:31a  29.3   0.0  0.00   1.9  22.0   2:42p   SSE
17  28.4  31.5   2:19p  22.6  11:59p  36.6   0.0  0.00   1.1  16.0  10:27p   WNW
18  12.3  22.6  12:00a   5.5  11:33p  52.7   0.0  0.00   1.9  17.0   6:04a    NW
19  21.3  36.4   7:53p   2.5   6:09a  43.7   0.0  0.00   0.8  19.0   8:43p   SSE
20  39.0  43.9   2:01p  30.7   1:34a  26.0   0.0  0.00   2.5  22.0   7:23a     S
21  34.0  41.4  12:00a  22.6  11:58p  31.0   0.0  0.00   1.9  15.0   8:33p    NW
22  16.4  22.6  12:00a   6.1  11:58p  48.6   0.0  0.00   1.0  10.0   8:43a   NNW
23  21.3  36.0   3:54p   3.4   4:50a  43.3   0.0  0.00   1.1  11.0   6:40p    SE
24  34.7  44.4  11:41p  30.0   5:16a  30.3   0.0  0.00   1.0  18.0  10:30p   SSE
25  41.5  52.1   9:02a  26.7  11:45p  23.5   0.0  0.00   1.4  19.0   5:57a   WNW
26  16.2  26.7  12:00a   5.7  11:52p  48.8   0.0  0.00   2.4  15.0  12:58a   WNW
27  21.0  34.7   3:28p   0.6   6:39a  44.0   0.0  0.00   1.3  22.0   7:47p     S
28  29.7  34.5   9:00a  20.1   9:31p  35.3   0.0  0.00   0.6   8.0   1:25a   WNW
29  42.4  50.4   6:28a  23.5  12:00a  22.5   0.0  0.00   2.8  26.0  10:43p   WSW
----------------------------------------------------------------------------------
    24.4  53.7     3   -23.5    14  1178.0   0.0  0.00   1.4  26.0     1       W

Max >=  80.0:  0
Max <=  32.0: 12
Min <=  32.0: 29
Min <=   0.0:  5
Max Rain: 0.00 on day 0
Days of Rain: 0 (>= 0.01 in)  0 (>= 0.10 in)  0 (>= 1.00 in)
Heat Base: 65.0  Cool Base: 65.0  Method: Integration