NOAA-Style Climate Reports


Report for 2016 January
                   Monthly Climatological Summary for Jan 2016

Name: Old Pump Road Wx   City: Jericho   State: Vermont
Elevation: 646 ft  Lat: N 44° 30' 34"   Lon: W 072° 59' 42"

                  Temperature (°F), Rain (in), Wind Speed (mph)

                                      Heat  Cool        Avg
    Mean                              Deg   Deg         Wind                 Dom
Day Temp  High   Time   Low    Time   Days  Days  Rain  Speed High   Time    Dir
----------------------------------------------------------------------------------
 1  31.7  34.1   2:31p  28.2  11:53p  33.3   0.0  0.00   1.3  12.0   3:13a   WNW
 2  29.1  31.3  12:08p  27.1   4:26a  35.9   0.0  0.00   0.8  10.0   5:21a     W
 3  28.6  31.5   1:22p  15.5  11:58p  36.4   0.0  0.00   2.0  18.0   7:37p     W
 4   2.3  15.5  12:00a  -2.9   8:26p  62.4   0.0  0.00   1.1  13.0   1:41a   NNW
 5   2.7  13.6   2:04p  -6.7   6:00a  62.3   0.0  0.00   0.1   5.0   9:58a     S
 6  14.7  32.9   1:58p  -1.4  12:22a  50.3   0.0  0.00   0.2   9.0   2:06p   SSW
 7  20.0  35.8   1:23p   8.7   7:37a  45.2   0.0  0.00   0.1   3.0   1:12p   SSW
 8  25.4  39.8  12:23p   7.7   6:30a  39.1   0.0  0.00   0.9  14.0   7:50p    SE
 9  37.9  40.7  12:46p  35.3   5:57a  27.0   0.0  0.00   1.5  15.0  12:59p    SE
10  43.2  50.9   5:03p  35.5  11:50p  21.7   0.0  0.00   3.0  29.0   1:12p    SE
11  23.7  35.7  12:00a  11.1  11:24p  41.3   0.0  0.00   3.7  26.0   1:13p   WNW
12  18.3  24.6  12:54p   8.5   4:42a  46.7   0.0  0.00   0.5  12.0  10:02a    SE
13  16.1  22.9  12:00a   3.3  11:12p  48.9   0.0  0.00   2.4  23.0   1:09p   WNW
14  14.6  24.0   1:19p   2.4   1:52a  50.3   0.0  0.00   0.3  12.0  10:31a     S
15  19.6  29.3   2:37p   9.9   2:30a  45.4   0.0  0.00   0.0   3.0   2:40p   WSW
16  33.4  35.9  11:05a  22.1  12:00a  31.6   0.0  0.00   1.1  19.0   8:23p   WNW
17  25.6  29.7   1:53p  18.0   7:54a  39.4   0.0  0.00   0.7  17.0   1:01a   WNW
18  17.2  24.3  12:00a   8.0  11:54p  47.8   0.0  0.00   2.9  22.0   9:34p   WNW
19   8.1  14.7  11:16p   4.4   4:02a  56.9   0.0  0.00   2.6  20.0  12:13a   WNW
20  15.4  22.6   2:02p   5.6  11:36p  49.6   0.0  0.00   2.0  16.0  11:31a   WNW
21  12.7  17.6   1:08p   5.8   7:46p  52.3   0.0  0.00   1.3  13.0  10:14a    NW
22  15.1  24.8   1:57p   2.0  11:58p  49.9   0.0  0.00   0.9  14.0  11:04a    NW
23   5.1  19.5   2:15p  -4.5  11:46p  59.9   0.0  0.00   0.5  10.0   1:42p    NW
24   8.2  22.4   3:14p  -8.2   7:03a  56.8   0.0  0.00   0.2   8.0  12:15p    NW
25  24.9  35.5   1:57p  13.6   5:43a  39.5   0.0  0.00   0.5  11.0  11:14p     S
26  37.4  43.9   2:01p  31.0  12:00a  27.6   0.0  0.00   2.6  21.0  10:04a     S
27  27.2  37.7  12:03a  12.2  11:59p  37.8   0.0  0.00   1.3  14.0  10:23a    NW
28  25.7  36.6   8:02p   9.2   5:31a  39.0   0.0  0.00   1.4  16.0   4:38p   SSE
29  30.4  35.7  12:00a  23.5  11:55p  34.6   0.0  0.00   0.9  13.0   6:54p   WNW
30  27.5  37.6  11:49p  19.5   7:38a  37.5   0.0  0.00   1.0  14.0   5:32p     S
31  41.7  49.7  11:56p  34.0   8:11a  23.2   0.0  0.00   0.9  12.0   8:46p   SSE
----------------------------------------------------------------------------------
    22.0  50.9    10    -8.2    24  1329.6   0.0  0.00   1.2  29.0    10       W

Max >=  80.0:  0
Max <=  32.0: 16
Min <=  32.0: 28
Min <=   0.0:  5
Max Rain: 0.00 on day 0
Days of Rain: 0 (>= 0.01 in)  0 (>= 0.10 in)  0 (>= 1.00 in)
Heat Base: 65.0  Cool Base: 65.0  Method: Integration