NOAA-Style Climate Reports


Report for 2016
                   Annual Climatological Summary for 2016

Name: Old Pump Road Wx   City: Jericho   State: Vermont
Elevation: 646 ft  Lat: N 44° 30' 34"   Lon: W 072° 59' 42"

                  Temperature (°F), Heat Base: 65.0  Cool Base: 65.0
                          Dep.  Heat  Cool                       Max  Max  Min  Min
        Mean  Mean        From  Deg   Deg                        >=   <=   <=   <=
 YR MO  Max   Min   Mean  Norm  Days  Days  Hi  Date  Low  Date 80.0 32.0 32.0   0.0
------------------------------------------------------------------------------------
 16  1  30.8  12.1  22.0   3.0  1374     0  50.9  10  -8.2   24    0   16   29    5
 16  2  34.2  12.2  24.4   2.4  1178     0  53.7   3 -23.5   14    0   12   29    5
 16  3  44.0  23.6  34.0   4.0   958     0  66.5   9   0.3    4    0    5   23    0
 16  4  50.2  26.1  38.6  -8.4   794     3  75.4  21   5.4    5    0    4   24    0
 16  5  68.9  43.2  56.0   0.0   353    74  88.7  28  28.2   10    8    0    3    0
 16  6  75.7  50.9  63.5  -3.5   167   124  89.2  19  42.4   11   10    0    0    0
 16  7  81.3  56.4  68.4  -2.6    77   183  90.4  13  45.7    3   21    0    0    0
 16  8  80.8  57.6  69.2   0.2    62   192  90.9  11  46.1   23   19    0    0    0
 16  9  74.3  48.4  60.9  -1.1   211    88  86.3   7  30.8   26    9    0    2    0
 16 10  57.1  40.0  48.5  -0.5   521     9  76.8  18  26.6   15    0    0    7    0
 16 11  45.9  29.7  37.7  -2.3   820     0  66.2  19  22.6   28    0    2   23    0
 16 12  32.5  17.4  25.8  -1.2  1213     0  48.3   1  -9.3   16    0   12   27    3
------------------------------------------------------------------------------------
        56.3  34.8  45.8  -0.8  7731   675  90.9 Aug -23.5  Feb   67   51  167   13

                                Precipitation (in)

              Dep.   Max        Days of Rain
              From   Obs.           >=
 YR MO Total  Norm   Day Date 0.01 0.10 1.00
---------------------------------------------
 16  1  0.00 -2.70  0.00   0     0    0    0
 16  2  0.00 -2.00  0.00   0     0    0    0
 16  3  0.00 -2.88  0.00   0     0    0    0
 16  4  0.00 -3.07  0.00   0     0    0    0
 16  5 13.37 10.16  6.97  27     4    4    2
 16  6  0.46 -3.30  0.24  19     2    2    0
 16  7  0.00 -3.93  0.00   0     0    0    0
 16  8  0.15 -4.54  0.15   5     1    1    0
 16  9  0.00 -4.44  0.00   0     0    0    0
 16 10  0.00 -3.55  0.00   0     0    0    0
 16 11  0.00 -3.47  0.00   0     0    0    0
 16 12  0.46 -2.01  0.21  26     5    2    0
---------------------------------------------
       14.44-25.73  6.97  May   12    9    2

                                Wind Speed (mph)
                          Dom
 YR MO   Avg.  Hi   Date  Dir
------------------------------
 16  1   1.2  29.0   10     W
 16  2   1.4  26.0    1     W
 16  3   1.6  29.0    2   WNW
 16  4   1.7  27.0    3    NW
 16  5   1.2  21.0   15   WNW
 16  6   1.2  28.0   21   WNW
 16  7   0.8  23.0    7     W
 16  8   0.8  19.0   29     W
 16  9   0.7  22.0   11     W
 16 10   1.2  23.0   18   WNW
 16 11   0.9  25.0   30   WNW
 16 12   1.4  29.0   15     W
------------------------------
         1.2  29.0  Jan   WNW