NOAA-Style Climate Reports


Report for 2015 December
                   Monthly Climatological Summary for Dec 2015

Name: Old Pump Road Wx   City: Jericho   State: Vermont
Elevation: 646 ft  Lat: N 44° 30' 34"   Lon: W 072° 59' 42"

                  Temperature (°F), Rain (in), Wind Speed (mph)

                                      Heat  Cool        Avg
    Mean                              Deg   Deg         Wind                 Dom
Day Temp  High   Time   Low    Time   Days  Days  Rain  Speed High   Time    Dir
----------------------------------------------------------------------------------
 1  27.4  37.7  11:55p  14.2   6:45a  37.6   0.0  0.00   0.0   4.0   5:03p   SSE
 2  40.4  44.9   1:27p  37.2   1:05a  24.3   0.0  0.00   0.2   8.0   9:39p    NW
 3  35.8  39.1  12:00a  34.1  10:05a  29.2   0.0  0.00   2.3  16.0  10:21p    NW
 4  35.0  39.9  11:59p  28.5   4:51a  30.0   0.0  0.00   0.2   6.0  12:02a   WNW
 5  37.2  45.6   1:27p  27.5  11:14p  27.8   0.0  0.00   0.2   6.0  10:46a     W
 6  29.0  37.6   1:28p  22.7   7:37a  36.0   0.0  0.00   0.2   3.0  12:54p     S
 7  31.5  39.9  12:50p  23.2   6:30a  33.5   0.0  0.00   0.8   7.0  12:10p   NNW
 8  28.8  37.6   2:00p  21.8   5:50a  35.7   0.0  0.00   0.1   2.0   9:40a   WSW
 9  35.9  45.9   1:28p  26.1   4:31a  29.1   0.0  0.00   0.6  17.0   1:00p   SSE
10  47.5  53.9   1:33p  40.6   6:53p  17.5   0.0  0.00   0.9  14.0   8:42a   SSE
11  50.9  54.6   1:57p  45.4  12:10a  14.1   0.0  0.00   1.8  18.0  11:31p     S
12  44.7  49.8  12:00a  37.7   6:07p  20.3   0.0  0.00   0.9  12.0  12:00a   WNW
13  36.3  40.2   2:56p  29.9   7:53a  28.7   0.0  0.00   0.1   5.0  12:49a   WNW
14  51.1  54.8   2:47p  38.8  12:00a  13.9   0.0  0.00   1.0  11.0   1:45a   SSE
15  45.3  52.2   1:22a  33.9  11:59p  19.7   0.0  0.00   1.8  20.0   4:21p   WNW
16  33.6  40.1  11:52p  31.3   7:08p  31.4   0.0  0.00   0.4  10.0  11:25p   NNW
17  43.8  47.9   1:50p  39.3   2:32a  21.2   0.0  0.00   1.3  15.0   5:36a    SE
18  37.0  44.9   2:13a  32.6   7:15p  28.0   0.0  0.00   0.6  12.0   2:22a    NW
19  30.2  32.8  12:00a  25.9  11:35p  34.8   0.0  0.00   2.7  22.0  11:53p   WNW
20  26.0  32.3  11:58p  21.2   6:55a  39.0   0.0  0.00   1.8  22.0  12:45a   WNW
21  39.7  45.3   5:46p  32.3  12:00a  25.3   0.0  0.00   1.6  20.0  10:53a   SSE
22  46.3  50.2   9:26a  41.9  11:53p  18.7   0.0  0.00   0.4   9.0   6:05a     S
23  47.4  57.1   2:06p  38.4   7:49a  17.6   0.0  0.00   1.4  22.0  10:05p    SE
24  54.5  65.5   1:12p  34.1  11:59p  10.5   0.0  0.00   2.6  23.0  12:03a   SSW
25  40.5  48.9  10:52a  30.8   3:05a  24.5   0.0  0.00   0.4  10.0   7:23p    NW
26  32.3  41.2   2:34p  24.8   7:54a  32.7   0.0  0.00   0.1   7.0  10:50a     N
27  32.7  40.3  11:03a  25.4  11:48p  32.3   0.0  0.00   1.0  14.0   2:49p    NW
28  16.8  25.5  12:00a  13.3   4:59p  48.2   0.0  0.00   1.4  16.0   2:35a     N
29  25.0  31.1   3:42p  16.7   1:11a  40.0   0.0  0.00   1.6  21.0   8:47a    SE
30  30.3  34.7  12:16p  24.7   4:48a  34.7   0.0  0.00   0.0   2.0   1:03a     W
31  33.7  36.2  11:49a  31.8  10:26p  31.3   0.0  0.00   0.3   9.0   2:23p   WNW
----------------------------------------------------------------------------------
    37.0  65.5    24    13.3    28   867.6   0.0  0.00   0.9  23.0    24     WSW

Max >=  80.0:  0
Max <=  32.0:  2
Min <=  32.0: 18
Min <=   0.0:  0
Max Rain: 0.00 on day 0
Days of Rain: 0 (>= 0.01 in)  0 (>= 0.10 in)  0 (>= 1.00 in)
Heat Base: 65.0  Cool Base: 65.0  Method: Integration