NOAA-Style Climate Reports


Report for 2015 November
                   Monthly Climatological Summary for Nov 2015

Name: Old Pump Road Wx   City: Jericho   State: Vermont
Elevation: 646 ft  Lat: N 44° 30' 34"   Lon: W 072° 59' 42"

                  Temperature (°F), Rain (in), Wind Speed (mph)

                                      Heat  Cool        Avg
    Mean                              Deg   Deg         Wind                 Dom
Day Temp  High   Time   Low    Time   Days  Days  Rain  Speed High   Time    Dir
----------------------------------------------------------------------------------
 1  46.6  54.1   5:48p  37.3  12:03a  19.1   0.0 87.42   1.2  16.0  11:34a   SSW
 2  47.8  53.5   2:03p  35.9  11:40p  17.2   0.0131.24   0.9  14.0   1:42a   WNW
 3  48.5  62.6   3:08p  36.5  12:00a  16.5   0.0  8.78   0.5   9.0   7:45p   WNW
 4  45.7  62.2   2:51p  32.1   6:10a  19.3   0.0  0.00   0.1   5.0   2:02p   WSW
 5  57.2  69.8   1:51p  42.3   5:02a   8.4   0.6  0.00   0.3   8.0  11:02p   SSW
 6  62.4  68.8   1:00p  56.0  11:59p   2.8   0.2  0.00   2.0  24.0   1:41p   SSW
 7  47.6  56.0  12:00a  41.4  11:58p  17.4   0.0  0.00   2.8  22.0   1:51a   WNW
 8  37.1  44.7   2:03p  27.6  10:42p  27.6   0.0  0.00   2.1  13.0  11:03a    NW
 9  36.6  52.5   1:46p  26.1   6:09a  28.3   0.0  0.00   0.3  10.0   1:23p     S
10  40.6  58.3   1:16p  26.0   6:50a  24.2   0.0  0.00   0.3   4.0  12:30p   SSE
11  44.7  53.6   1:46p  37.3  10:36p  20.3   0.0  0.00   0.2   5.0  11:02a   WNW
12  45.7  52.7   7:53p  36.9   4:50a  19.3   0.0  0.00   0.9  13.0   8:26p   SSE
13  44.7  47.5   2:43a  39.0  11:57p  20.3   0.0  0.00   1.4  20.0   7:06p     W
14  32.6  39.0  12:00a  29.6   5:17a  32.4   0.0  0.00   3.6  20.0   4:19a   WNW
15  37.9  46.5   2:30p  27.8   1:14a  27.0   0.0  0.00   0.2   7.0  11:07a     S
16  38.6  44.0  11:27a  26.0  11:39p  26.4   0.0  0.00   1.7  17.0  10:03a    NW
17  28.3  41.9   2:30p  19.2   6:22a  36.6   0.0  0.00   0.1   5.0  12:07p   WSW
18  37.1  50.2   1:53p  20.6   2:21a  27.9   0.0  0.00   1.0  17.0  10:45a   SSE
19  51.1  53.1   7:23a  47.5   2:18a  13.9   0.0  0.00   2.4  21.0   5:22p    SE
20  43.6  50.5   1:47a  27.3  11:47p  21.4   0.0  0.00   1.8  16.0   7:23a   WNW
21  33.2  41.0   2:48p  23.4   6:39a  31.5   0.0  0.00   0.5  14.0   9:12p    SE
22  41.2  47.7  12:10p  29.3  11:58p  23.8   0.0  0.00   2.4  19.0   6:53a     W
23  26.8  30.1   2:24p  21.6  11:58p  38.2   0.0  0.00   2.3  16.0  10:29a    NW
24  25.2  31.6  11:08a  16.2   3:19a  39.6   0.0  0.00   0.2   5.0   4:35p    SW
25  31.6  41.6   2:16p  22.8   3:32a  33.4   0.0  0.00   0.4  14.0  10:54p   SSE
26  46.2  50.3   4:51p  39.9  12:19a  18.8   0.0  0.00   3.6  23.0   2:12p   SSE
27  52.9  59.0   4:56p  36.3  11:58p  12.1   0.0  0.00   5.1  22.0   7:48a   SSE
28  29.7  36.3  12:00a  27.2   7:32p  34.6   0.0  0.00   3.0  14.0   1:50a    NW
29  25.8  31.4   1:01p  18.8   6:51a  39.1   0.0  0.00   0.5   9.0   4:03p   NNW
30  21.9  30.9   1:52p  12.5   6:53a  43.1   0.0  0.00   0.3  11.0   1:25p     S
----------------------------------------------------------------------------------
    40.3  69.8     5    12.5    30   740.5   0.8227.44   1.5  24.0     6     WSW

Max >=  80.0:  0
Max <=  32.0:  4
Min <=  32.0: 17
Min <=   0.0:  0
Max Rain: 131.24 on day 2
Days of Rain: 3 (>= 0.01 in)  3 (>= 0.10 in)  3 (>= 1.00 in)
Heat Base: 65.0  Cool Base: 65.0  Method: Integration