NOAA-Style Climate Reports


Report for 2015 October
                   Monthly Climatological Summary for Oct 2015

Name: Old Pump Road Wx   City: Jericho   State: Vermont
Elevation: 646 ft  Lat: N 44° 30' 34"   Lon: W 072° 59' 42"

                  Temperature (°F), Rain (in), Wind Speed (mph)

                                      Heat  Cool        Avg
    Mean                              Deg   Deg         Wind                 Dom
Day Temp  High   Time   Low    Time   Days  Days  Rain  Speed High   Time    Dir
----------------------------------------------------------------------------------
 1  46.6  54.7   3:04p  40.6  11:07p  18.4   0.0 92.54   2.1  16.0   1:13p    NW
 2  43.5  51.4   1:56p  32.9   6:55a  21.5   0.0  0.09   1.8  15.0  12:36p   NNW
 3  44.3  56.8   4:04p  35.1   7:17a  20.7   0.0  0.00   1.0  14.0   3:25p   NNE
 4  43.7  61.0   4:35p  30.7   7:08a  21.3   0.0  0.00   0.3   7.0   9:59a    SE
 5  45.2  62.0   5:03p  29.9   5:37a  19.8   0.0  0.00   0.3   7.0  12:55p     W
 6  50.2  58.5   3:30p  43.3   3:59a  14.8   0.0  0.00   0.3   7.0   3:33p   NNW
 7  53.7  64.2   2:53p  47.5   7:12a  11.3   0.0  0.62   0.8  17.0   2:32p   WNW
 8  43.4  54.5   4:13p  32.1   7:15a  21.6   0.0  0.00   0.7  11.0  12:14a    NW
 9  46.5  58.2   4:21p  38.0   3:08a  18.5   0.0  0.00   1.3  15.0   7:43p    NW
10  42.2  50.1   3:59p  34.5  11:18p  22.8   0.0  0.00   1.3  13.0   4:21a    NW
11  50.0  63.4   3:44p  34.8  12:00a  15.0   0.0  0.00   0.7  12.0  12:30p     S
12  56.4  73.6   2:23p  42.4   7:02a  10.3   1.7  0.00   0.6  13.0   3:37p     S
13  57.5  66.4  11:55a  51.0   6:30a   7.5   0.0  0.00   0.7  17.0   6:31p     S
14  49.3  54.4   9:31a  36.5  11:58p  15.7   0.0  0.00   1.2  12.0   3:53p    NW
15  43.7  58.1   3:17p  29.0   6:53a  21.3   0.0  0.00   0.8  16.0  10:15p     S
16  44.7  50.3   3:47p  35.2  11:05p  20.3   0.0  0.00   1.2  19.0   5:25a   WNW
17  36.5  40.9   3:22p  28.5  10:32p  28.5   0.0  0.01   1.3  16.0   9:01a    NW
18  29.3  36.2   1:43p  23.4   5:23a  35.7   0.0  0.00   1.0  15.0   2:18p    NW
19  32.3  44.0   8:46p  17.2   7:20a  32.7   0.0  0.00   0.9  14.0   9:00p   SSE
20  50.4  61.6   2:51p  40.7   2:36a  14.6   0.0  0.18   1.1  17.0  12:57a     S
21  46.7  52.7   1:52p  42.8  11:04p  18.3   0.0 26.64   0.5   6.0   3:01a   WNW
22  54.9  65.6   3:54p  43.0  12:00a  10.1   0.0  0.01   2.2  20.0   6:06p     W
23  36.6  46.5  12:00a  25.9  11:52p  28.4   0.0  0.20   3.0  20.0  12:26a    NW
24  38.0  50.3   2:56p  23.6   7:07a  27.0   0.0  2.71   1.2  17.0   9:12p   SSE
25  47.7  54.7  12:28p  39.7  11:59p  17.3   0.0  0.00   2.9  22.0   1:23a   WSW
26  37.1  44.0   3:10p  26.1  11:59p  27.8   0.0  1.96   0.9  12.0   2:28a    NW
27  33.4  48.9   3:17p  22.3   7:54a  31.6   0.0 64.66   0.2   6.0   2:34p   WSW
28  40.3  52.9  11:10p  26.9   4:15a  24.7   0.0 84.43   2.4  29.0   7:03p    SE
29  53.3  62.1  12:32p  44.3  11:09p  11.6   0.0 12.05   3.1  21.0   6:50p     W
30  39.3  48.2   4:56a  27.0  11:58p  25.7   0.0  0.49   2.9  21.0  10:31a   WNW
31  34.2  46.2   1:20p  22.6   7:39a  30.8   0.0124.22   0.2   4.0  11:08a    SW
----------------------------------------------------------------------------------
    44.2  73.6    12    17.2    19   645.6   1.7410.81   1.2  29.0    28     WNW

Max >=  80.0:  0
Max <=  32.0:  0
Min <=  32.0: 13
Min <=   0.0:  0
Max Rain: 124.22 on day 31
Days of Rain: 15 (>= 0.01 in)  12 (>= 0.10 in)  8 (>= 1.00 in)
Heat Base: 65.0  Cool Base: 65.0  Method: Integration