NOAA-Style Climate Reports


Report for 2015 September
                   Monthly Climatological Summary for Sep 2015

Name: Old Pump Road Wx   City: Jericho   State: Vermont
Elevation: 646 ft  Lat: N 44° 30' 34"   Lon: W 072° 59' 42"

                  Temperature (°F), Rain (in), Wind Speed (mph)

                                      Heat  Cool        Avg
    Mean                              Deg   Deg         Wind                 Dom
Day Temp  High   Time   Low    Time   Days  Days  Rain  Speed High   Time    Dir
----------------------------------------------------------------------------------
 1  67.0  83.6   5:17p  56.4   5:56a   3.0   5.1  0.00   0.3   5.0  12:25p    SW
 2  68.8  84.8   4:57p  54.9   4:57a   2.9   6.8  0.00   0.4   9.0  12:43p     W
 3  68.4  87.0   5:17p  46.0   6:24a   1.3   4.7  0.04   0.8  12.0   3:15p    NW
 4  62.2  78.4   5:00p  46.1   6:30a   6.8   4.0  0.00   2.1   9.0   3:10p   WNW
 5  65.4  85.6   5:00p  50.3   6:00a   5.3   5.7  0.01   1.5   6.0  11:10a   SSW
 6  69.4  87.0   5:20p  54.6   6:10a   3.1   7.5  0.00   1.9   9.0   2:20p   SSW
 7  74.1  89.6   4:01p  61.9   3:40a   0.7   9.7  0.03   1.4  13.0   4:09p    SW
 8  73.9  82.9   4:31p  68.5  11:57p   0.0   8.9  0.36   0.3  11.0   1:10a    NW
 9  72.5  88.1   2:13p  63.3  11:39p   0.0   7.5  0.04   0.8  19.0   4:11p   SSW
10  65.2  72.7   3:18p  60.9   6:40a   1.5   1.7  0.01   0.3   5.0  12:04p   WNW
11  63.7  74.4   4:19p  53.5  11:54p   3.7   2.4  0.01   0.8  10.0   2:35p   WNW
12  62.1  76.3   2:17p  49.5   6:01a   5.5   2.6  0.04   0.3   7.0  11:40a   WNW
13  62.4  70.8   2:29p  57.9  11:53p   3.3   0.8  0.28   1.3  20.0  11:20a   SSE
14  57.5  60.9   2:53p  54.3   7:58a   7.5   0.0  0.26   0.3  12.0   4:41p   WNW
15  62.9  77.5   4:01p  51.4   6:38a   5.2   3.2  0.01   0.8  10.0  12:26p   WNW
16  65.7  84.1   5:26p  52.6   6:59a   4.3   5.0  0.00   0.3   8.0   2:29p   WSW
17  66.9  83.8   5:26p  54.2   6:47a   3.4   5.4  0.00   0.3   6.0  12:51p    SW
18  66.5  82.8   3:38p  53.8   6:33a   4.0   5.5  0.00   0.5   9.0   1:42p     S
19  69.1  82.1   3:07p  56.5   3:18a   2.2   6.4 34.20   2.6  17.0   2:06p   SSE
20  54.3  66.1  12:33a  41.0  11:56p  10.7   0.0  0.10   4.0  24.0   1:54a    NW
21  51.3  68.1   3:10p  35.3   6:50a  13.8   0.3 50.41   0.7   6.0  12:50p    SW
22  55.5  71.7   4:02p  44.5  11:58p  10.5   1.0174.18   0.3   8.0  12:35p     S
23  55.6  73.7   4:39p  39.6   6:28a  11.1   1.8149.00   0.5  10.0   1:35p   WNW
24  56.0  68.5   1:04p  44.4  11:48p   9.5   0.6  0.00   1.2  12.0  12:43p    NW
25  49.1  64.7   1:56p  38.2   7:04a  15.9   0.0  0.00   0.5   8.0   5:27p   WNW
26  47.5  67.5   4:03p  31.5   6:28a  17.6   0.1  0.00   0.4   6.0  12:51p   WNW
27  52.7  71.5   3:47p  37.2   2:07a  13.5   1.2  0.00   0.6  10.0  11:46a   SSW
28  62.8  72.3   1:42p  47.4  12:00a   3.8   1.6  4.55   0.9  12.0  10:52a   SSE
29  66.2  71.0   1:34p  57.8  11:35p   0.6   1.8 43.81   0.8  13.0   9:40p     S
30  51.0  57.9  12:00a  45.1  11:17p  14.0   0.0 62.20   2.6  17.0   3:49p    NW
----------------------------------------------------------------------------------
    62.2  89.6     7    31.5    26   184.7 101.3519.54   1.1  24.0    20     WSW

Max >=  80.0: 12
Max <=  32.0:  0
Min <=  32.0:  1
Min <=   0.0:  0
Max Rain: 174.18 on day 22
Days of Rain: 19 (>= 0.01 in)  11 (>= 0.10 in)  7 (>= 1.00 in)
Heat Base: 65.0  Cool Base: 65.0  Method: Integration