NOAA-Style Climate Reports


Report for 2015 August
                   Monthly Climatological Summary for Aug 2015

Name: Old Pump Road Wx   City: Jericho   State: Vermont
Elevation: 646 ft  Lat: N 44° 30' 34"   Lon: W 072° 59' 42"

                  Temperature (°F), Rain (in), Wind Speed (mph)

                                      Heat  Cool        Avg
    Mean                              Deg   Deg         Wind                 Dom
Day Temp  High   Time   Low    Time   Days  Days  Rain  Speed High   Time    Dir
----------------------------------------------------------------------------------
 1  66.8  77.4   4:29p  58.2  11:58p   2.3   4.1  0.00   1.2  25.0  12:22p   WNW
 2  67.9  80.5   6:15p  53.0   5:58a   3.1   6.0  0.00   0.7  11.0   3:54p     S
 3  73.6  83.9   1:08p  62.8  11:55p   0.1   8.7  0.00   1.1  17.0  10:30a     S
 4  66.4  76.7   5:59p  57.8   5:36a   2.1   3.5  0.00   0.6  11.0  10:06a     W
 5  64.4  75.1   2:49p  57.1   6:37a   2.9   2.3  0.00   1.4  18.0  12:13p   WNW
 6  63.8  71.1   6:07p  55.3   2:28a   2.6   1.4  0.00   1.9  17.0  11:51a   WNW
 7  61.2  72.2   2:50p  51.1   6:15a   5.3   1.6  0.00   1.8  10.0   5:36p    NW
 8  59.7  71.1  11:30a  46.1   6:00a   6.7   1.5  0.00   1.4  10.0   1:00p    NW
 9  65.6  79.2   5:58p  52.6   5:07a   4.3   4.9  0.00   0.7  11.0   1:31p   WNW
10  69.2  82.8   2:57p  54.6   4:47a   2.8   7.0  0.00   0.6  14.0   2:42p     S
11  66.9  73.7   4:59p  61.4   8:01a   0.9   2.8  0.00   0.5  10.0   2:21a     S
12  65.5  72.6   2:53p  58.8  10:05p   1.1   1.6  0.00   0.9  15.0   5:49p   WNW
13  64.1  74.8   5:39p  56.1  11:58p   3.0   2.0  0.00   0.7  10.0  10:29a   WNW
14  66.0  80.3   2:22p  50.8   5:30a   4.0   5.0  0.00   0.5  12.0  11:32a     S
15  70.6  80.2   2:22p  65.2   1:43a   0.0   5.6  0.00   0.2   5.0   1:35p     W
16  71.6  85.9   6:30p  61.1   4:47a   0.7   7.3  0.00   0.3   6.0  11:43a   WSW
17  74.1  88.5   5:02p  61.3   6:37a   0.6   9.7  0.00   0.4   8.0   2:30p   SSW
18  74.4  90.0   4:22p  62.2   6:16a   0.4   9.8  0.05   0.3   9.0   2:08p    SW
19  76.0  88.0   2:19p  64.5   6:18a   0.0  11.0  0.03   0.6  10.0   2:31p    SW
20  77.8  85.9   3:06p  69.8   6:30a   0.0  12.8  0.12   2.0  19.0   3:36p   SSE
21  69.5  79.8   4:00p  56.5   6:20a   0.5   5.0  0.77   1.7  18.0  12:36a     W
22  65.6  77.9   3:36p  56.5   6:30a   3.3   3.9  0.00   0.8   8.0  12:27p    NW
23  67.0  83.1   4:55p  52.8   6:11a   3.5   5.5  0.00   0.3   7.0   1:49p    NW
24  71.9  83.3   5:41p  61.2   6:17a   0.5   7.4  0.00   1.0  12.0   1:44p   SSW
25  68.3  77.9   3:42p  59.7   7:12a   0.9   4.2  0.00   0.7  15.0   8:03p    NW
26  65.3  73.7   1:43p  56.0   6:36a   2.1   2.4  0.00   0.7  12.0   1:01p   WNW
27  60.8  70.6   4:55p  53.8  11:57p   4.9   0.7  0.02   0.9  10.0  12:38p   WNW
28  61.4  75.7   5:55p  50.3   6:49a   5.8   2.2  0.01   0.5   8.0  10:50a   WNW
29  62.8  76.8   2:42p  49.6   5:29a   5.2   3.0  0.01   0.2   7.0  12:48p   SSW
30  67.3  78.0   5:18p  58.0   6:14a   2.0   4.3  0.00   0.3   8.0  12:56p     W
31  67.2  78.9   3:58p  56.5   5:06a   2.4   4.6  0.00   1.1  14.0  12:26p   WNW
----------------------------------------------------------------------------------
    67.5  90.0    18    46.1     8    74.0 151.8  1.01   0.9  25.0     1       W

Max >=  80.0: 12
Max <=  32.0:  0
Min <=  32.0:  0
Min <=   0.0:  0
Max Rain: 0.77 on day 21
Days of Rain: 7 (>= 0.01 in)  2 (>= 0.10 in)  0 (>= 1.00 in)
Heat Base: 65.0  Cool Base: 65.0  Method: Integration