NOAA-Style Climate Reports


Report for 2015 July
                   Monthly Climatological Summary for Jul 2015

Name: Old Pump Road Wx   City: Jericho   State: Vermont
Elevation: 646 ft  Lat: N 44° 30' 34"   Lon: W 072° 59' 42"

                  Temperature (°F), Rain (in), Wind Speed (mph)

                                      Heat  Cool        Avg
    Mean                              Deg   Deg         Wind                 Dom
Day Temp  High   Time   Low    Time   Days  Days  Rain  Speed High   Time    Dir
----------------------------------------------------------------------------------
 1  65.6  73.1   4:28p  60.0  11:37p   0.6   1.2  0.99   0.9  11.0  12:14a     S
 2  61.9  72.0   6:09p  48.5  11:59p   4.8   1.7  0.04   1.8  13.0   9:22a   WNW
 3  61.1  77.4   5:10p  43.4   5:41a   7.3   3.3  0.02   0.6  10.0  12:35p     W
 4  61.4  73.7   3:37p  49.8   3:49a   5.9   2.3  0.09   0.4  13.0   6:26p   SSW
 5  65.9  78.4   5:36p  53.3   5:17a   3.7   4.6  0.02   0.8  10.0   2:09p   WNW
 6  68.5  83.0   3:28p  53.9   4:51a   3.1   6.7  0.02   0.5   7.0   2:25p   WSW
 7  73.5  82.0   3:42p  59.2   1:22a   0.8   9.3  0.00   1.1  12.0   2:13p   SSE
 8  64.6  74.5  12:02a  53.2  11:56p   2.7   2.3  0.00   2.0  22.0   5:29a    NW
 9  62.8  74.6   1:51p  50.9   4:07a   4.6   2.4  0.01   0.3   7.0   1:23p   SSW
10  67.9  79.0   5:26p  56.6   6:05a   2.2   5.1  0.00   1.4  13.0  12:44p   WNW
11  69.4  83.6   4:16p  53.9   5:18a   3.1   7.6  0.13   0.7   8.0  11:20a     W
12  72.6  84.1   2:37p  60.3   5:34a   0.8   8.4  0.03   0.8   9.0   3:03p   WNW
13  73.8  85.7   3:43p  62.8   3:44a   0.3   9.0  0.05   0.5  11.0   3:37p     S
14  72.3  83.2  12:54p  62.8   6:13a   0.2   7.5  0.05   0.6  12.0   9:49a     S
15  60.1  68.8  12:30a  49.2  11:56p   5.5   0.6  0.00   2.5  17.0   3:14a    NW
16  57.6  70.7   5:58p  43.0   5:29a   8.6   1.2  0.00   1.2  13.0  11:29a    NW
17  62.1  76.4   1:09p  43.6   4:59a   6.6   3.7  0.01   0.6  10.0   4:32p   SSW
18  70.8  83.4   4:16p  62.6  12:00a   0.4   6.2  0.00   0.8  11.0   1:49p     S
19  72.9  87.7   3:26p  63.0   6:05a   0.2   8.1  0.04   0.4   9.0   1:30p   SSW
20  72.7  84.3   4:01p  61.7  11:55p   0.3   8.0  0.31   1.0  13.0   9:57a     W
21  67.6  81.4  12:16p  57.1   5:03a   2.1   4.6  0.00   0.6  24.0   2:05p    SW
22  62.8  72.4   3:06p  53.6   5:58a   3.8   1.5  0.00   1.0  16.0   4:06p   WNW
23  64.2  73.9   4:58p  56.8  11:59p   3.1   2.3  0.00   0.9  15.0  10:53a   WNW
24  61.4  71.6   4:42p  52.9   3:54a   4.9   1.4  0.01   0.6  12.0   3:15p    NW
25  66.4  82.0   4:14p  51.3   5:51a   3.9   5.3  0.05   0.4   7.0  11:11a    SW
26  71.1  84.0   3:28p  63.6  12:50a   0.2   6.3  0.00   0.3   7.0   8:06a     S
27  71.8  85.3   3:47p  60.2   4:50a   0.9   7.7  0.01   0.4   8.0   1:36p   WSW
28  73.7  87.8   5:55p  60.7   5:57a   0.4   9.2  0.06   0.5  13.0  12:55a     W
29  74.9  91.5   4:02p  62.2   5:49a   0.3  10.2  0.07   0.4   8.0   6:11p    SW
30  72.3  81.9   6:09p  63.4   5:46a   0.1   7.5  0.00   0.4  10.0   3:10p     S
31  67.9  83.3   6:31p  58.1   5:26a   2.1   5.0  0.00   1.0  14.0   9:36a   WNW
----------------------------------------------------------------------------------
    67.5  91.5    29    43.0    16    83.5 160.2  2.01   0.8  24.0    21       W

Max >=  80.0: 17
Max <=  32.0:  0
Min <=  32.0:  0
Min <=   0.0:  0
Max Rain: 0.99 on day 1
Days of Rain: 19 (>= 0.01 in)  3 (>= 0.10 in)  0 (>= 1.00 in)
Heat Base: 65.0  Cool Base: 65.0  Method: Integration