NOAA-Style Climate Reports


Report for 2015 June
                   Monthly Climatological Summary for Jun 2015

Name: Old Pump Road Wx   City: Jericho   State: Vermont
Elevation: 646 ft  Lat: N 44° 30' 34"   Lon: W 072° 59' 42"

                  Temperature (°F), Rain (in), Wind Speed (mph)

                                      Heat  Cool        Avg
    Mean                              Deg   Deg         Wind                 Dom
Day Temp  High   Time   Low    Time   Days  Days  Rain  Speed High   Time    Dir
----------------------------------------------------------------------------------
 1  49.9  54.5   3:28p  46.5   4:35a  15.1   0.0  0.00   0.2   6.0   3:57p    SE
 2  50.5  58.1   2:22p  40.1  11:59p  14.5   0.0  0.03   0.9  12.0   6:45p     W
 3  49.1  63.6   5:31p  36.4   2:41a  15.8   0.0  0.01   1.1  10.0   6:00p   WNW
 4  58.6  78.0   5:46p  37.5   5:10a   9.6   3.2  0.02   0.7  10.0  12:36p    SW
 5  63.1  74.1   4:51p  53.3   1:30a   3.5   1.7  0.52   0.8  12.0  11:19a    SW
 6  54.8  62.9   5:00p  40.7  11:59p  10.2   0.0  0.00   2.8  20.0  11:52a    NW
 7  56.8  73.6   4:53p  35.2   5:30a  10.0   1.9  0.01   0.9  13.0  11:41p     S
 8  63.1  66.9   8:49p  56.5   9:39a   2.2   0.3  0.21   2.4  27.0  12:09p   SSE
 9  64.3  75.3   3:27p  57.9  11:58p   2.0   1.4  0.54   0.7  14.0  11:04p   WNW
10  66.6  77.5   3:41p  55.3   3:39a   2.8   4.3  0.08   1.0  13.0   5:43p     S
11  69.3  76.1   1:34p  56.8  11:55p   0.6   4.9  0.02   2.6  16.0   2:28p     W
12  62.9  72.9  11:31a  55.5  12:50a   3.5   1.5  0.00   0.5  12.0   6:43p   NNW
13  66.1  77.0   2:35p  57.1   5:32a   2.8   4.0  0.04   1.7  15.0   4:12p   WNW
14  63.5  75.3   2:00p  51.2   5:26a   4.8   3.2  0.14   0.8  10.0  12:00p   WNW
15  62.0  66.6  12:09p  57.3  12:00a   3.0   0.1  0.00   0.9  13.0  11:38a   SSE
16  64.3  74.5   5:35p  58.1   5:28a   2.1   1.4  0.00   0.9  12.0   8:11p   WNW
17  60.5  72.8   6:43p  46.4   5:49a   5.9   1.5  0.00   1.3  15.0  12:53a    NW
18  65.0  78.3   3:07p  50.4   2:47a   4.4   4.4  0.16   1.4  15.0   7:54p     S
19  59.8  65.6   5:16p  45.7  11:53p   5.2   0.0  0.36   1.9  13.0   4:31p    NW
20  62.0  78.5   5:10p  40.4   4:44a   7.4   4.4  0.07   1.1  15.0  12:13p     S
21  68.3  79.2   3:23p  62.9   3:16a   0.5   3.8  1.96   0.4  11.0   6:15p     W
22  67.3  79.0   6:27p  58.3  11:45p   1.7   4.0  0.54   0.9  11.0  12:56a    NW
23  68.3  83.8   4:29p  58.2  12:40a   1.8   5.1  0.58   1.8  21.0   8:18p   WSW
24  64.6  74.2   4:21p  56.7  11:56p   2.7   2.3  0.12   2.0  17.0   8:34p    NW
25  61.5  71.2   5:21p  51.9   4:27a   4.9   1.4  0.00   1.2  13.0   3:29p    NW
26  62.6  74.2   3:46p  50.7  11:56p   5.1   2.7  0.00   1.3  14.0   2:14p    NW
27  62.4  75.3   2:23p  45.5   4:44a   5.6   3.0  0.00   0.4  13.0   9:39p     S
28  56.7  64.3  12:00a  53.6  11:41p   8.3   0.0  0.78   0.4  11.0   6:39a   SSE
29  58.6  67.4   3:17p  52.9   2:49a   6.5   0.1  0.15   0.5   9.0  10:56a    NW
30  62.9  78.7   1:10p  49.7   5:27a   4.5   2.4  0.17   0.5  10.0  11:04p     S
----------------------------------------------------------------------------------
    61.5  83.8    23    35.2     7   167.0  63.0  6.51   1.1  27.0     8       W

Max >=  80.0:  1
Max <=  32.0:  0
Min <=  32.0:  0
Min <=   0.0:  0
Max Rain: 1.96 on day 21
Days of Rain: 21 (>= 0.01 in)  13 (>= 0.10 in)  1 (>= 1.00 in)
Heat Base: 65.0  Cool Base: 65.0  Method: Integration