NOAA-Style Climate Reports


Report for 2015 May
                   Monthly Climatological Summary for May 2015

Name: Old Pump Road Wx   City: Jericho   State: Vermont
Elevation: 646 ft  Lat: N 44° 30' 34"   Lon: W 072° 59' 42"

                  Temperature (°F), Rain (in), Wind Speed (mph)

                                      Heat  Cool        Avg
    Mean                              Deg   Deg         Wind                 Dom
Day Temp  High   Time   Low    Time   Days  Days  Rain  Speed High   Time    Dir
----------------------------------------------------------------------------------
 1  53.2  62.6   7:05p  42.0  11:59p  11.8   0.0  0.00   1.0  11.0   3:55p    NW
 2  54.9  72.4   2:47p  34.5   6:02a  11.8   1.8  0.00   1.0  19.0   3:08p   WNW
 3  59.5  76.8   3:07p  39.7   6:05a   8.7   3.3  0.00   0.9  10.0  11:25a     W
 4  66.0  83.6   3:53p  44.7   5:51a   5.6   6.7  0.02   1.7  17.0   4:03p    SW
 5  59.3  68.0   3:02p  45.1  11:58p   6.0   0.3  0.00   2.2  14.0  12:04a    NW
 6  56.9  74.3   4:04p  36.1   6:05a  10.5   2.5  0.00   1.2  12.0  12:00p   WNW
 7  62.6  82.4   5:33p  40.7   5:38a   8.0   5.6  0.00   0.8  16.0  12:23p     W
 8  68.0  87.8   6:04p  44.6   6:01a   5.3   8.4  0.04   0.7   9.0   1:47p    SW
 9  71.2  85.1   5:43p  55.7   6:45a   2.0   8.2  0.05   1.3  19.0  10:12p     S
10  69.5  80.7   3:02p  56.5  11:57p   0.4   5.0  0.42   1.2  13.0  12:12a   SSW
11  55.6  63.2   2:24p  51.9   6:19a   9.3   0.0  1.23   0.4   7.0   2:38p     W
12  63.6  75.2   2:54p  53.8  11:38p   3.6   2.2  0.37   2.7  25.0   4:30p     W
13  49.1  57.3   6:02p  36.7  11:55p  15.9   0.0  0.02   3.3  19.0   5:54a    NW
14  47.5  63.5   6:28p  30.3   5:26a  17.5   0.0  0.00   1.2  14.0   1:37p    NW
15  53.5  71.1   4:02p  32.7   4:49a  12.5   1.0  0.08   0.5   8.0   2:32p   SSW
16  63.4  74.5   2:36p  52.4   3:55a   4.0   2.4  0.10   0.7  11.0  10:19a     S
17  64.4  78.0   5:58p  52.0  11:59p   3.5   2.9  0.00   1.0  12.0   1:55p    NW
18  66.9  84.7   3:38p  47.0   5:19a   4.9   6.7  0.01   1.2  16.0  11:53p   SSE
19  67.6  78.3   4:26p  58.0  11:55p   1.4   4.1  0.03   1.9  22.0   8:40p    SW
20  49.7  58.0  12:00a  36.2  11:58p  15.3   0.0  0.00   4.1  20.0  11:58a   WNW
21  51.5  69.0   5:00p  33.1   4:03a  13.7   0.3  0.00   0.8  11.0   3:24p   SSW
22  48.6  56.3   2:05p  40.0  11:58p  16.4   0.0  0.20   3.0  20.0   4:35p    NW
23  45.0  61.1   6:00p  26.9   5:37a  20.0   0.0  0.01   2.1  16.0   9:56a   WNW
24  60.0  78.7   4:43p  39.0  12:46a   8.4   3.4  0.01   1.0  17.0   5:27p     W
25  60.5  70.3   2:15p  48.9   2:56a   5.5   1.1  0.14   0.2  10.0  11:21a     S
26  71.4  86.4   5:52p  61.2   1:42a   1.0   7.4  0.04   1.1  14.0  11:03a     W
27  73.1  86.8   1:38p  60.9  12:50a   0.3   8.4  0.20   1.3  18.0  12:53p     S
28  65.8  77.4  12:35p  60.0  11:06p   1.2   2.0  0.35   1.0  12.0   4:13p     W
29  65.2  79.9   4:04p  54.4   5:44a   4.1   4.2  0.01   0.4   9.0   1:45p   WSW
30  70.9  85.4   4:02p  55.3   1:40a   1.4   7.4  0.84   1.9  20.0   3:52p   SSE
31  50.5  66.3   1:36a  45.2   8:05a  14.7   0.1  0.26   2.2  18.0   4:53a    NW
----------------------------------------------------------------------------------
    60.2  87.8     8    26.9    23   244.7  95.4  4.43   1.4  25.0    12       W

Max >=  80.0:  9
Max <=  32.0:  0
Min <=  32.0:  2
Min <=   0.0:  0
Max Rain: 1.23 on day 11
Days of Rain: 21 (>= 0.01 in)  10 (>= 0.10 in)  1 (>= 1.00 in)
Heat Base: 65.0  Cool Base: 65.0  Method: Integration