NOAA-Style Climate Reports


Report for 2015 April
                   Monthly Climatological Summary for Apr 2015

Name: Old Pump Road Wx   City: Jericho   State: Vermont
Elevation: 646 ft  Lat: N 44° 30' 34"   Lon: W 072° 59' 42"

                  Temperature (°F), Rain (in), Wind Speed (mph)

                                      Heat  Cool        Avg
    Mean                              Deg   Deg         Wind                 Dom
Day Temp  High   Time   Low    Time   Days  Days  Rain  Speed High   Time    Dir
----------------------------------------------------------------------------------
 1  24.3  35.3   4:48p  12.5   6:42a  40.7   0.0  0.00   1.4  19.0   1:11p    NW
 2  38.9  58.6   5:35p  17.8   3:09a  26.1   0.0  0.00   1.6  21.0  10:19p   SSE
 3  52.3  63.6   4:19p  41.1   7:48a  12.8   0.0  0.00   1.7  17.0  12:04a     W
 4  31.9  45.1   1:37a  25.1  11:04a  33.2   0.0  0.45   3.1  22.0  10:56a    NW
 5  29.6  36.4   4:48p  21.7   1:48a  35.4   0.0  0.00   2.1  20.0   7:46a    NW
 6  30.2  37.3  12:12p  22.2   5:56a  34.8   0.0  0.01   0.3  13.0  12:21p   SSE
 7  34.5  43.0   4:07p  23.4  11:58p  30.5   0.0  0.12   1.6  15.0   3:34p    NW
 8  32.3  44.5   1:56p  20.0   6:25a  32.6   0.0  0.00   0.8  13.0   4:51p    SE
 9  35.2  40.8   3:30p  30.1  12:03a  29.8   0.0  0.09   2.6  21.0  11:42p    SE
10  44.3  52.1   6:13p  35.2   1:20a  20.4   0.0  0.22   2.3  17.0  12:28a     S
11  40.6  47.7   5:06p  28.9  11:58p  24.3   0.0  0.00   3.6  23.0   9:17a   WNW
12  43.9  64.8   5:39p  24.9   6:07a  21.0   0.0  0.00   0.9  14.0   1:07p   WSW
13  55.4  73.5   3:54p  30.2   5:08a  11.6   2.0  0.00   1.9  28.0  10:50p   SSE
14  51.6  63.4  12:00a  35.4  11:56p  13.4   0.0  0.12   3.1  24.0   2:06a   WNW
15  41.7  53.4   3:57p  28.1   6:31a  23.3   0.0  0.00   2.2  21.0  12:44p    NW
16  47.4  65.5   3:34p  24.3   6:26a  17.6   0.0  0.00   1.3  14.0   4:47p     S
17  52.9  65.4   4:42p  43.8   5:05a  12.1   0.0  0.22   1.2  14.0  12:11a   WSW
18  46.2  63.7  12:58p  33.9   6:25a  18.8   0.0  0.00   2.1  24.0   3:59p    NW
19  44.0  55.3   5:38p  36.5   5:47a  21.0   0.0  0.00   1.9  13.0  12:56a    NW
20  46.3  49.6   1:28a  38.0  10:20a  18.7   0.0  0.20   4.3  30.0   2:39p    SE
21  46.4  53.0   6:06p  35.7  11:59p  18.6   0.0  0.61   1.1  17.0  12:02a   SSE
22  42.1  52.6  12:46p  31.8   6:43a  22.9   0.0  0.44   0.6  14.0   1:09p     S
23  37.2  43.5   4:39p  32.3  11:39p  27.8   0.0  0.03   2.1  17.0   4:01p   WNW
24  33.3  35.1   3:02p  30.9   6:36a  31.7   0.0  0.04   2.2  16.0   1:55p   WNW
25  37.3  46.3   5:15p  31.3   6:16a  27.7   0.0  0.02   1.5  15.0   4:56a    NW
26  43.2  50.1   3:37p  36.3   4:09a  21.8   0.0  0.03   1.4  12.0  11:14a    NW
27  42.6  46.1  10:42p  39.3   6:28a  22.4   0.0  0.19   1.9  13.0   8:31p    NW
28  45.8  57.6   6:45p  36.2   6:31a  19.2   0.0  0.01   2.1  16.0  11:06a    NW
29  45.9  60.6   4:56p  31.7   6:29a  19.1   0.0  0.00   1.6  17.0   6:03p   NNW
30  48.7  60.8   4:17p  32.1   3:25a  16.3   0.0  0.00   0.7  10.0  12:12p   WNW
----------------------------------------------------------------------------------
    41.5  73.5    13    12.5     1   705.6   2.0  2.80   1.8  30.0    20       W

Max >=  80.0:  0
Max <=  32.0:  0
Min <=  32.0: 17
Min <=   0.0:  0
Max Rain: 0.61 on day 21
Days of Rain: 16 (>= 0.01 in)  9 (>= 0.10 in)  0 (>= 1.00 in)
Heat Base: 65.0  Cool Base: 65.0  Method: Integration