NOAA-Style Climate Reports


Report for 2015 March
                   Monthly Climatological Summary for Mar 2015

Name: Old Pump Road Wx   City: Jericho   State: Vermont
Elevation: 646 ft  Lat: N 44° 30' 34"   Lon: W 072° 59' 42"

                  Temperature (°F), Rain (in), Wind Speed (mph)

                                      Heat  Cool        Avg
    Mean                              Deg   Deg         Wind                 Dom
Day Temp  High   Time   Low    Time   Days  Days  Rain  Speed High   Time    Dir
----------------------------------------------------------------------------------
 1  14.2  29.9  12:21p  -6.3   5:05a  50.8   0.0  0.00   1.0  16.0   6:26p     S
 2  21.2  28.3   1:30p   6.7  11:58p  43.4   0.0  0.00   2.3  27.0   2:58p   WNW
 3  16.0  28.2   1:08p  -4.7   6:33a  49.0   0.0  0.00   1.2  25.0  10:58p   SSE
 4  32.2  38.6   2:11p  27.4  12:00a  32.8   0.0  0.05   2.6  21.0  12:24a     W
 5  11.2  28.1  12:00a  -9.0  11:59p  53.8   0.0  0.00   2.5  17.0  12:27a    NW
 6   7.6  25.6   3:43p -14.7   6:13a  57.4   0.0  0.00   0.7  11.0  12:05p   SSW
 7  21.1  31.9   1:39p   4.6   5:55a  43.9   0.0  0.00   0.7  13.0   2:35p     S
 8  26.3  34.7   2:13p  19.0   4:32a  37.1   0.0  0.00   0.6  14.0   5:25p     W
 9  31.2  40.9   4:36p  25.1   4:30a  33.8   0.0  0.07   1.1  17.0  12:48p   WNW
10  39.3  50.9   3:54p  26.4  12:03a  25.7   0.0  0.00   1.8  21.0   1:09p   SSE
11  42.2  47.9   1:32p  32.6   9:09p  22.8   0.0  0.00   2.0  20.0   1:39p     W
12  23.7  38.6  12:13a  11.1  11:46p  41.4   0.0  0.00   5.1  24.0   2:44a    NW
13  20.4  31.5   2:20p   5.5   6:10a  44.6   0.0  0.00   0.3   7.0   2:07p    SW
14  34.7  42.5  11:28a  26.9  12:00a  30.3   0.0  0.06   0.7  13.0   3:39p    SE
15  28.1  34.9  12:00a  17.7  11:59p  36.9   0.0  0.19   2.0  22.0   4:38p    NW
16  26.9  42.3   4:50p   9.3   7:13a  38.1   0.0  0.04   0.2   7.0  12:50p    SW
17  29.8  35.7  12:02p  20.3  11:58p  35.2   0.0  0.10   3.3  29.0   5:09p    NW
18  15.7  20.3  12:00a   7.0  11:56p  49.3   0.0  0.00   5.5  26.0   3:26p    NW
19  13.1  25.7   5:09p  -0.9   6:34a  51.9   0.0  0.00   2.0  21.0   9:25a    NW
20  23.0  38.7   3:14p   6.5   5:06a  42.0   0.0  0.00   0.8  14.0   1:26p   SSW
21  31.7  39.6   1:21p  20.5  11:59p  33.3   0.0  0.02   1.7  25.0  11:48p   WSW
22  11.8  20.5  12:00a   5.9   9:14a  53.2   0.0  0.00   4.5  25.0  12:02a    NW
23  11.4  19.4   4:08p   4.0   7:02a  53.6   0.0  0.00   2.8  19.0   2:32a    NW
24  19.5  37.3   5:09p   2.6   6:24a  45.4   0.0  0.00   0.7   9.0  11:50a    NW
25  31.6  51.2   4:20p  11.3   6:47a  33.4   0.0  0.01   1.5  22.0   7:07p   SSE
26  39.2  45.6  10:20a  32.7  10:24p  25.8   0.0  0.40   1.0  15.0  12:17a     S
27  32.0  35.9   1:45p  26.7  11:51p  33.0   0.0  0.09   0.8  12.0  10:46p    NW
28  21.7  26.7  12:00a  11.6  11:56p  43.3   0.0  0.00   2.9  16.0   2:57p    NW
29  24.7  41.1   5:21p   6.7   6:38a  40.3   0.0  0.00   0.7  12.0   1:27p    SW
30  35.3  38.5   6:09p  32.2  11:59p  29.6   0.0  0.00   2.3  20.0   6:05a     S
31  30.6  37.3   3:05p  20.2  11:59p  34.4   0.0  0.01   2.4  14.0   3:57a    NW
----------------------------------------------------------------------------------
    24.8  51.2    25   -14.7     6  1245.5   0.0  1.04   1.9  29.0    17     WNW

Max >=  80.0:  0
Max <=  32.0: 12
Min <=  32.0: 28
Min <=   0.0:  5
Max Rain: 0.40 on day 26
Days of Rain: 11 (>= 0.01 in)  3 (>= 0.10 in)  0 (>= 1.00 in)
Heat Base: 65.0  Cool Base: 65.0  Method: Integration