NOAA-Style Climate Reports


Report for 2015 February
                   Monthly Climatological Summary for Feb 2015

Name: Old Pump Road Wx   City: Jericho   State: Vermont
Elevation: 646 ft  Lat: N 44° 30' 34"   Lon: W 072° 59' 42"

                  Temperature (°F), Rain (in), Wind Speed (mph)

                                      Heat  Cool        Avg
    Mean                              Deg   Deg         Wind                 Dom
Day Temp  High   Time   Low    Time   Days  Days  Rain  Speed High   Time    Dir
----------------------------------------------------------------------------------
 1   0.8   8.6   2:12p -12.4  11:01p  63.8   0.0  0.00   0.7  13.0   9:46a   NNW
 2  -1.7   3.0   1:21p  -9.8  12:00a  66.7   0.0  0.00   0.0   2.0   7:46a   WNW
 3   3.9  16.4   8:30p -17.2   7:30a  60.8   0.0  0.00   0.0   0.0  12:00a   ---
 4  22.9  29.0   7:16p  15.7   1:22a  41.9   0.0  0.00   1.1  17.0   1:44p   SSE
 5   7.4  25.3  12:00a -13.5  11:58p  57.5   0.0  0.00   2.0  15.0   5:00a    NW
 6   2.4  16.3  10:57p -17.3   6:10a  62.4   0.0  0.00   0.3   8.0  11:55a     S
 7  12.9  19.8  12:19p   7.1  11:44p  52.1   0.0  0.00   0.4   6.0   3:34p   NNW
 8   6.6   8.5  11:10a   5.1   4:17p  58.4   0.0  0.00   0.0   2.0  12:23a    NW
 9  12.2  16.8   2:17p   7.4  12:00a  52.8   0.0  0.00   0.0   0.0  12:00a   ---
10  12.1  18.7   3:24p  -0.4  11:59p  52.9   0.0  0.00   0.0   0.0  12:00a   ---
11   6.1  21.7   4:06p  -9.9   7:29a  58.9   0.0  0.00   0.1   5.0   1:11p     W
12  16.6  27.4   1:52p   2.2  11:58p  48.4   0.0  0.00   1.1  14.0   7:41p    NW
13  -5.3   4.0   3:12p -17.3  11:23p  70.3   0.0  0.00   1.5  14.0   3:54a    NW
14   3.7  17.9   2:11p -17.9  12:40a  61.3   0.0  0.00   0.1   7.0  12:47p   SSE
15  -2.0  11.6  12:04a -10.3  11:53p  67.0   0.0  0.00   3.9  21.0   4:11p    NW
16  -7.2   5.7   2:41p -18.7   7:17a  71.8   0.0  0.00   0.8  16.0  12:23p    NW
17  -2.3  16.6   2:29p -19.2   5:57a  67.1   0.0  0.00   0.1   5.0  12:18p    SW
18  10.0  25.9   2:39p -11.5   6:31a  55.1   0.0  0.00   0.3  10.0   1:32p    SW
19  10.3  15.7  12:00a  -1.2  11:54p  54.7   0.0  0.00   1.7  16.0   5:12p   WNW
20   0.5  12.3   3:57p  -9.9  11:26p  64.5   0.0  0.00   1.6  19.0   2:47a   WNW
21   8.7  20.9  11:48p -12.9   2:03a  56.3   0.0  0.00   0.9  18.0   2:20p     S
22  23.6  31.4  12:32p  15.5   4:12a  41.4   0.0  0.03   0.3   8.0  12:24a     W
23   0.5  23.8   1:40a -21.6  11:55p  64.5   0.0  0.00   2.7  22.0   2:11a    NW
24   0.4  16.3   9:33p -23.7   2:38a  64.2   0.0  0.00   1.1  22.0  11:20p     S
25  17.0  27.4  11:48a   7.4   5:11a  48.0   0.0  0.00   2.0  19.0   2:29p     W
26   4.0  11.6   1:50p  -6.1   6:34a  61.0   0.0  0.00   0.6  10.0   2:54p    NW
27   3.0  18.9   3:29p -12.8   6:13a  61.9   0.0  0.00   0.4   9.0  11:37a   WNW
28   6.6  25.0   3:37p -11.4   5:51a  58.4   0.0  0.00   0.4  11.0  12:38p   WSW
----------------------------------------------------------------------------------
     6.2  31.4    22   -23.7    24  1644.1   0.0  0.03   0.9  22.0    23     WNW

Max >=  80.0:  0
Max <=  32.0: 28
Min <=  32.0: 28
Min <=   0.0: 21
Max Rain: 0.03 on day 22
Days of Rain: 1 (>= 0.01 in)  0 (>= 0.10 in)  0 (>= 1.00 in)
Heat Base: 65.0  Cool Base: 65.0  Method: Integration