NOAA-Style Climate Reports


Report for 2015 January
                   Monthly Climatological Summary for Jan 2015

Name: Old Pump Road Wx   City: Jericho   State: Vermont
Elevation: 646 ft  Lat: N 44° 30' 34"   Lon: W 072° 59' 42"

                  Temperature (°F), Rain (in), Wind Speed (mph)

                                      Heat  Cool        Avg
    Mean                              Deg   Deg         Wind                 Dom
Day Temp  High   Time   Low    Time   Days  Days  Rain  Speed High   Time    Dir
----------------------------------------------------------------------------------
 1  22.6  27.6  11:57p  17.7   3:08a  42.4   0.0  0.00   1.8  20.0  10:48a     S
 2  21.7  28.8   3:36a  12.0  11:46p  43.3   0.0  0.00   2.4  18.0   3:11p   WNW
 3  14.7  28.3  11:58p   3.0   6:46a  50.3   0.0  0.00   0.9  20.0   9:16p    SE
 4  38.0  45.6   6:46p  28.3  12:00a  27.0   0.0  0.19   1.3  23.0  11:18p    SW
 5  17.1  38.8  12:00a   0.9  11:55p  47.9   0.0  0.00   5.6  32.0   2:05a   WNW
 6   8.6  13.5   2:37p   0.0   6:05a  56.2   0.0  0.00   0.6  13.0  10:42p     S
 7   5.3  15.9  11:05a -12.2  11:52p  59.7   0.0  0.00   3.4  20.0   1:28p   WNW
 8  -0.5  15.0  11:21p -17.3   6:34a  65.5   0.0  0.00   1.1  20.0  11:07p   SSE
 9  17.2  21.9  11:11a  13.2   5:24a  47.3   0.0  0.00   2.3  20.0   4:03a     S
10  14.0  18.1   1:16p  11.3   5:15a  51.0   0.0  0.00   1.2  15.0  11:18a   WSW
11  17.6  26.0  11:58p   9.0   7:25a  47.4   0.0  0.00   1.0  12.0   9:14a     S
12  26.6  30.6   2:35p  13.6  11:59p  38.4   0.0  0.00   1.7  18.0   9:45p   WNW
13  -2.7  13.6  12:00a -12.6  11:58p  67.7   0.0  0.01   1.0  16.0  12:18a   NNW
14   0.4  21.0   2:36p -14.8   5:58a  64.6   0.0  0.02   0.2   8.0   1:00p   SSW
15   9.9  22.5   1:24p  -5.8   7:44a  55.0   0.0  0.00   0.2   9.0  11:56p   WSW
16  15.2  23.8   6:01a   1.7  11:55p  49.7   0.0  0.00   3.2  23.0  12:47p   WNW
17   3.7  23.6  11:57p -13.2   7:52a  61.3   0.0  0.00   0.5  23.0  11:48p   SSW
18  32.6  40.1   2:40p  23.4  12:03a  32.4   0.0  0.29   2.1  27.0   1:23a   SSE
19  29.5  34.0  10:18a  16.6  11:58p  35.4   0.0  0.03   1.0  13.0   6:16p   WNW
20  11.6  19.8   2:21p   1.4  11:56p  53.4   0.0  0.00   0.9  14.0  12:26p    NW
21   7.7  22.5   1:52p  -5.6   6:59a  57.3   0.0  0.00   0.1   3.0  10:51a   SSE
22  11.2  26.4   1:22p  -1.4   7:43a  53.8   0.0  0.00   0.2   5.0   2:57p   WNW
23  19.4  27.7  12:34p   6.7   1:40a  45.6   0.0  0.00   0.5  12.0   6:30p   SSE
24  25.2  36.2   2:23p  14.1   6:07a  39.3   0.0  0.02   0.2   7.0   5:22p    NW
25  13.0  28.7   4:55a  -2.6  10:28p  52.0   0.0  0.00   2.1  21.0   5:25a    NW
26   1.1  14.6   3:08p -11.7   7:45a  63.9   0.0  0.00   0.2   5.0  11:17a    NW
27   5.9   9.1   8:19a   3.5   1:41a  59.1   0.0  0.00   2.3  21.0   5:00p    NW
28   6.4  16.2   2:43p  -2.5  11:59p  58.6   0.0  0.00   0.9  12.0  12:22a   NNW
29  13.8  32.0   8:51p  -8.8   6:46a  51.2   0.0  0.00   0.3  13.0   8:49p   SSW
30  18.8  28.0   9:53a   2.4  11:58p  46.2   0.0  0.00   2.4  19.0   7:16p    NW
31  -2.3   5.7   2:41p  -8.8   7:33a  67.3   0.0  0.00   1.4  18.0  12:37a   NNW
----------------------------------------------------------------------------------
    13.7  45.6     4   -17.3     8  1590.2   0.0  0.56   1.4  32.0     5       W

Max >=  80.0:  0
Max <=  32.0: 26
Min <=  32.0: 31
Min <=   0.0: 14
Max Rain: 0.29 on day 18
Days of Rain: 6 (>= 0.01 in)  2 (>= 0.10 in)  0 (>= 1.00 in)
Heat Base: 65.0  Cool Base: 65.0  Method: Integration